NOAA-Style Climate Reports

Select a Year or Month report
2022: Sty Lut Mar Kwi Maj Cze Lip Sie Wrz Paź Lis Gru
2021: Sty Lut Mar Kwi Maj Cze Lip Sie Wrz Paź Lis Gru
2020: Sty Lut Mar Kwi Maj Cze Lip Sie Wrz Paź Lis Gru
2019: Sty Lut Mar Kwi Maj Cze Lip Sie Wrz Paź Lis Gru
2018: Sty Lut Mar Kwi Maj Cze Lip Sie Wrz Paź Lis Gru
2017: Sty Lut Mar Kwi Maj Cze Lip Sie Wrz Paź Lis Gru

Report for 2021 Grudzień
                   Monthly Climatological Summary for gru 2021

Name: Meteo Cholowice   City: Cholowice   State: Cholowice
Elevation: 184 m  Lat: N 49° 45' 49"   Lon: E 022° 34' 57"

                  Temperature (°C), Rain (mm), Wind Speed (km/h)

                                      Heat  Cool        Avg
    Mean                              Deg   Deg         Wind                 Dom
Day Temp  High   Time   Low    Time   Days  Days  Rain  Speed High   Time    Dir
----------------------------------------------------------------------------------
 1   2,9   7,0   23:45   0,9   09:12  15,0   0,0   0,0   2,6  30,0   23:06     N
 2   6,7   8,9   11:37   4,1   23:53  11,6   0,0   0,0   4,7  26,0   03:53     N
 3   0,1   4,1   00:00  -5,0   23:53  17,6   0,0   0,0   0,4  11,0   12:41   NNE
 4  -3,2   2,6   11:14  -8,8   05:50  20,9   0,0   0,0  ----  12,0   11:44   NNE
 5   0,0   2,1   12:12  -2,9   00:02  17,8   0,0   0,0  ----   4,0   12:37    NE
 6   0,7   1,2   14:33   0,3   02:35  16,7   0,0   0,0  ----   7,0   20:39     N
 7  -0,4   0,8   10:24  -2,6   23:54  18,0   0,0   0,0  ----   7,0   23:56     N
 8  -3,8  -2,3   12:44  -5,2   06:42  21,5   0,0   0,0  ----  10,0   23:00     N
 9  -3,0  -0,8   23:25  -5,0   06:15  20,7   0,0   0,0  ----  11,0   23:19     N
10  -0,1   1,2   13:10  -1,6   23:53  17,9   0,0   0,0  ----  12,0   04:24     N
11  -1,4   1,5   12:26  -7,1   07:31  19,2   0,0   0,0  ----   7,0   03:06     N
12  -0,1   1,2   10:59  -1,6   21:02  17,9   0,0   0,0  ----  12,0   20:35     N
13  -1,9  -0,9   09:48  -2,6   16:00  19,6   0,0   0,0  ----  13,0   11:48     N
14  -3,2  -0,9   11:55  -9,3   23:05  20,9   0,0   0,0  ----  10,0   09:30     N
15  -1,4   1,3   11:57  -9,2   00:44  19,2   0,0   0,0  ----   6,0   11:27     N
16   2,7   4,9   18:53   0,5   00:00  15,1   0,0   0,0  ----  15,0   22:26     N
17   3,0   4,1   02:07   1,0   22:49  14,9   0,0   0,0  ----  22,0   19:55   NNE
18   2,0   2,9   23:48   1,4   00:00  15,9   0,0   0,0  ----  18,0   18:54     N
19   3,7   5,0   11:47   1,4   23:24  14,2   0,0   0,0  ----  24,0   03:49     N
20  -0,3   1,5   00:00  -5,5   21:22  18,1   0,0   0,0  ----  26,0   15:06     N
21  -6,9  -2,6   10:08 -13,2   20:37  24,6   0,0   0,0  ----   0,0   00:00   ---
22  -4,3  -1,1   13:04  -9,4   00:00  22,0   0,0   0,0  ----   0,0   00:00   ---
23  -5,4  -1,3   12:23 -12,5   06:17  20,9   0,0   0,0  ----  31,0   19:01     N
24   0,3   3,8   23:18  -3,3   03:04  17,5   0,0   0,0  ----  25,0   08:13     N
25  -2,4   3,3   00:00 -11,2   23:51  20,2   0,0   0,0  ----  19,0   00:24     N
26 -11,5  -6,6   11:28 -14,7   06:47  29,0   0,0   0,0  ----   0,0   00:00   ---
27  -5,3  -3,2   16:01  -8,7   00:00  23,0   0,0   0,0  ----   0,0   00:00   ---
28  -3,8  -2,8   14:13  -4,9   20:22  21,5   0,0   0,0  ----   0,0   00:00   ---
29  -2,2  -0,5   14:07  -4,6   03:47  20,0   0,0   0,0  ----   0,0   00:00   ---
30   1,7   4,8   12:19  -2,1   03:15  16,1   0,0   0,0  ----  21,0   23:16     N
31   4,9   6,4   23:05   3,3   01:12  13,1   0,0   0,0  ----  22,0   12:19     N
----------------------------------------------------------------------------------
    -1,0   8,9     2   -14,7    26   580,6   0,0   0,0   3,3  31,0    23       N

Max >=  27,0:  0
Max <=   0,0: 11
Min <=   0,0: 23
Min <= -18,0:  0
Max Rain: 0,0 on day 0
Days of Rain: 0 (>= 0,2 mm)  0 (>= 2,0 mm)  0 (>= 20,0 mm)
Heat Base: 18,3  Cool Base: 18,3  Method: Integration