NOAA-Style Climate Reports

Select a Year or Month report
2022: Sty Lut Mar Kwi Maj Cze Lip Sie Wrz Paź Lis Gru
2021: Sty Lut Mar Kwi Maj Cze Lip Sie Wrz Paź Lis Gru
2020: Sty Lut Mar Kwi Maj Cze Lip Sie Wrz Paź Lis Gru
2019: Sty Lut Mar Kwi Maj Cze Lip Sie Wrz Paź Lis Gru
2018: Sty Lut Mar Kwi Maj Cze Lip Sie Wrz Paź Lis Gru
2017: Sty Lut Mar Kwi Maj Cze Lip Sie Wrz Paź Lis Gru

Report for 2021 Październik
                   Monthly Climatological Summary for paŸ 2021

Name: Meteo Cholowice   City: Cholowice   State: Cholowice
Elevation: 184 m  Lat: N 49° 45' 49"   Lon: E 022° 34' 57"

                  Temperature (°C), Rain (mm), Wind Speed (km/h)

                                      Heat  Cool        Avg
    Mean                              Deg   Deg         Wind                 Dom
Day Temp  High   Time   Low    Time   Days  Days  Rain  Speed High   Time    Dir
----------------------------------------------------------------------------------
 3   8,9  10,5   08:40   7,8   06:24   3,4   0,0   0,0  ----   7,0   05:25    NE
 4  13,7  22,0   12:05   0,0   06:26   3,9   0,6   0,0   1,5  18,0   11:53     N
 5  11,4  18,8   13:32   5,7   04:54   6,9   0,0   0,0   1,1  15,0   14:23     N
 6  10,7  17,9   12:11   4,4   06:37   7,6   0,0   0,0   1,0  13,0   11:58   NNE
 7   9,1  15,0   12:10   4,6   22:00   9,2   0,0   0,0   2,5  16,0   12:33   NNE
 8   5,9  13,6   12:20   0,6   06:32  12,0   0,0   0,0   2,3  21,0   12:33   NNE
 9   3,4  12,8   13:19  -2,3   06:05  14,6   0,0   0,0   1,4  18,0   14:45     E
10   3,2  13,3   13:47  -3,3   06:57  14,7   0,0   0,0   1,4  19,0   12:31   NNE
11   4,9  12,3   13:19  -1,4   03:41  13,1   0,0   0,0   0,4   7,0   11:44   NNE
12   5,9  11,8   12:37   1,4   21:09  12,1   0,0   0,0   0,6  10,0   12:00   NNE
13   4,3   9,3   12:14   0,3   23:46  13,6   0,0   0,0   0,9  13,0   13:38   NNE
14   3,9  11,7   12:40  -0,7   22:36  14,1   0,0   0,0   0,5  12,0   12:02   NNE
15   5,3  15,3   12:17  -0,6   00:26  12,6   0,0   0,0   1,4  14,0   11:51   NNE
16   8,4  12,0   13:29   4,3   00:00   9,7   0,0   0,0   2,1  18,0   12:38   NNE
17   6,5  13,3   12:49   1,3   20:22  11,5   0,0   0,0  ----  10,0   11:48   NNE
18   7,0  10,2   13:23   3,3   07:17  11,0   0,0   0,0  ----  12,0   13:36   NNE
19  11,5  16,9   13:28   8,5   00:00   6,6   0,0   0,0  ----  14,0   16:29   NNE
20  13,4  17,5   12:32  10,4   00:07   4,7   0,0   0,0  ----  38,0   21:02     N
21  15,1  18,6   11:43  12,6   23:49   3,1   0,0   0,0  ----  32,0   11:20     N
22   9,9  16,8   12:25   1,9   23:42   8,2   0,0   0,0  ----  21,0   12:30   NNE
23   7,0  12,5   11:41   1,5   00:44  11,0   0,0   0,0  ----  30,0   09:23   NNE
24   5,1  10,7   12:54  -2,3   23:48  12,8   0,0   0,0  ----  15,0   07:08   NNE
25   2,2  14,9   14:08  -3,8   06:49  15,7   0,0   0,0  ----  12,0   12:12     N
26   2,4  15,5   13:52  -4,6   06:41  15,5   0,0   0,0  ----  10,0   12:41   NNE
27   5,4  16,1   12:17  -1,3   01:16  12,6   0,0   0,0  ----  16,0   13:50   NNE
28   4,2  15,5   14:13  -1,0   07:04  13,7   0,0   0,0  ----   9,0   13:00   ENE
29   4,4  18,3   14:34  -1,9   07:25  13,5   0,0   0,0  ----   9,0   13:46   ENE
30   4,8  19,6   12:57  -1,9   07:14  13,3   0,1   0,0  ----  10,0   14:22     N
31   4,2  19,0   13:08  -2,3   05:35  14,4   0,0   0,0  ----  11,0   12:24   NNE
----------------------------------------------------------------------------------
     7,0  22,0     4    -4,6    26   315,1   0,7   0,0   1,3  38,0    20     NNE

Max >=  27,0:  0
Max <=   0,0:  0
Min <=   0,0: 14
Min <= -18,0:  0
Max Rain: 0,0 on day 0
Days of Rain: 0 (>= 0,2 mm)  0 (>= 2,0 mm)  0 (>= 20,0 mm)
Heat Base: 18,3  Cool Base: 18,3  Method: Integration