NOAA-Style Climate Reports

Select a Year or Month report
2022: Sty Lut Mar Kwi Maj Cze Lip Sie Wrz Paź Lis Gru
2021: Sty Lut Mar Kwi Maj Cze Lip Sie Wrz Paź Lis Gru
2020: Sty Lut Mar Kwi Maj Cze Lip Sie Wrz Paź Lis Gru
2019: Sty Lut Mar Kwi Maj Cze Lip Sie Wrz Paź Lis Gru
2018: Sty Lut Mar Kwi Maj Cze Lip Sie Wrz Paź Lis Gru
2017: Sty Lut Mar Kwi Maj Cze Lip Sie Wrz Paź Lis Gru

Report for 2021 Wrzesień
                   Monthly Climatological Summary for wrz 2021

Name: Meteo Cholowice   City: Cholowice   State: Cholowice
Elevation: 184 m  Lat: N 49° 45' 49"   Lon: E 022° 34' 57"

                  Temperature (°C), Rain (mm), Wind Speed (km/h)

                                      Heat  Cool        Avg
    Mean                              Deg   Deg         Wind                 Dom
Day Temp  High   Time   Low    Time   Days  Days  Rain  Speed High   Time    Dir
----------------------------------------------------------------------------------
 1  15,2  19,2   12:18  13,1   20:44   3,1   0,0   0,0   1,2  16,0   15:25    NE
 2  14,9  21,5   12:08  10,7   21:51   3,7   0,3   0,0   1,5  18,0   11:16    NE
 3  15,3  23,4   11:59  10,2   05:50   3,9   0,9   0,0   1,1  17,0   15:57    NE
 4  13,6  21,2   11:06   7,4   23:50   5,1   0,4   0,0   0,6  12,0   14:59    NE
 5  11,1  20,8   12:20   5,4   22:46   7,3   0,1   0,0   0,8  14,0   11:10   ESE
 6  10,7  20,6   12:24   4,7   06:15   7,8   0,2   0,0   0,8  12,0   14:02    NE
 7  12,4  23,2   12:20   4,8   00:58   6,6   0,7   0,0   0,4   8,0   14:03    NE
 8  14,4  25,4   12:15   7,5   05:53   5,1   1,2   0,0   0,2   7,0   14:51    NE
 9  14,8  26,1   12:13   8,4   23:58   4,9   1,5   0,0   0,4   8,0   12:17   NNE
10  14,1  25,5   12:16   7,0   06:24   5,5   1,3   0,0   0,3   6,0   11:02     E
11  14,6  25,1   12:23   8,5   06:30   5,0   1,3   0,0   0,2   6,0   14:18     N
12  14,9  25,4   12:24   8,5   01:28   4,7   1,3   0,0   0,4  10,0   12:12    NE
13  16,2  22,8   11:00  10,5   02:06   3,1   0,9   0,0   0,3  12,0   11:13    NE
14  16,2  24,2   11:51  10,1   22:28   3,0   0,9   0,0   0,3  10,0   12:15   NNE
15  15,5  23,9   12:12  10,0   06:30   3,9   1,2   0,0   0,7  13,0   15:27     E
16  17,9  25,1   14:28  11,9   00:50   2,2   1,8   0,0   0,1   9,0   10:50   ENE
17  16,4  19,5   12:10  13,8   22:31   2,1   0,2   0,0   1,1  17,0   15:44    NE
18  14,0  15,5   13:16  11,4   23:52   4,3   0,0   0,0   2,1  17,0   16:14   NNE
19   9,2  11,5   00:03   7,9   04:21   9,1   0,0   0,0   1,8  17,0   01:35    NE
20   8,8  10,9   13:39   7,8   23:31   9,5   0,0   0,0   1,3  17,0   13:15    NE
21   9,1  15,4   12:08   3,0   03:44   9,2   0,0   0,0   1,6  20,0   13:45   NNE
22  10,1  13,7   12:55   7,6   00:00   8,2   0,0   0,0   0,7  14,0   14:42    NE
----------------------------------------------------------------------------------
    13,6  26,1     9     3,0    21   117,3  14,2   0,0   0,8  20,0    21      NE

Max >=  27,0:  0
Max <=   0,0:  0
Min <=   0,0:  0
Min <= -18,0:  0
Max Rain: 0,0 on day 0
Days of Rain: 0 (>= 0,2 mm)  0 (>= 2,0 mm)  0 (>= 20,0 mm)
Heat Base: 18,3  Cool Base: 18,3  Method: Integration