NOAA-Style Climate Reports

Select a Year or Month report
2022: Sty Lut Mar Kwi Maj Cze Lip Sie Wrz Paź Lis Gru
2021: Sty Lut Mar Kwi Maj Cze Lip Sie Wrz Paź Lis Gru
2020: Sty Lut Mar Kwi Maj Cze Lip Sie Wrz Paź Lis Gru
2019: Sty Lut Mar Kwi Maj Cze Lip Sie Wrz Paź Lis Gru
2018: Sty Lut Mar Kwi Maj Cze Lip Sie Wrz Paź Lis Gru
2017: Sty Lut Mar Kwi Maj Cze Lip Sie Wrz Paź Lis Gru

Report for 2021 Sierpień
                   Monthly Climatological Summary for sie 2021

Name: Meteo Cholowice   City: Cholowice   State: Cholowice
Elevation: 184 m  Lat: N 49° 45' 49"   Lon: E 022° 34' 57"

                  Temperature (°C), Rain (mm), Wind Speed (km/h)

                                      Heat  Cool        Avg
    Mean                              Deg   Deg         Wind                 Dom
Day Temp  High   Time   Low    Time   Days  Days  Rain  Speed High   Time    Dir
----------------------------------------------------------------------------------
 1  21,7  30,6   11:49  16,0   04:53   0,4   3,8   0,0   0,5  17,0   15:18   ESE
 2  19,2  24,3   15:35  14,5   23:38   0,6   1,5   0,0   0,9  14,0   11:17     N
 3  20,0  27,8   12:30  12,3   04:13   1,6   3,3   0,0   0,4  10,0   15:03     N
 4  19,4  26,9   14:40  13,8   04:56   1,1   2,2   0,0   0,3   9,0   13:34   NNE
 5  20,4  26,8   12:26  16,7   03:38   0,3   2,5   0,0   0,4   9,0   13:56   NNE
 6  17,6  20,2   14:00  13,8   23:40   1,0   0,3   0,0   1,9  23,0   15:52   NNE
 7  20,1  28,2   14:19  10,9   05:19   1,8   3,5   0,0   0,7  10,0   06:58    NE
 8  21,6  30,4   13:24  13,4   05:03   1,2   4,5   0,0   0,4  14,0   09:31     N
 9  21,2  27,5   15:45  16,7   01:01   0,4   3,2   0,0   0,3   9,0   03:28     N
10  22,6  28,1   14:53  15,2   04:30   0,5   4,8   0,0   0,8  10,0   13:11   ENE
11  21,7  28,5   14:21  16,0   03:36   0,7   4,1   0,0   1,1  15,0   14:15     N
12  19,6  27,1   12:06  13,2   23:56   1,8   3,1   0,0   0,6  16,0   12:07     N
13  19,8  28,5   14:31  11,7   05:04   2,6   4,0   0,0   0,6  12,0   11:31    NE
14  22,6  31,4   13:28  13,3   05:21   1,2   5,5   0,0   0,7  12,0   12:07   NNE
15  24,8  33,7   12:26  16,5   05:06   0,3   6,8   0,0   0,6  10,0   10:46   NNE
16  24,5  31,7   15:00  18,4   05:09   0,0   6,2   0,0   1,0  17,0   11:41   NNE
17  16,6  19,1   04:05  11,7   22:11   1,5   0,0   0,0   1,0  28,0   13:22    NE
18  15,3  23,0   14:02  10,1   05:24   3,8   0,9   0,0   0,5  12,0   11:42    NE
19  17,2  25,2   12:15   9,9   05:45   3,1   1,9   0,0   0,6  15,0   12:39   NNE
20  19,1  23,8   16:25  15,4   01:16   1,1   1,9   0,0   0,1   6,0   14:53   NNE
21  19,4  25,4   12:14  14,1   23:40   1,3   2,4   0,0   0,8  17,0   14:32    NE
22  19,0  26,2   12:51  13,0   06:12   1,9   2,6   0,0   0,7  12,0   12:52     E
23  17,4  19,9   15:41  15,0   00:17   1,2   0,3   0,0   0,0   5,0   13:23     E
24  17,2  17,7   00:00  16,9   03:07   0,6   0,0   0,0   1,0  17,0   13:11    NE
25  15,5  22,7   11:12   0,0   09:49   1,8   0,2   0,0   0,7  10,0   12:05    NE
26  14,7  25,8   12:10   7,9   00:00   4,5   0,9   0,0   0,9  16,0   08:32   NNE
27  14,4  18,6   13:11  11,7   01:34   3,9   0,0   0,0   0,0   6,0   15:01   ESE
28  14,9  21,5   11:17  10,2   06:19   3,8   0,3   0,0   0,2   9,0   11:18   ENE
29  13,7  15,0   15:32  11,8   00:00   4,6   0,0   0,0   1,3  14,0   12:26    SE
30  15,4  18,9   15:48  13,1   23:57   2,9   0,0   0,0   0,5  10,0   14:22   ENE
31  15,8  21,3   13:22  12,5   01:29   2,8   0,3   0,0   1,2  12,0   10:12     N
----------------------------------------------------------------------------------
    18,8  33,7    15     0,0    25    54,3  71,0   0,0   0,7  28,0    17      NE

Max >=  27,0: 12
Max <=   0,0:  0
Min <=   0,0:  1
Min <= -18,0:  0
Max Rain: 0,0 on day 0
Days of Rain: 0 (>= 0,2 mm)  0 (>= 2,0 mm)  0 (>= 20,0 mm)
Heat Base: 18,3  Cool Base: 18,3  Method: Integration