NOAA-Style Climate Reports

Select a Year or Month report
2022: Sty Lut Mar Kwi Maj Cze Lip Sie Wrz Paź Lis Gru
2021: Sty Lut Mar Kwi Maj Cze Lip Sie Wrz Paź Lis Gru
2020: Sty Lut Mar Kwi Maj Cze Lip Sie Wrz Paź Lis Gru
2019: Sty Lut Mar Kwi Maj Cze Lip Sie Wrz Paź Lis Gru
2018: Sty Lut Mar Kwi Maj Cze Lip Sie Wrz Paź Lis Gru
2017: Sty Lut Mar Kwi Maj Cze Lip Sie Wrz Paź Lis Gru

Report for 2021 Lipiec
                   Monthly Climatological Summary for lip 2021

Name: Meteo Cholowice   City: Cholowice   State: Cholowice
Elevation: 184 m  Lat: N 49° 45' 49"   Lon: E 022° 34' 57"

                  Temperature (°C), Rain (mm), Wind Speed (km/h)

                                      Heat  Cool        Avg
    Mean                              Deg   Deg         Wind                 Dom
Day Temp  High   Time   Low    Time   Days  Days  Rain  Speed High   Time    Dir
----------------------------------------------------------------------------------
 1  21,6  25,7   16:00  16,0   23:56   0,1   3,4   0,0   1,0  16,0   13:25     N
 2  21,2  27,1   11:33  15,1   01:29   0,7   3,6   0,0   0,9  17,0   13:13     N
 3  18,0  19,0   10:41  16,9   23:58   0,3   0,0   0,0   1,5  18,0   07:23     N
 4  19,4  23,6   13:37  16,2   01:56   0,5   1,6   0,0   0,5  10,0   14:45     N
 5  22,5  30,2   13:38  16,3   05:11   0,3   4,5   0,0   0,2   7,0   12:24     N
 6  23,9  31,5   12:59  16,2   04:06   0,4   6,0   0,0   0,2   9,0   13:26     N
 7  24,9  32,5   11:58  15,9   04:39   0,4   7,0   0,0   0,8   9,0   11:25    NE
 8  25,7  33,0   13:16  17,4   04:27   0,1   7,4   0,0   1,2  14,0   14:18   ENE
 9  26,8  34,7   14:26  18,4   04:38   0,0   8,5   0,0   1,0  14,0   09:19   ESE
10  24,3  28,6   10:04  20,0   03:43   0,0   6,0   0,0   1,1  19,0   06:23     N
11  24,2  30,6   15:08  18,5   23:57   0,0   5,9   0,0   1,0  12,0   13:58    NE
12  22,7  32,7   11:50  16,9   04:09   0,1   4,5   0,0   0,3  15,0   12:58    NE
13  25,3  33,3   14:45  17,7   03:51   0,0   7,0   0,0   0,9  12,0   18:05   ENE
14  26,7  35,4   12:55  18,5   04:32   0,0   7,6   0,0   0,7  11,0   10:20   ESE
15  24,0  32,9   11:21  20,1   23:51   0,0   5,7   0,0   0,5  14,0   14:22   NNE
16  24,6  32,0   14:33  17,5   05:02   0,0   6,3   0,0   0,3   8,0   18:00     N
17  25,7  32,9   14:25  19,4   00:45   0,0   7,4   0,0   0,7  13,0   16:30   NNE
18  24,0  32,0   12:02  19,3   05:01   0,0   5,7   0,0   0,7  18,0   15:29     N
19  21,1  23,8   13:10  19,4   02:24   0,0   2,8   0,0   0,3  10,0   16:21     N
20  19,2  21,9   15:34  17,8   22:52   0,0   0,9   0,0   0,1   9,0   08:29     N
21  19,9  26,3   11:57  14,8   23:38   0,5   2,1   0,0   1,0  19,0   14:12     N
22  19,5  26,7   11:05  13,6   01:01   1,2   2,4   0,0   0,5  13,0   13:13     N
23  21,8  26,5   15:54  16,3   01:58   0,3   2,1   0,0   0,0   5,0   16:20   NNE
24  24,2  26,7   15:34  22,7   06:36   0,0   5,9   0,0   0,5  10,0   14:30   ENE
25  24,6  28,6   14:38  21,4   06:19   0,0   6,3   0,0   0,5  12,0   14:07    NE
26  25,6  29,5   14:01  22,3   04:46   0,0   7,3   0,0   1,1  14,0   17:08     E
27  25,3  33,7   11:59  17,1   23:46   0,0   7,1   0,0   0,5  12,0   12:43   NNE
28  24,5  34,2   13:56  16,1   04:49   0,5   6,6   0,0   0,9  16,0   11:44    NE
29  23,2  29,0   13:50  17,8   23:38   0,0   4,9   0,0   0,8  15,0   15:31     N
30  23,6  32,1   14:15  15,4   04:18   0,5   5,8   0,0   0,6  15,0   12:10    NE
31  21,5  31,8   10:32  15,8   04:55   0,4   3,4   0,0   0,3  38,0   12:23     N
----------------------------------------------------------------------------------
    23,2  35,4    14    13,6    22     6,3 155,7   0,0   0,7  38,0    31     NNE

Max >=  27,0: 22
Max <=   0,0:  0
Min <=   0,0:  0
Min <= -18,0:  0
Max Rain: 0,0 on day 0
Days of Rain: 0 (>= 0,2 mm)  0 (>= 2,0 mm)  0 (>= 20,0 mm)
Heat Base: 18,3  Cool Base: 18,3  Method: Integration