NOAA-Style Climate Reports

Select a Year or Month report
2022: Sty Lut Mar Kwi Maj Cze Lip Sie Wrz Paź Lis Gru
2021: Sty Lut Mar Kwi Maj Cze Lip Sie Wrz Paź Lis Gru
2020: Sty Lut Mar Kwi Maj Cze Lip Sie Wrz Paź Lis Gru
2019: Sty Lut Mar Kwi Maj Cze Lip Sie Wrz Paź Lis Gru
2018: Sty Lut Mar Kwi Maj Cze Lip Sie Wrz Paź Lis Gru
2017: Sty Lut Mar Kwi Maj Cze Lip Sie Wrz Paź Lis Gru

Report for 2021 Czerwiec
                   Monthly Climatological Summary for cze 2021

Name: Meteo Cholowice   City: Cholowice   State: Cholowice
Elevation: 184 m  Lat: N 49° 45' 49"   Lon: E 022° 34' 57"

                  Temperature (°C), Rain (mm), Wind Speed (km/h)

                                      Heat  Cool        Avg
    Mean                              Deg   Deg         Wind                 Dom
Day Temp  High   Time   Low    Time   Days  Days  Rain  Speed High   Time    Dir
----------------------------------------------------------------------------------
 1  13,8  20,9   09:28   7,4   02:45   4,8   0,3   0,0   0,4  10,0   09:57   NNE
 2  13,5  22,3   13:11   5,2   03:28   5,4   0,6   0,0   0,8  11,0   12:47   NNE
 3  16,0  26,0   12:29   6,1   04:58   4,3   2,0   0,0   0,6  11,0   11:59   NNE
 4  17,0  28,3   15:57   6,3   04:30   4,0   2,8   0,0   0,2   8,0   16:08   NNE
 5  15,1  23,6   13:26   9,0   02:56   4,1   0,9   0,0   0,2   7,0   14:25   NNE
 6  18,1  28,4   12:42  10,3   00:23   3,0   2,8   0,0   1,0  16,0   13:22     N
 7  19,5  29,4   11:20  10,2   04:36   2,5   3,7   0,0   1,0  17,0   13:59     N
 8  19,9  30,1   13:04   9,4   04:24   2,6   4,2   0,0   0,9  16,0   12:01     N
 9  18,6  28,9   12:58  11,8   04:28   2,1   2,3   0,0   0,6  21,0   13:23     N
10  19,7  26,6   13:10  12,8   23:57   1,5   2,9   0,0   1,1  16,0   14:16     N
12  20,3  29,4   10:57  10,3   04:24   1,9   3,5   0,0  ----  16,0   12:15     N
13  12,0  14,5   20:57   0,0   17:44   0,8   0,0   0,0  ----  16,0   19:23     N
14  15,6  21,0   14:44  10,1   00:57   3,0   0,3   0,0  ----  17,0   11:38     N
15  18,1  25,2   08:24   9,3   04:50   2,7   2,5   0,0  ----   6,0   17:44    NE
16  20,5  30,7   19:17  10,8   03:44   2,0   4,2   0,0  ----  12,0   13:08   NNE
17  22,3  30,5   08:16  14,9   04:37   0,8   4,8   0,0  ----  10,0   11:46   ENE
18  24,2  31,6   14:02  12,6   04:01   1,3   7,1   0,0  ----  17,0   12:43   ENE
19  22,2  32,2   15:06  14,9   04:33   0,8   4,7   0,0  ----  17,0   15:50     E
20  23,1  32,3   15:15  14,5   03:35   0,8   5,6   0,0  ----  14,0   16:34    NE
21  24,0  30,1   13:10  17,5   04:50   0,1   5,8   0,0  ----  15,0   12:00    NE
22  24,7  33,2   10:32  16,5   04:14   0,2   6,6   0,0  ----  10,0   10:13   NNE
23  26,6  33,5   12:47  18,9   02:16   0,0   8,3   0,0  ----  10,0   07:30     N
24  27,5  35,0   11:50  20,3   04:32   0,0   9,2   0,0  ----  12,0   23:12     N
25  22,1  29,3   13:05  17,9   04:48   0,0   3,8   0,0  ----  21,0   02:00   NNE
26  20,6  26,7   12:08  16,7   21:57   0,2   2,5   0,0  ----  10,0   12:12     N
27  21,9  28,7   11:11  15,9   03:42   0,6   4,2   0,0  ----  14,0   13:16     N
28  21,8  29,5   11:05  14,3   03:59   1,2   4,7   0,0  ----  17,0   15:14     N
29  23,6  30,6   12:44  14,2   04:36   0,6   5,9   0,0  ----  12,0   11:13   NNE
30  23,3  31,6   12:52  18,8   03:49   0,0   5,0   0,0  ----  10,0   14:53    NE
----------------------------------------------------------------------------------
    20,2  35,0    24     0,0    13    51,3 111,2   0,0   0,7  21,0     9       N

Max >=  27,0: 20
Max <=   0,0:  0
Min <=   0,0:  1
Min <= -18,0:  0
Max Rain: 0,0 on day 0
Days of Rain: 0 (>= 0,2 mm)  0 (>= 2,0 mm)  0 (>= 20,0 mm)
Heat Base: 18,3  Cool Base: 18,3  Method: Integration