NOAA-Style Climate Reports

Select a Year or Month report
2022: Sty Lut Mar Kwi Maj Cze Lip Sie Wrz Paź Lis Gru
2021: Sty Lut Mar Kwi Maj Cze Lip Sie Wrz Paź Lis Gru
2020: Sty Lut Mar Kwi Maj Cze Lip Sie Wrz Paź Lis Gru
2019: Sty Lut Mar Kwi Maj Cze Lip Sie Wrz Paź Lis Gru
2018: Sty Lut Mar Kwi Maj Cze Lip Sie Wrz Paź Lis Gru
2017: Sty Lut Mar Kwi Maj Cze Lip Sie Wrz Paź Lis Gru

Report for 2021 Maj
                   Monthly Climatological Summary for maj 2021

Name: Meteo Cholowice   City: Cholowice   State: Cholowice
Elevation: 184 m  Lat: N 49° 45' 49"   Lon: E 022° 34' 57"

                  Temperature (°C), Rain (mm), Wind Speed (km/h)

                                      Heat  Cool        Avg
    Mean                              Deg   Deg         Wind                 Dom
Day Temp  High   Time   Low    Time   Days  Days  Rain  Speed High   Time    Dir
----------------------------------------------------------------------------------
 1  12,6  21,8   14:02   4,7   03:24   5,9   0,2   0,0   0,5  15,0   14:43   NNE
 2  14,3  23,6   14:48   9,3   21:45   4,6   0,6   0,0   4,4  31,0   20:37   NNE
 3   9,7  14,0   14:11   3,1   23:54   8,6   0,0   0,0   6,6  33,0   15:21     N
 4  11,8  20,3   11:24   0,7   04:57   6,7   0,2   0,0   3,3  30,0   16:50     E
 5  15,5  24,2   11:38   6,1   23:28   4,0   1,3   0,0   5,1  28,0   11:55   ENE
 6  11,1  20,0   12:45   4,7   04:43   7,2   0,0   0,0   2,6  20,0   08:40   NNE
 7  11,8  19,3   15:08   6,4   01:18   6,5   0,0   0,0   2,3  28,0   23:57    NE
 8   8,6  15,1   15:06   2,9   23:54   9,7   0,0   0,0   4,3  25,0   00:00     N
 9  12,3  21,8   14:33   1,5   05:21   6,9   0,8   0,0   1,6  13,0   14:41   ENE
10  17,0  28,0   13:55   3,9   04:56   4,7   3,4   0,0   1,8  17,0   09:56     E
11  18,0  28,6   13:48   6,3   04:44   3,7   3,4   0,0   1,9  20,0   15:20     E
12  18,5  27,5   14:49   7,9   04:53   2,9   3,1   0,0   3,1  21,0   13:27     E
13  15,4  23,1   13:43   9,8   05:00   3,5   0,6   0,0   1,0  12,0   13:51   ESE
14  15,3  23,9   12:09   9,3   01:02   3,7   0,6   0,0   2,0  18,0   09:32    NE
15  15,9  23,0   14:38   9,1   23:58   3,1   0,7   0,0   0,9  14,0   07:41     N
16  14,1  20,6   10:35   8,5   01:30   4,3   0,1   0,0   0,1  12,0   12:45   NNE
17  16,6  25,2   13:59   9,1   04:53   3,2   1,5   0,0   0,4  14,0   10:48   NNE
18  12,6  13,7   09:29  11,7   03:20   5,7   0,0   0,0   3,0  20,0   12:57     N
19  12,6  18,5   15:47   8,5   23:56   2,9   0,0   0,0   2,1  16,0   15:44     N
20  12,9  19,5   13:57   6,5   23:53   5,4   0,1   0,0   1,7  21,0   14:00     N
21  15,0  23,9   14:14   4,0   03:53   4,6   1,3   0,0   1,7  16,0   15:16   ENE
22  15,2  22,5   10:11   9,0   23:56   3,5   0,4   0,0   2,8  20,0   13:55     E
23  15,5  22,3   11:08   6,7   04:58   3,8   1,0   0,0   0,7  12,0   19:29     N
24  16,8  23,8   14:57   9,8   03:30   2,8   1,3   0,0   0,6   9,0   06:18   NNE
25  15,6  22,8   12:04  11,4   23:45   3,1   0,6   0,0   0,6  27,0   19:38     N
26  16,1  23,9   14:49   6,5   04:49   3,8   1,7   0,0   0,7  12,0   11:19    NE
27  16,4  26,4   12:30   5,3   04:53   4,2   2,3   0,0   0,9  17,0   15:01     N
28  14,2  20,1   16:26   9,2   23:58   4,2   0,0   0,0   0,1   9,0   10:03     N
29  13,2  19,8   12:45   8,7   02:39   5,1   0,1   0,0   1,2  16,0   13:47     N
30  11,7  14,8   15:41   9,7   04:41   6,6   0,0   0,0   1,1  17,0   12:40     N
31  14,5  21,5   12:34   8,1   23:56   4,0   0,2   0,0   0,7  14,0   13:48     N
----------------------------------------------------------------------------------
    14,2  28,6    11     0,7     4   148,9  25,5   0,0   1,9  33,0     3      NE

Max >=  27,0:  3
Max <=   0,0:  0
Min <=   0,0:  0
Min <= -18,0:  0
Max Rain: 0,0 on day 0
Days of Rain: 0 (>= 0,2 mm)  0 (>= 2,0 mm)  0 (>= 20,0 mm)
Heat Base: 18,3  Cool Base: 18,3  Method: Integration