NOAA-Style Climate Reports

Select a Year or Month report
2021: Sty Lut Mar Kwi Maj Cze Lip Sie Wrz Paź Lis Gru
2020: Sty Lut Mar Kwi Maj Cze Lip Sie Wrz Paź Lis Gru
2019: Sty Lut Mar Kwi Maj Cze Lip Sie Wrz Paź Lis Gru
2018: Sty Lut Mar Kwi Maj Cze Lip Sie Wrz Paź Lis Gru
2017: Sty Lut Mar Kwi Maj Cze Lip Sie Wrz Paź Lis Gru

Report for 2021 Kwiecień
                   Monthly Climatological Summary for kwi 2021

Name: Meteo Cholowice   City: Cholowice   State: Cholowice
Elevation: 184 m  Lat: N 49° 45' 49"   Lon: E 022° 34' 57"

                  Temperature (°C), Rain (mm), Wind Speed (km/h)

                                      Heat  Cool        Avg
    Mean                              Deg   Deg         Wind                 Dom
Day Temp  High   Time   Low    Time   Days  Days  Rain  Speed High   Time    Dir
----------------------------------------------------------------------------------
 4  -1,0  -0,1   00:00  -2,3   01:17   1,1   0,0   0,0  ----   0,0   00:00   ---
 5  10,7  13,4   13:26   0,0   13:07   3,4   0,0   0,0   7,9  27,0   17:01   ESE
 6   2,5   9,2   00:00  -2,8   23:57  15,8   0,0   0,0   3,4  21,0   01:43     N
 7   0,7  10,4   12:30  -6,1   05:28  17,6   0,0   0,0   3,9  28,0   17:24     N
 8   3,1   8,7   12:05  -2,1   04:20  15,2   0,0   0,0   4,6  27,0   09:58     N
 9   5,8  12,5   11:48  -1,9   06:24  12,5   0,0   0,0   4,4  24,0   16:42     E
10  10,4  19,1   12:02   1,1   23:52   7,9   0,0   0,0   4,6  27,0   05:02     E
11   9,6  21,5   12:26  -1,8   05:20   9,0   0,3   0,0   1,7  20,0   11:19   ESE
12  13,5  21,7   13:10   5,8   06:17   5,3   0,4   0,0   1,4  19,0   13:24     E
13   6,1  11,3   01:38   1,7   23:58  12,2   0,0   0,0   5,0  21,0   06:44     N
14   1,8   3,0   13:56   0,9   05:25  16,5   0,0   0,0   4,1  22,0   15:15     N
15   3,5   7,4   13:55   1,5   00:00  14,8   0,0   0,0   2,2  12,0   13:10     N
16   3,0   4,6   13:55   2,0   06:02  15,3   0,0   0,0   2,6  19,0   08:57     N
17   6,1   9,8   14:31   2,8   00:00  12,1   0,0   0,0   1,0  10,0   11:14     N
18   8,3  17,4   18:11   3,4   00:49   7,6   0,0   0,0   0,6  12,0   09:58     N
19   9,8  23,6   14:40   0,0   08:40   3,4   0,1   0,0   0,0   5,0   09:51   ---
20   9,9  17,5   13:43   4,7   05:06   8,4   0,0   0,0   0,7  15,0   16:56     N
21   9,7  19,0   11:34   1,8   03:27   8,6   0,0   0,0   1,7  32,0   18:37   NNE
22   8,0  17,4   11:45   2,0   22:54  10,3   0,0   0,0   1,8  24,0   12:52    NE
23   6,5  13,1   11:46   1,0   05:12  11,8   0,0   0,0   3,0  21,0   16:27     N
24   7,6  14,5   12:46   1,9   04:54  10,7   0,0   0,0   2,8  21,0   08:51     N
25   7,8  13,0   15:00   1,0   23:50  10,5   0,0   0,0   1,5  20,0   14:20     N
26   6,0  14,1   07:25  -2,7   05:15  12,3   0,0   0,0   2,2  24,0   13:25     N
27   6,6  15,4   13:15  -1,4   05:23  11,7   0,0   0,0   1,0  12,0   14:15   NNE
28   8,7  18,2   15:03  -3,8   05:01   9,6   0,0   0,0   1,6  13,0   15:39    NE
29  11,2  19,8   13:47   2,1   03:46   7,1   0,0   0,0   2,4  20,0   19:51     E
30  13,2  20,1   14:15   6,9   22:28   5,2   0,1   0,0   0,9  13,0   15:12   NNE
----------------------------------------------------------------------------------
     7,0  23,6    19    -6,1     7   275,9   0,9   0,0   2,5  32,0    21      NE

Max >=  27,0:  0
Max <=   0,0:  1
Min <=   0,0: 11
Min <= -18,0:  0
Max Rain: 0,0 on day 0
Days of Rain: 0 (>= 0,2 mm)  0 (>= 2,0 mm)  0 (>= 20,0 mm)
Heat Base: 18,3  Cool Base: 18,3  Method: Integration