NOAA-Style Climate Reports

Select a Year or Month report
2021: Sty Lut Mar Kwi Maj Cze Lip Sie Wrz Paź Lis Gru
2020: Sty Lut Mar Kwi Maj Cze Lip Sie Wrz Paź Lis Gru
2019: Sty Lut Mar Kwi Maj Cze Lip Sie Wrz Paź Lis Gru
2018: Sty Lut Mar Kwi Maj Cze Lip Sie Wrz Paź Lis Gru
2017: Sty Lut Mar Kwi Maj Cze Lip Sie Wrz Paź Lis Gru

Report for 2021 Luty
                   Monthly Climatological Summary for lut 2021

Name: Meteo Cholowice   City: Cholowice   State: Cholowice
Elevation: 184 m  Lat: N 49° 45' 49"   Lon: E 022° 34' 57"

                  Temperature (°C), Rain (mm), Wind Speed (km/h)

                                      Heat  Cool        Avg
    Mean                              Deg   Deg         Wind                 Dom
Day Temp  High   Time   Low    Time   Days  Days  Rain  Speed High   Time    Dir
----------------------------------------------------------------------------------
 1  -4,7  -0,2   14:00 -14,5   00:51  23,0   0,0   0,0   1,4  10,0   14:04   ESE
 2   0,5   6,9   11:37  -6,3   06:05  17,8   0,0   0,0   2,2  22,0   22:12    NE
 3   4,7   8,4   12:32   2,3   02:24  13,6   0,0   0,0   4,4  23,0   06:59    NE
 4   4,4   8,5   10:26   0,6   21:33  13,7   0,0   0,0   5,5  36,0   12:31   NNE
 5  -0,5   1,4   13:27  -3,3   17:34  18,8   0,0   0,0   0,6  10,0   13:22   NNE
 6  -1,8   0,4   14:03  -4,0   23:53  20,1   0,0   0,0   2,4  12,0   22:38   NNE
 7  -5,8  -4,0   00:00  -6,8   06:53  24,1   0,0   0,0   4,4  14,0   17:54   ENE
 8  -4,1  -2,4   14:39  -5,3   03:41  22,4   0,0   0,0   3,7  15,0   01:10     E
 9  -4,0   0,8   11:33 -11,6   07:24  22,3   0,0   0,0   2,0  12,0   02:29    NE
10  -3,0   0,1   12:01  -5,1   06:32  21,3   0,0   0,0   1,8  13,0   04:17   NNE
11  -7,3  -3,5   00:00 -11,7   23:59  25,6   0,0   0,0   7,9  31,0   21:04     N
12 -11,1  -6,7   13:05 -14,0   23:35  29,4   0,0   0,0   9,4  32,0   09:12     N
13  -7,7  -2,9   21:24 -14,0   01:25  26,0   0,0   0,0   6,7  25,0   09:22     N
14  -3,5  -2,2   12:10  -4,2   06:07  21,8   0,0   0,0   8,5  26,0   11:56     N
15  -4,8  -2,9   12:41  -7,9   23:32  23,1   0,0   0,0   6,5  24,0   03:36     N
16  -6,2   1,5   12:08 -14,7   06:57  24,5   0,0   0,0   1,3  17,0   22:37     E
17  -0,5   1,6   11:57  -2,1   00:00  18,8   0,0   0,0   1,8  19,0   02:53    NE
18  -2,2   1,4   13:19 -14,2   23:52  20,5   0,0   0,0   0,0   4,0   11:01     N
----------------------------------------------------------------------------------
    -3,2   8,5     4   -14,7    16   386,8   0,0   0,0   3,9  36,0     4     NNE

Max >=  27,0:  0
Max <=   0,0:  8
Min <=   0,0: 16
Min <= -18,0:  0
Max Rain: 0,0 on day 0
Days of Rain: 0 (>= 0,2 mm)  0 (>= 2,0 mm)  0 (>= 20,0 mm)
Heat Base: 18,3  Cool Base: 18,3  Method: Integration