NOAA-Style Climate Reports

Select a Year or Month report
2021: Sty Lut Mar Kwi Maj Cze Lip Sie Wrz Paź Lis Gru
2020: Sty Lut Mar Kwi Maj Cze Lip Sie Wrz Paź Lis Gru
2019: Sty Lut Mar Kwi Maj Cze Lip Sie Wrz Paź Lis Gru
2018: Sty Lut Mar Kwi Maj Cze Lip Sie Wrz Paź Lis Gru
2017: Sty Lut Mar Kwi Maj Cze Lip Sie Wrz Paź Lis Gru

Report for 2021 Styczeń
                   Monthly Climatological Summary for sty 2021

Name: Meteo Cholowice   City: Cholowice   State: Cholowice
Elevation: 184 m  Lat: N 49° 45' 49"   Lon: E 022° 34' 57"

                  Temperature (°C), Rain (mm), Wind Speed (km/h)

                                      Heat  Cool        Avg
    Mean                              Deg   Deg         Wind                 Dom
Day Temp  High   Time   Low    Time   Days  Days  Rain  Speed High   Time    Dir
----------------------------------------------------------------------------------
 1   6,4   6,9   11:05   5,9   06:55   8,7   0,0   0,0  ----   6,0   10:04     E
 2   1,6   8,1   14:09  -2,8   23:48   7,7   0,0   0,0   0,8  17,0   14:08   ESE
 3  -0,3   1,9   11:22  -3,7   04:04  18,6   0,0   0,0   0,4   7,0   13:21   ESE
 4   2,3   4,6   11:38   0,1   00:28  16,0   0,0   0,0   0,0   5,0   13:31   ESE
 5   4,5   5,6   10:15   2,9   21:11  13,8   0,0   0,0   0,7  10,0   14:46     E
 6   2,7   3,3   00:00   1,2   08:08   6,0   0,0   0,0   0,0   3,0   02:45   NNE
 7   0,6   3,0   10:58  -2,9   22:38   9,6   0,0   0,0   2,5  14,0   14:08     N
 8   0,2   2,7   13:18  -1,6   00:00  18,1   0,0   0,0   0,3   9,0   12:34   NNE
 9   0,6   2,3   12:20  -1,2   02:03  17,7   0,0   0,0   2,4  13,0   10:58     N
10   0,0   2,2   10:53  -1,8   07:19  18,3   0,0   0,0   2,3  16,0   10:13     N
11  -1,0   0,9   12:53  -6,7   23:22  19,3   0,0   0,0   0,9   9,0   14:18   ESE
12  -2,6   4,4   11:16  -8,8   07:01  20,9   0,0   0,0   2,0  18,0   11:06   ENE
13  -0,3   1,3   11:44  -1,6   22:41  18,6   0,0   0,0   4,6  24,0   00:07   NNE
14  -1,0   2,2   12:40  -4,2   23:41  19,3   0,0   0,0   2,7  18,0   19:32     N
15  -5,1  -1,9   11:31  -8,2   16:18  23,4   0,0   0,0   3,8  16,0   19:34     N
16  -6,7  -3,8   12:12 -10,5   06:44  25,0   0,0   0,0   3,2  20,0   00:32     N
17  -6,4  -3,7   10:03  -9,9   23:51  24,7   0,0   0,0   3,8  17,0   21:49     N
18 -12,8  -8,4   13:21 -20,6   22:21  31,1   0,0   0,0   3,2  16,0   04:15     N
19  -6,6  -0,8   23:55 -18,6   00:14  24,9   0,0   0,0   2,1  20,0   11:39   NNE
20   1,5   4,5   13:11  -0,9   00:00  16,8   0,0   0,0   3,8  24,0   21:36    NE
21   5,6   9,8   11:31   3,3   00:08  12,6   0,0   0,0   5,0  27,0   04:30   ENE
22   8,3  10,2   11:57   5,3   00:00  10,0   0,0   0,0   6,8  31,0   15:22     E
23   5,3  11,3   13:09   0,4   05:30  13,0   0,0   0,0   1,4  15,0   14:00   ESE
24   5,6  10,0   12:19   2,7   23:51  12,7   0,0   0,0   1,9  20,0   15:51   ENE
25   0,8   2,8   00:00   0,2   19:35  17,4   0,0   0,0   0,3   9,0   11:56     N
26  -0,3   2,4   11:45  -2,2   23:10  18,6   0,0   0,0   1,8  17,0   11:47     N
27  -1,2   1,7   11:27  -4,3   02:14  19,5   0,0   0,0   3,9  16,0   10:49     N
28  -0,9   2,6   11:27  -2,8   06:55  19,2   0,0   0,0   3,0  21,0   23:25   ENE
29  -0,5   2,5   11:50  -5,1   20:23  18,8   0,0   0,0   4,2  19,0   01:37     N
30  -0,6   3,5   13:26  -2,1   00:00  18,9   0,0   0,0   3,9  36,0   16:41     N
31  -4,7   1,1   11:14 -13,8   23:58  23,0   0,0   0,0   1,9  12,0   08:47     N
----------------------------------------------------------------------------------
    -0,2  11,3    23   -20,6    18   542,2   0,0   0,0   2,5  36,0    30     NNE

Max >=  27,0:  0
Max <=   0,0:  5
Min <=   0,0: 22
Min <= -18,0:  2
Max Rain: 0,0 on day 0
Days of Rain: 0 (>= 0,2 mm)  0 (>= 2,0 mm)  0 (>= 20,0 mm)
Heat Base: 18,3  Cool Base: 18,3  Method: Integration