NOAA-Style Climate Reports

Select a Year or Month report
2022: Sty Lut Mar Kwi Maj Cze Lip Sie Wrz Paź Lis Gru
2021: Sty Lut Mar Kwi Maj Cze Lip Sie Wrz Paź Lis Gru
2020: Sty Lut Mar Kwi Maj Cze Lip Sie Wrz Paź Lis Gru
2019: Sty Lut Mar Kwi Maj Cze Lip Sie Wrz Paź Lis Gru
2018: Sty Lut Mar Kwi Maj Cze Lip Sie Wrz Paź Lis Gru
2017: Sty Lut Mar Kwi Maj Cze Lip Sie Wrz Paź Lis Gru

Report for 2021
                   Annual Climatological Summary for 2021

Name: Meteo Cholowice   City: Cholowice   State: Cholowice
Elevation: 184 m  Lat: N 49° 45' 49"   Lon: E 022° 34' 57"

                  Temperature (°C), Heat Base: 18,3  Cool Base: 18,3
                          Dep.  Heat  Cool                       Max  Max  Min  Min
        Mean  Mean        From  Deg   Deg                        >=   <=   <=   <=
 YR MO  Max   Min   Mean  Norm  Days  Days  Hi  Date  Low  Date 27,0  0,0  0,0 -18,0
------------------------------------------------------------------------------------
 21  1   3,0  -3,6  -0,2   0.0   542     0  11,3  23 -20,6   18    0    5   22    2
 21  2   0,6  -8,1  -3,3   0.0   410     0   8,5   4 -17,1   19    0    8   17    0
 21  3
 21  4  13,0   0,5   6,5   0.0   275     0  23,6  19  -6,1    7    0    3   13    0
 21  5  21,7   7,0  14,2   0.0   148    25  28,6  11   0,7    4    3    0    0    0
 21  6  28,3  12,3  20,2   0.0    51   111  35,0  24   0,0   13   20    0    1    0
 21  7  29,6  17,6  23,2   0.0     6   155  35,4  14  13,6   22   22    0    0    0
 21  8  25,0  13,1  18,8   0.0    54    71  33,7  15   0,0   25   12    0    1    0
 21  9  20,9   8,6  13,6   0.0   117    14  26,1   9   3,0   21    0    0    0    0
 21 10  14,9   1,4   7,0   0.0   315     0  22,0   4  -4,6   26    0    0   14    0
 21 11   9,6   0,1   4,3   0.0   409     0  15,9   4  -6,3   25    0    0   14    0
 21 12   1,5  -4,5  -1,0   0.0   580     0   8,9   2 -14,7   26    0   11   23    0
------------------------------------------------------------------------------------
        15,3   4,1   9,4   0.0  2911   379  35,4 lip -20,6  sty   57   27  105    2

                                Precipitation (mm)

              Dep.   Max        Days of Rain
              From   Obs.           >=
 YR MO Total  Norm   Day Date  0,2  2,0 20,0
---------------------------------------------
 21  1   0,0   0.0   0,0   0     0    0    0
 21  2   0,0   0.0   0,0   0     0    0    0
 21  3
 21  4   0,0   0.0   0,0   0     0    0    0
 21  5   0,0   0.0   0,0   0     0    0    0
 21  6   0,0   0.0   0,0   0     0    0    0
 21  7   0,0   0.0   0,0   0     0    0    0
 21  8   0,0   0.0   0,0   0     0    0    0
 21  9   0,0   0.0   0,0   0     0    0    0
 21 10   0,0   0.0   0,0   0     0    0    0
 21 11   0,0   0.0   0,0   0     0    0    0
 21 12   0,0   0.0   0,0   0     0    0    0
---------------------------------------------
         0,0   0.0   0,0  ---    0    0    0

                                Wind Speed (km/h)
                          Dom
 YR MO   Avg.  Hi   Date  Dir
------------------------------
 21  1   2,5  36,0   30   NNE
 21  2   3,7  36,0    4   NNE
 21  3
 21  4   2,5  32,0   21   NNE
 21  5   1,9  33,0    3   NNE
 21  6   0,7  21,0    9     N
 21  7   0,7  38,0   31   NNE
 21  8   0,7  28,0   17   NNE
 21  9   0,8  20,0   21    NE
 21 10   1,3  38,0   20   NNE
 21 11   1,3  25,0    4     N
 21 12   3,3  31,0   23     N
------------------------------
         1,8  38,0  lip   NNE