NOAA-Style Climate Reports

Select a Year or Month report
2021: Sty Lut Mar Kwi Maj Cze Lip Sie Wrz Paź Lis Gru
2020: Sty Lut Mar Kwi Maj Cze Lip Sie Wrz Paź Lis Gru
2019: Sty Lut Mar Kwi Maj Cze Lip Sie Wrz Paź Lis Gru
2018: Sty Lut Mar Kwi Maj Cze Lip Sie Wrz Paź Lis Gru
2017: Sty Lut Mar Kwi Maj Cze Lip Sie Wrz Paź Lis Gru

Report for 2020 Listopad
                   Monthly Climatological Summary for lis 2020

Name: Meteo Cholowice   City: Cholowice   State: Cholowice
Elevation: 184 m  Lat: N 49° 45' 49"   Lon: E 022° 34' 57"

                  Temperature (°C), Rain (mm), Wind Speed (km/h)

                                      Heat  Cool        Avg
    Mean                              Deg   Deg         Wind                 Dom
Day Temp  High   Time   Low    Time   Days  Days  Rain  Speed High   Time    Dir
----------------------------------------------------------------------------------
 1   5,1  11,0   13:33   1,3   19:56  12,8   0,0   0,0   0,3   8,0   11:29   ESE
 2   8,6  14,2   11:57   1,5   01:32   9,4   0,0   0,0   0,8  18,0   09:58   NNE
 3  12,4  15,2   11:56   9,8   04:00   5,9   0,0   0,0   0,4  12,0   09:21     N
 4  12,4  14,7   11:53   8,5   23:11   5,9   0,0   0,0   1,4  18,0   16:47     N
 5   7,1  11,1   11:24   1,4   21:04  11,2   0,0   0,0   0,6  10,0   10:22     N
 6   6,1   9,7   11:06   0,9   01:52  12,2   0,0   0,0   2,1  17,0   14:23     N
 7   7,1   9,3   12:50   2,6   19:54  11,2   0,0   0,0   0,2  10,0   12:09     E
 8   5,4  14,4   11:15   0,9   06:22  12,9   0,0   0,0   0,4  11,0   11:37     N
 9   3,7   5,9   23:33   1,1   00:19  14,6   0,0   0,0   0,0   7,0   13:17   ENE
10   6,4   7,0   12:47   5,9   00:00  11,9   0,0   0,0   1,3  16,0   09:03   ESE
----------------------------------------------------------------------------------
     7,4  15,2     3     0,9     6   108,0   0,0   0,0   0,8  18,0     2     NNE

Max >=  27,0:  0
Max <=   0,0:  0
Min <=   0,0:  0
Min <= -18,0:  0
Max Rain: 0,0 on day 0
Days of Rain: 0 (>= 0,2 mm)  0 (>= 2,0 mm)  0 (>= 20,0 mm)
Heat Base: 18,3  Cool Base: 18,3  Method: Integration