NOAA-Style Climate Reports

Select a Year or Month report
2021: Sty Lut Mar Kwi Maj Cze Lip Sie Wrz Paź Lis Gru
2020: Sty Lut Mar Kwi Maj Cze Lip Sie Wrz Paź Lis Gru
2019: Sty Lut Mar Kwi Maj Cze Lip Sie Wrz Paź Lis Gru
2018: Sty Lut Mar Kwi Maj Cze Lip Sie Wrz Paź Lis Gru
2017: Sty Lut Mar Kwi Maj Cze Lip Sie Wrz Paź Lis Gru

Report for 2020 Wrzesień
                   Monthly Climatological Summary for wrz 2020

Name: Meteo Cholowice   City: Cholowice   State: Cholowice
Elevation: 184 m  Lat: N 49° 45' 49"   Lon: E 022° 34' 57"

                  Temperature (°C), Rain (mm), Wind Speed (km/h)

                                      Heat  Cool        Avg
    Mean                              Deg   Deg         Wind                 Dom
Day Temp  High   Time   Low    Time   Days  Days  Rain  Speed High   Time    Dir
----------------------------------------------------------------------------------
 1  15,9  18,1   15:19  13,4   23:53   2,3   0,0   0,0   1,0  17,0   13:41     E
 2  15,4  19,3   12:44  12,5   01:48   2,9   0,0   0,0   0,5  11,0   13:43     N
 3  12,5  14,1   00:00  11,4   06:19   2,0   0,0   0,0   0,1   5,0   07:23   ESE
 4  19,9  23,7   14:35   0,0   08:42   0,5   1,5   0,0   0,4  10,0   15:39     N
 5  20,1  27,4   12:14  14,2   04:01   1,3   3,0   0,0   0,1   6,0   13:44   ENE
 6  17,7  22,0   14:32  14,3   05:24   1,3   0,7   0,0   0,2   9,0   17:16     N
 7  14,8  16,9   00:01  11,9   22:58   3,4   0,0   0,0   0,5  10,0   08:55     N
 8  14,5  21,3   12:56   9,9   22:47   4,3   0,6   0,0   0,5  10,0   13:27     N
 9  15,8  24,4   13:37   8,5   05:10   3,9   1,5   0,0   0,4  13,0   15:22   NNE
10  17,1  25,7   11:32  10,4   06:31   2,8   1,6   0,0   0,8  13,0   11:12     N
11  16,2  22,9   13:11  10,1   07:27   3,3   1,3   0,0   0,4  11,0   14:18    NE
12  17,8  25,8   14:54  11,5   07:23   2,7   2,1   0,0   0,0   5,0   15:14     E
13  18,9  26,5   12:46  13,4   07:03   1,9   2,5   0,0   0,6  14,0   13:49     N
14  18,5  25,7   13:31  13,6   02:07   2,1   2,3   0,0   0,0   9,0   14:36     N
15  19,0  27,7   13:22  13,3   07:02   1,9   2,6   0,0  ----  10,0   11:58   ENE
16  20,0  29,3   13:29  12,3   06:30   1,8   3,4   0,0  ----   8,0   13:53    NE
17  16,6  24,3   10:29   9,5   23:53   2,6   1,0   0,0  ----  20,0   13:19     N
18  12,1  17,7   10:17   6,9   05:59   6,0   0,0   0,0  ----  14,0   15:06     N
19  12,1  20,1   13:31   5,6   05:27   6,2   0,2   0,0  ----   7,0   13:22   NNE
20  13,0  20,8   14:31   6,5   05:29   5,6   0,4   0,0  ----  10,0   14:39   ESE
21  14,6  25,0   14:27   7,8   06:28   4,9   1,3   0,0  ----  10,0   11:28    NE
22  15,2  24,9   14:06   8,4   06:32   4,5   1,5   0,0  ----  15,0   11:36   NNE
23  16,3  26,1   12:58   8,4   06:03   3,7   1,7   0,0  ----  10,0   13:24     E
24  17,3  25,3   13:27  12,7   23:37   2,4   1,5   0,0  ----  12,0   14:28   NNE
25  18,3  26,2   14:45  10,9   06:29   2,2   2,2   0,0  ----  17,0   13:22   ESE
26  16,7  19,6   11:55  13,8   23:59   1,6   0,1   0,0  ----   7,0   10:39     E
27  11,5  14,8   15:20   8,2   23:37   6,6   0,0   0,0  ----  11,0   04:10   NNE
28  12,1  19,3   14:04   5,6   07:12   6,1   0,0   0,0  ----  13,0   11:45     E
29  14,0  18,3   13:15  11,2   07:02   4,2   0,0   0,0  ----  13,0   16:40     N
30  12,7  13,1   00:00  12,4   11:01   5,4   0,0   0,0  ----  16,0   09:30     N
----------------------------------------------------------------------------------
    15,9  29,3    16     0,0     4   100,4  33,0   0,0   0,4  20,0    17     NNE

Max >=  27,0:  3
Max <=   0,0:  0
Min <=   0,0:  1
Min <= -18,0:  0
Max Rain: 0,0 on day 0
Days of Rain: 0 (>= 0,2 mm)  0 (>= 2,0 mm)  0 (>= 20,0 mm)
Heat Base: 18,3  Cool Base: 18,3  Method: Integration