NOAA-Style Climate Reports

Select a Year or Month report
2021: Sty Lut Mar Kwi Maj Cze Lip Sie Wrz Paź Lis Gru
2020: Sty Lut Mar Kwi Maj Cze Lip Sie Wrz Paź Lis Gru
2019: Sty Lut Mar Kwi Maj Cze Lip Sie Wrz Paź Lis Gru
2018: Sty Lut Mar Kwi Maj Cze Lip Sie Wrz Paź Lis Gru
2017: Sty Lut Mar Kwi Maj Cze Lip Sie Wrz Paź Lis Gru

Report for 2020 Sierpień
                   Monthly Climatological Summary for sie 2020

Name: Meteo Cholowice   City: Cholowice   State: Cholowice
Elevation: 184 m  Lat: N 49° 45' 49"   Lon: E 022° 34' 57"

                  Temperature (°C), Rain (mm), Wind Speed (km/h)

                                      Heat  Cool        Avg
    Mean                              Deg   Deg         Wind                 Dom
Day Temp  High   Time   Low    Time   Days  Days  Rain  Speed High   Time    Dir
----------------------------------------------------------------------------------
 1  17,5  23,1   13:11  11,4   05:16   2,2   1,3   0,0   1,0  16,0   17:14     N
 2  19,4  27,7   12:22  11,7   04:32   2,1   3,2   0,0   0,4  10,0   13:45    NE
 3  21,7  29,8   12:15  12,7   05:01   1,3   4,0   0,0   1,1  12,0   17:08     E
 4  21,5  24,9   18:56   0,0   18:56   0,0   0,7   0,0   0,0   2,0   20:43     E
 5  18,9  19,8   12:27  18,2   07:04   0,0   0,6   0,0   0,0   0,0   00:00   ---
 6  22,5  29,0   15:48  18,5   03:34   0,0   4,1   0,0   0,0   0,0   00:00   ---
 7  23,5  31,2   12:24  16,3   05:38   0,3   5,4   0,0   0,6  13,0   14:07    NE
 8  23,6  32,1   13:24  16,4   05:01   0,3   5,6   0,0   0,4  10,0   11:35   ENE
 9  23,9  31,5   13:48  17,7   05:41   0,0   5,5   0,0   0,6  12,0   18:27    NE
10  21,8  30,2   12:46  17,7   06:33   0,0   3,5   0,0   0,1   7,0   14:08   NNE
11  22,1  30,8   10:47  17,2   05:15   0,1   3,8   0,0   0,1  12,0   14:40     N
12  20,8  27,6   11:15  14,9   23:58   0,8   3,1   0,0   0,6   9,0   13:24     N
13  19,8  27,8   13:55  13,3   06:02   1,7   3,2   0,0  ----   8,0   15:03    NE
14  20,4  28,9   14:31  13,0   05:42   1,6   3,7   0,0  ----  16,0   12:03   ENE
15  20,1  26,8   14:42  14,1   04:59   1,0   2,7   0,0  ----  13,0   08:26    NE
16  21,0  28,1   13:36  14,3   05:18   0,8   3,5   0,0  ----  14,0   14:10   ENE
17  20,2  27,4   11:15  15,2   04:06   0,8   2,6   0,0  ----  12,0   12:21   NNE
18  20,7  27,4   12:15  16,8   05:29   0,3   2,6   0,0  ----  10,0   11:15    NE
19  20,0  24,8   14:06  16,6   23:41   0,1   1,8   0,0  ----  13,0   10:48     N
20  19,4  25,6   14:14  15,0   04:28   1,0   2,0   0,0  ----  10,0   09:05     N
21  21,2  29,6   13:33  14,3   05:52   1,2   4,1   0,0  ----   7,0   09:39    NE
22  22,8  31,6   13:40  15,2   05:15   0,8   5,1   0,0  ----  14,0   12:11    NE
23  19,7  23,7   12:13  17,4   23:52   0,0   1,4   0,0  ----  10,0   13:58     N
24  20,6  26,9   12:55  16,0   05:42   0,4   2,7   0,0  ----  12,0   11:54     N
25  18,5  23,7   14:59  12,9   23:44   0,8   1,0   0,0  ----  12,0   15:36     N
26  19,3  26,6   12:55  11,9   05:59   2,0   3,0   0,0  ----  31,0   11:47    NE
27  18,3  23,7   12:34  15,1   22:54   1,2   1,2   0,0  ----  28,0   13:11     N
28  17,7  24,3   12:54  11,6   05:56   2,3   1,8   0,0  ----  12,0   10:05   NNE
29  20,9  31,2   13:24  11,5   05:18   1,9   4,5   0,0  ----  17,0   13:49     E
30  23,4  33,2   11:41  14,4   05:22   0,7   5,7   0,0  ----  17,0   14:05     E
31  23,1  30,7   10:53  16,8   21:18   0,2   4,8   0,0  ----  17,0   16:02     N
----------------------------------------------------------------------------------
    20,8  33,2    30     0,0     4    25,9  98,2   0,0   0,4  31,0    26      NE

Max >=  27,0: 19
Max <=   0,0:  0
Min <=   0,0:  1
Min <= -18,0:  0
Max Rain: 0,0 on day 0
Days of Rain: 0 (>= 0,2 mm)  0 (>= 2,0 mm)  0 (>= 20,0 mm)
Heat Base: 18,3  Cool Base: 18,3  Method: Integration