NOAA-Style Climate Reports

Select a Year or Month report
2021: Sty Lut Mar Kwi Maj Cze Lip Sie Wrz Paź Lis Gru
2020: Sty Lut Mar Kwi Maj Cze Lip Sie Wrz Paź Lis Gru
2019: Sty Lut Mar Kwi Maj Cze Lip Sie Wrz Paź Lis Gru
2018: Sty Lut Mar Kwi Maj Cze Lip Sie Wrz Paź Lis Gru
2017: Sty Lut Mar Kwi Maj Cze Lip Sie Wrz Paź Lis Gru

Report for 2020 Lipiec
                   Monthly Climatological Summary for lip 2020

Name: Meteo Cholowice   City: Cholowice   State: Cholowice
Elevation: 184 m  Lat: N 49° 45' 49"   Lon: E 022° 34' 57"

                  Temperature (°C), Rain (mm), Wind Speed (km/h)

                                      Heat  Cool        Avg
    Mean                              Deg   Deg         Wind                 Dom
Day Temp  High   Time   Low    Time   Days  Days  Rain  Speed High   Time    Dir
----------------------------------------------------------------------------------
 1  23,7  30,5   10:48  15,2   03:43   0,6   5,9   0,0   1,3  14,0   07:59    NE
 2  23,5  30,7   09:12  19,1   05:08   0,0   5,0   0,0   0,8  12,0   11:10    NE
 3  21,5  28,7   12:39  19,0   04:57   0,0   3,1   0,0   0,3  20,0   15:46     N
 4  21,1  25,9   16:44  16,4   23:52   0,1   2,9   0,0   0,2   6,0   09:33     N
 5  21,7  29,3   15:53  15,0   04:51   0,7   4,1   0,0   0,3  12,0   12:16     N
 6  23,3  32,0   13:26  16,1   05:07   0,3   5,3   0,0   1,0  22,0   20:45   NNE
 7  16,7  20,3   14:35  14,7   21:40   1,7   0,1   0,0   0,8  11,0   07:08     N
 8  16,8  22,8   14:08  10,4   04:28   2,6   1,2   0,0   0,9  15,0   11:32   NNE
 9  17,9  22,7   12:52  14,5   05:45   1,2   0,9   0,0   0,1   6,0   14:38   ENE
10  24,3  30,9   10:11  16,1   05:24   0,4   6,3   0,0   2,1  17,0   14:28   ENE
11  21,7  30,9   11:56  13,8   23:30   1,0   4,4   0,0   1,6  27,0   16:07     N
12  15,3  20,1   17:01  12,1   06:58   3,1   0,2   0,0   0,6  10,0   19:12     N
13  15,3  20,6   13:39  10,7   05:37   3,0   0,1   0,0  ----  19,0   12:35     N
14  16,9  23,0   16:48  12,0   04:04   2,4   1,1   0,0  ----  10,0   10:29    NE
15  18,3  26,2   13:12  11,2   04:38   2,4   2,3   0,0  ----  10,0   13:17   NNE
16  18,9  27,3   10:58  13,3   04:29   1,5   2,1   0,0  ----  12,0   13:43     N
17  18,2  22,0   16:40  15,8   07:26   0,9   0,8   0,0  ----  10,0   16:45     N
18  20,5  27,1   13:16  15,4   04:59   0,7   2,9   0,0  ----  15,0   14:08   NNE
19  20,4  27,8   14:57  16,2   23:50   0,6   2,7   0,0  ----  12,0   18:07     E
20  20,0  27,8   14:59  15,3   01:10   0,9   2,6   0,0  ----  17,0   17:11   ENE
21  20,2  25,6   10:48  15,6   23:56   0,5   2,4   0,0  ----  21,0   13:26     N
22  19,0  25,2   11:20  13,5   23:55   1,5   2,2   0,0  ----  20,0   13:12     N
23  18,8  25,4   11:41  11,5   05:26   1,9   2,4   0,0  ----   9,0   11:08     N
24  21,1  27,1   16:09  15,1   03:49   0,8   3,6   0,0  ----   0,0   00:00   ---
25  22,1  28,8   13:45  15,9   06:52   0,4   4,3   0,0  ----   9,0   12:43     N
26  21,9  29,1   13:59  17,0   05:14   0,1   3,7   0,0  ----   0,0   00:00   ---
27  20,6  25,4   16:50  16,7   23:52   0,1   2,4   0,0  ----  13,0   11:04     N
28  23,1  30,3   12:24  15,6   05:35   0,6   5,4   0,0  ----  14,0   14:46    NE
29  24,2  28,4   12:27  19,0   23:07   0,0   5,9   0,0  ----  17,0   12:45   NNE
30  22,9  30,4   12:07  16,8   04:58   0,2   4,8   0,0  ----  16,0   12:45     N
31  19,4  26,4   14:59  14,2   23:50   1,1   2,2   0,0  ----  16,0   14:41     N
----------------------------------------------------------------------------------
    20,3  32,0     6    10,4     8    31,3  93,3   0,0   0,8  27,0    11     NNE

Max >=  27,0: 17
Max <=   0,0:  0
Min <=   0,0:  0
Min <= -18,0:  0
Max Rain: 0,0 on day 0
Days of Rain: 0 (>= 0,2 mm)  0 (>= 2,0 mm)  0 (>= 20,0 mm)
Heat Base: 18,3  Cool Base: 18,3  Method: Integration