NOAA-Style Climate Reports

Select a Year or Month report
2021: Sty Lut Mar Kwi Maj Cze Lip Sie Wrz Paź Lis Gru
2020: Sty Lut Mar Kwi Maj Cze Lip Sie Wrz Paź Lis Gru
2019: Sty Lut Mar Kwi Maj Cze Lip Sie Wrz Paź Lis Gru
2018: Sty Lut Mar Kwi Maj Cze Lip Sie Wrz Paź Lis Gru
2017: Sty Lut Mar Kwi Maj Cze Lip Sie Wrz Paź Lis Gru

Report for 2020 Czerwiec
                   Monthly Climatological Summary for cze 2020

Name: Meteo Cholowice   City: Cholowice   State: Cholowice
Elevation: 184 m  Lat: N 49° 45' 49"   Lon: E 022° 34' 57"

                  Temperature (°C), Rain (mm), Wind Speed (km/h)

                                      Heat  Cool        Avg
    Mean                              Deg   Deg         Wind                 Dom
Day Temp  High   Time   Low    Time   Days  Days  Rain  Speed High   Time    Dir
----------------------------------------------------------------------------------
 1  14,6  21,4   11:08   9,0   22:40   3,9   0,3   0,0   1,6  24,0   12:22     N
 2  12,6  20,0   09:39   6,8   04:51   5,6   0,0   0,0   1,2  22,0   10:21     N
 3  12,1  16,3   14:20   9,3   23:26   6,1   0,0   0,0   0,6  12,0   13:06     N
 4  15,7  24,0   14:23   8,1   05:52   3,7   1,2   0,0   1,3  20,0   17:12    NE
 5  19,7  25,5   12:27  12,8   00:33   0,8   2,1   0,0   4,0  25,0   13:41     E
 6  22,5  30,6   13:00  15,2   04:49   0,5   4,6   0,0   1,5  17,0   12:08     E
 7  21,7  32,1   12:52  16,9   03:05   0,2   3,5   0,0   1,0  10,0   11:18    NE
 8  19,3  28,6   13:23  16,1   04:41   0,6   1,6   0,0   0,6  16,0   15:18   ENE
 9  17,2  18,5   18:05  16,2   03:15   1,1   0,0   0,0   1,2  11,0   11:27     N
10  18,3  22,7   15:59  15,4   23:35   0,8   0,9   0,0   0,4   9,0   11:58   NNE
11  18,8  28,6   13:08  14,4   05:04   1,5   2,0   0,0   0,5  12,0   15:56    NE
12  22,1  28,6   15:41  15,5   00:57   0,7   4,3   0,0   0,7  10,0   07:56     N
13  24,4  31,4   13:03  18,2   02:57   0,0   6,0   0,0   0,8  10,0   15:21     N
14  19,0  21,8   00:09  16,9   22:50   0,2   0,9   0,0   0,9  10,0   02:18   NNE
15  17,4  18,7   12:00  16,5   04:46   0,9   0,0   0,0   0,4   6,0   14:19   NNE
16  19,3  26,0   16:28  16,3   03:05   0,6   1,6   0,0   0,5  10,0   02:16    NE
17  20,7  26,9   12:45  17,2   00:18   0,2   2,5   0,0   0,5  12,0   16:04   NNE
18  20,8  27,2   13:41  17,0   23:42   0,3   2,6   0,0   1,2  13,0   14:28     E
19  20,2  27,7   13:29  15,8   04:07   0,5   2,3   0,0   0,3  12,0   14:09   NNE
20  19,8  24,9   13:24  17,2   04:59   0,2   1,7   0,0   0,5   9,0   13:25     N
21  20,0  26,7   14:35  17,7   01:00   0,1   1,7   0,0  ----  18,0   13:26     N
22  20,1  23,9   16:55  18,3   04:23   0,0   1,7   0,0  ----  14,0   16:36     N
23  17,0  19,0   00:08  15,9   22:13   1,3   0,0   0,0  ----  17,0   06:28     N
24  17,4  20,1   15:35  15,9   04:31   1,1   0,2   0,0  ----  13,0   11:02     N
25  21,1  27,4   14:21  15,3   04:47   0,7   3,5   0,0  ----  12,0   13:58   ENE
26  21,0  30,4   12:16  16,6   04:31   0,3   3,0   0,0  ----  16,0   13:19     E
27  21,6  29,6   14:22  15,2   03:24   0,7   3,9   0,0  ----  21,0   18:47   ENE
28  23,0  30,5   15:55  16,7   04:41   0,2   4,8   0,0  ----  20,0   17:34     N
29  23,1  31,5   11:19  16,9   04:30   0,2   3,4   0,0  ----  13,0   22:41     N
30  21,4  25,9   15:44  17,4   23:42   0,1   3,1   0,0  ----  23,0   08:09     N
----------------------------------------------------------------------------------
    19,4  32,1     7     6,8     2    33,1  63,4   0,0   1,0  25,0     5      NE

Max >=  27,0: 13
Max <=   0,0:  0
Min <=   0,0:  0
Min <= -18,0:  0
Max Rain: 0,0 on day 0
Days of Rain: 0 (>= 0,2 mm)  0 (>= 2,0 mm)  0 (>= 20,0 mm)
Heat Base: 18,3  Cool Base: 18,3  Method: Integration