NOAA-Style Climate Reports

Select a Year or Month report
2021: Sty Lut Mar Kwi Maj Cze Lip Sie Wrz Paź Lis Gru
2020: Sty Lut Mar Kwi Maj Cze Lip Sie Wrz Paź Lis Gru
2019: Sty Lut Mar Kwi Maj Cze Lip Sie Wrz Paź Lis Gru
2018: Sty Lut Mar Kwi Maj Cze Lip Sie Wrz Paź Lis Gru
2017: Sty Lut Mar Kwi Maj Cze Lip Sie Wrz Paź Lis Gru

Report for 2020 Maj
                   Monthly Climatological Summary for maj 2020

Name: Meteo Cholowice   City: Cholowice   State: Cholowice
Elevation: 184 m  Lat: N 49° 45' 49"   Lon: E 022° 34' 57"

                  Temperature (°C), Rain (mm), Wind Speed (km/h)

                                      Heat  Cool        Avg
    Mean                              Deg   Deg         Wind                 Dom
Day Temp  High   Time   Low    Time   Days  Days  Rain  Speed High   Time    Dir
----------------------------------------------------------------------------------
 1  12,5  20,2   11:53   4,6   02:22   5,7   0,1   0,0   0,7  10,0   14:19   ENE
 2  13,8  21,2   12:07   8,7   23:44   4,6   0,2   0,0   0,7  17,0   15:06     N
 3  10,8  13,9   08:06   7,6   05:02   7,3   0,0   0,0   1,0  16,0   10:49     N
 4  10,8  16,1   15:15   6,3   22:54   7,3   0,0   0,0   0,4   8,0   06:11     N
 5   8,9  17,6   08:58   4,1   05:23   9,2   0,0   0,0   1,6  21,0   21:41     N
 6   5,9   8,8   15:15   3,1   02:55  12,1   0,0   0,0   4,4  21,0   15:35     N
 7  10,3  15,8   16:22   6,1   23:56   7,8   0,0   0,0   4,3  21,0   10:41     N
 8  12,7  21,4   13:06   3,0   04:44   5,9   0,5   0,0   1,5  14,0   08:17     N
 9  13,9  24,1   12:18   3,8   05:05   5,6   1,3   0,0   0,8  10,0   10:45     N
10  16,7  28,5   13:11   4,4   04:46   4,4   2,9   0,0   0,9  12,0   16:39   ENE
11  20,5  29,6   13:31  10,7   05:08   1,8   3,9   0,0   3,1  31,0   15:46     E
12   7,5  17,9   00:26  -2,3   23:23  10,5   0,0   0,0   4,4  31,0   08:51     N
13   7,9  17,5   11:03  -2,0   00:30  10,1   0,0   0,0   1,7  19,0   11:44   ENE
14   8,5  12,1   16:03   4,6   22:18   9,5   0,0   0,0   0,9   8,0   12:42    NE
15   6,6   9,0   12:05   3,9   04:39  11,3   0,0   0,0   0,9  11,0   13:13    NE
16  12,0  20,1   13:33   4,4   02:42   6,3   0,2   0,0   1,3  16,0   13:44     N
17  12,4  22,1   10:41   5,4   02:20   6,1   0,4   0,0   1,5  28,0   15:30   NNE
18  14,9  22,8   15:20   6,2   04:09   4,3   1,0   0,0   3,8  28,0   13:52     N
19  18,4  26,4   12:04   8,0   04:53   2,5   2,6   0,0  ----  21,0   15:15     N
20  14,9  20,0   09:45   8,0   23:37   3,3   0,1   0,0  ----  16,0   09:58     N
21  11,6  18,9   12:36   5,1   03:48   6,5   0,0   0,0  ----  17,0   11:13     N
22  10,9  19,0   13:06   2,1   04:44   7,2   0,0   0,0  ----  20,0   10:57     N
23  13,4  21,5   13:57   2,6   04:14   5,4   0,6   0,0  ----   9,0   17:11     N
24  13,2  18,6   15:20  11,0   04:35   5,0   0,0   0,0  ----  23,0   16:12     N
25  12,7  19,6   12:04   9,4   23:38   5,5   0,0   0,0  ----  14,0   13:28     N
26  12,7  19,9   11:26   9,4   00:52   5,5   0,0   0,0  ----  19,0   13:28     N
27  14,7  21,9   13:59  10,7   23:03   3,8   0,4   0,0  ----  15,0   09:57     N
28  15,0  22,3   13:05  10,5   03:51   3,6   0,3   0,0  ----  20,0   17:06     N
29  14,9  20,5   11:50  11,5   22:15   3,4   0,1   0,0  ----  20,0   15:48     N
30  12,2  14,8   08:18  10,1   04:49   3,7   0,0   0,0  ----  21,0   10:55     N
31  14,4  17,3   15:34   0,0   15:11   1,4   0,0   0,0  ----  10,0   16:22     N
----------------------------------------------------------------------------------
    12,4  29,6    11    -2,3    12   186,6  14,6   0,0   1,8  31,0    11     NNE

Max >=  27,0:  2
Max <=   0,0:  0
Min <=   0,0:  3
Min <= -18,0:  0
Max Rain: 0,0 on day 0
Days of Rain: 0 (>= 0,2 mm)  0 (>= 2,0 mm)  0 (>= 20,0 mm)
Heat Base: 18,3  Cool Base: 18,3  Method: Integration