NOAA-Style Climate Reports

Select a Year or Month report
2021: Sty Lut Mar Kwi Maj Cze Lip Sie Wrz Paź Lis Gru
2020: Sty Lut Mar Kwi Maj Cze Lip Sie Wrz Paź Lis Gru
2019: Sty Lut Mar Kwi Maj Cze Lip Sie Wrz Paź Lis Gru
2018: Sty Lut Mar Kwi Maj Cze Lip Sie Wrz Paź Lis Gru
2017: Sty Lut Mar Kwi Maj Cze Lip Sie Wrz Paź Lis Gru

Report for 2020 Kwiecień
                   Monthly Climatological Summary for kwi 2020

Name: Meteo Cholowice   City: Cholowice   State: Cholowice
Elevation: 184 m  Lat: N 49° 45' 49"   Lon: E 022° 34' 57"

                  Temperature (°C), Rain (mm), Wind Speed (km/h)

                                      Heat  Cool        Avg
    Mean                              Deg   Deg         Wind                 Dom
Day Temp  High   Time   Low    Time   Days  Days  Rain  Speed High   Time    Dir
----------------------------------------------------------------------------------
 1   0,9   8,9   14:04  -6,4   06:00  16,8   0,0   0,0   1,9  18,0   12:56     N
 2   3,7  13,5   13:20  -6,1   05:49  14,2   0,0   0,0   2,7  23,0   11:59    NE
 3   7,4  16,2   12:23  -1,4   05:35  10,6   0,0   0,0   4,4  22,0   09:20   NNE
 4   5,8  15,0   11:31  -1,9   06:01  12,1   0,0   0,0   0,8  13,0   17:21     N
 5   5,4  15,5   15:11  -3,9   06:01  12,5   0,0   0,0   1,6  14,0   13:14    NE
 6   7,8  20,3   14:23  -2,9   05:55  10,4   0,2   0,0  ----  12,0   12:44   ENE
 7   8,9  21,5   15:11  -2,2   05:42   9,6   0,5   0,0  ----  12,0   14:26   NNE
 8  10,1  22,8   14:16  -1,1   05:57   8,7   0,8   0,0  ----  10,0   14:03   NNE
 9  11,4  23,0   12:33   0,7   05:34   7,8   1,1   0,0  ----  18,0   15:46     N
10  10,0  15,9   11:57   2,3   23:57   8,0   0,0   0,0  ----  16,0   13:57     N
11   8,1  17,6   12:51  -0,3   05:12   9,9   0,0   0,0  ----  21,0   13:56     N
12   9,8  21,3   14:07  -1,9   05:23   8,8   0,5   0,0  ----  13,0   13:28    NE
13  14,2  22,9   12:54   6,4   23:53   4,6   0,6   0,0  ----  27,0   22:13    NE
14   5,4   9,9   12:46   1,0   23:45  12,6   0,0   0,0  ----  21,0   13:09     N
15   6,4  12,1   15:13  -0,9   03:47  11,5   0,0   0,0  ----  32,0   11:00     N
16  12,1  21,4   14:13  -0,1   05:31   6,6   0,6   0,0  ----  26,0   16:55   NNE
17  11,2  19,6   13:57   3,2   23:53   6,9   0,0   0,0  ----  21,0   15:47     N
18   8,2  18,1   11:37  -0,2   05:45   9,6   0,0   0,0  ----  12,0   12:59     N
19   7,6  16,1   12:00  -0,3   05:42  10,4   0,0   0,0  ----  17,0   16:06     N
20   7,2  15,9   12:52  -0,9   05:31  10,8   0,0   0,0  ----  14,0   16:45   NNE
21   7,2  16,0   14:16  -1,2   05:45  10,8   0,0   0,0  ----  18,0   12:59   NNE
22   7,6  17,5   13:49  -0,8   05:12  10,4   0,0   0,0  ----  17,0   12:36   NNE
23   9,9  27,9   11:10  -3,1   05:15   8,7   0,6   0,0  ----  13,0   14:11     N
24  13,0  23,5   12:56   1,5   05:10   6,3   1,2   0,0  ----  21,0   14:00   NNE
25  10,8  20,2   10:08   5,7   03:57   7,4   0,1   0,0  ----  20,0   08:35     N
26  10,5  18,5   13:20   5,1   05:51   7,6   0,0   0,0  ----  21,0   13:24     N
27  12,8  27,2   11:48   4,8   23:47   6,0   0,6   0,0  ----  15,0   12:41     N
28  13,8  25,4   12:23   1,4   05:04   6,1   1,8   0,0  ----  21,0   07:58   ENE
29  15,1  27,4   11:48   4,8   05:18   3,7   1,7   0,0  ----  21,0   13:50   ENE
30  12,8  16,3   14:00   0,0   07:29   3,6   0,0   0,0  ----  11,0   10:23     N
----------------------------------------------------------------------------------
     9,2  27,9    23    -6,4     1   273,0  10,3   0,0   2,4  32,0    15     NNE

Max >=  27,0:  3
Max <=   0,0:  0
Min <=   0,0: 19
Min <= -18,0:  0
Max Rain: 0,0 on day 0
Days of Rain: 0 (>= 0,2 mm)  0 (>= 2,0 mm)  0 (>= 20,0 mm)
Heat Base: 18,3  Cool Base: 18,3  Method: Integration