NOAA-Style Climate Reports

Select a Year or Month report
2021: Sty Lut Mar Kwi Maj Cze Lip Sie Wrz Paź Lis Gru
2020: Sty Lut Mar Kwi Maj Cze Lip Sie Wrz Paź Lis Gru
2019: Sty Lut Mar Kwi Maj Cze Lip Sie Wrz Paź Lis Gru
2018: Sty Lut Mar Kwi Maj Cze Lip Sie Wrz Paź Lis Gru
2017: Sty Lut Mar Kwi Maj Cze Lip Sie Wrz Paź Lis Gru

Report for 2020 Marzec
                   Monthly Climatological Summary for mar 2020

Name: Meteo Cholowice   City: Cholowice   State: Cholowice
Elevation: 184 m  Lat: N 49° 45' 49"   Lon: E 022° 34' 57"

                  Temperature (°C), Rain (mm), Wind Speed (km/h)

                                      Heat  Cool        Avg
    Mean                              Deg   Deg         Wind                 Dom
Day Temp  High   Time   Low    Time   Days  Days  Rain  Speed High   Time    Dir
----------------------------------------------------------------------------------
 1   7,2  11,9   10:41   3,9   20:06  10,8   0,0   0,0   5,6  33,0   02:40   ENE
 2   5,9   9,6   14:54   0,4   23:50  12,0   0,0   0,0  ----  16,0   14:53   ENE
 3   7,5  16,3   13:17  -1,3   05:18  10,6   0,0   0,0  ----  20,0   12:19    SE
 4   4,7   8,9   00:00   2,6   23:39  13,2   0,0   0,0  ----  20,0   00:07     N
 5   3,0   8,5   12:19  -2,4   23:54  14,9   0,0   0,0  ----   9,0   01:02   NNE
 6   2,1   8,4   13:01  -4,0   05:20  15,7   0,0   0,0  ----  14,0   14:20     E
 7   5,6   9,5   10:29   0,8   06:25  12,3   0,0   0,0  ----  14,0   22:34     N
 8   4,9   6,0   12:11   3,0   23:48  13,1   0,0   0,0  ----  13,0   00:21     N
 9   4,7  11,3   11:35  -0,3   23:56  13,3   0,0   0,0  ----   6,0   11:42   NNE
10   3,7  12,0   12:42  -2,4   04:03  12,5   0,0   0,0  ----  10,0   14:57     N
11   8,1  11,2   14:11   0,0   14:04   4,2   0,0   0,0  ----  20,0   15:07   NNE
12  10,8  17,6   13:01   2,1   03:26   7,3   0,0   0,0  ----  27,0   12:33   ENE
13   6,5  12,2   10:30   0,5   22:06  11,5   0,0   0,0  ----  20,0   12:43     N
14   3,6   8,4   10:45  -3,3   23:58  14,3   0,0   0,0  ----  31,0   12:48     N
15  -1,0   6,1   14:46  -6,5   05:30  18,8   0,0   0,0  ----  12,0   10:06    NE
16   2,9  12,6   12:42  -8,3   05:30  14,9   0,0   0,0  ----  31,0   14:19   ENE
17   7,5  15,5   12:43   0,8   23:58  10,5   0,0   0,0  ----  24,0   14:58     N
18   6,9  17,5   13:26  -0,6   02:39  11,1   0,0   0,0  ----   9,0   12:28   NNE
19   9,0  19,3   13:12   0,2   05:47   9,0   0,0   0,0  ----  17,0   11:50     N
20   9,9  15,3   12:15   6,8   05:10   8,2   0,0   0,0  ----   5,0   11:13     N
21   4,7   7,3   00:00   1,6   23:37  13,2   0,0   0,0  ----  14,0   23:20     N
22   0,3   4,3   11:27  -2,5   05:43  17,5   0,0   0,0  ----  20,0   11:43     N
23  -0,2   3,6   13:08  -2,9   05:43  18,0   0,0   0,0  ----  18,0   14:52     N
24  -0,5   4,7   11:55  -6,0   05:39  18,4   0,0   0,0  ----  19,0   13:05   NNE
25   1,5   7,7   13:08  -5,8   05:23  16,3   0,0   0,0  ----  24,0   12:53     E
26   5,7  13,9   12:45  -1,0   05:16  12,3   0,0   0,0  ----  24,0   16:00     E
27   6,5  15,9   13:14  -1,5   05:39  11,4   0,0   0,0  ----  23,0   11:03     E
28   6,5  17,4   13:10  -2,4   05:13  11,5   0,0   0,0  ----  12,0   12:47   ENE
29   4,5  17,0   14:04  -2,1   06:24   7,7   0,0   0,0  ----  13,0   12:37     N
30  -0,3   3,8   15:36  -4,4   23:56   6,9   0,0   0,0  ----  17,0   15:36     N
31   0,4   9,2   13:22  -6,4   05:59  17,4   0,0   0,0  ----  17,0   15:52     N
----------------------------------------------------------------------------------
     4,6  19,3    19    -8,3    16   388,8   0,0   0,0   5,6  33,0     1     ENE

Max >=  27,0:  0
Max <=   0,0:  0
Min <=   0,0: 20
Min <= -18,0:  0
Max Rain: 0,0 on day 0
Days of Rain: 0 (>= 0,2 mm)  0 (>= 2,0 mm)  0 (>= 20,0 mm)
Heat Base: 18,3  Cool Base: 18,3  Method: Integration