NOAA-Style Climate Reports

Select a Year or Month report
2021: Sty Lut Mar Kwi Maj Cze Lip Sie Wrz Paź Lis Gru
2020: Sty Lut Mar Kwi Maj Cze Lip Sie Wrz Paź Lis Gru
2019: Sty Lut Mar Kwi Maj Cze Lip Sie Wrz Paź Lis Gru
2018: Sty Lut Mar Kwi Maj Cze Lip Sie Wrz Paź Lis Gru
2017: Sty Lut Mar Kwi Maj Cze Lip Sie Wrz Paź Lis Gru

Report for 2020 Luty
                   Monthly Climatological Summary for lut 2020

Name: Meteo Cholowice   City: Cholowice   State: Cholowice
Elevation: 184 m  Lat: N 49° 45' 49"   Lon: E 022° 34' 57"

                  Temperature (°C), Rain (mm), Wind Speed (km/h)

                                      Heat  Cool        Avg
    Mean                              Deg   Deg         Wind                 Dom
Day Temp  High   Time   Low    Time   Days  Days  Rain  Speed High   Time    Dir
----------------------------------------------------------------------------------
 1   8,1  11,1   13:17   5,7   00:54  10,0   0,0   0,0   4,5  21,0   21:13    NE
 2   8,3  10,3   02:37   5,5   23:49   9,7   0,0   0,0   5,3  22,0   13:19   NNE
 3   5,4   6,4   14:23   4,8   04:07  12,6   0,0   0,0   3,6  19,0   10:27     N
 4   4,1   5,8   04:44   1,2   18:54  13,9   0,0   0,0   3,2  16,0   21:28    NE
 5   0,6   2,6   02:22  -4,1   23:59  17,2   0,0   0,0  ----  23,0   15:20     N
 6  -1,1   1,6   23:58  -6,5   06:14  18,8   0,0   0,0  ----  23,0   14:06     N
 7  -0,9   1,9   02:43  -6,7   23:55  18,7   0,0   0,0  ----  17,0   00:24     N
 8  -3,5   2,6   14:10  -8,3   06:05  21,3   0,0   0,0  ----  14,0   14:12    NE
 9   0,0   6,1   12:41  -6,1   06:29  17,8   0,0   0,0  ----  34,0   23:07     E
10   5,6   8,5   12:01   2,4   00:00  10,7   0,0   0,0  ----  47,0   10:08   ESE
11   3,4   8,0   10:37   1,6   17:38  14,5   0,0   0,0  ----  27,0   10:36   NNE
12   3,0   5,9   11:53   0,1   21:45  14,9   0,0   0,0  ----  23,0   20:23     N
13   3,2   7,3   10:53  -0,3   18:49  14,7   0,0   0,0  ----  20,0   11:22   NNE
14   3,2   4,7   14:48   1,0   02:19  14,7   0,0   0,0  ----  18,0   05:25   NNE
15   2,0   4,3   14:02  -3,3   23:52  15,8   0,0   0,0  ----  12,0   04:28     N
16   3,8   9,9   12:07  -4,5   03:51  14,1   0,0   0,0  ----  48,0   23:30   ENE
17  10,2  13,7   12:06   7,7   01:17   7,9   0,0   0,0  ----  41,0   03:54   ENE
18   7,0  11,5   13:43   1,1   23:50  11,0   0,0   0,0  ----  22,0   15:08     N
19   4,1  10,8   12:35  -2,5   06:38  13,8   0,0   0,0  ----  16,0   12:26     E
20   3,2   6,6   10:33  -1,2   21:54  14,8   0,0   0,0  ----  15,0   13:39     N
21   1,4   5,1   10:51  -4,2   05:27  16,4   0,0   0,0  ----  29,0   11:22   NNE
22   5,0   9,1   13:31  -1,1   06:48  13,0   0,0   0,0  ----  28,0   22:20   ENE
23   6,5   8,5   23:24   4,8   16:50  11,5   0,0   0,0  ----  37,0   23:26    NE
24   4,3   7,2   01:38   1,2   22:27  13,6   0,0   0,0  ----  45,0   05:00     N
25   6,5   9,5   12:52   1,2   00:57  11,5   0,0   0,0  ----  21,0   10:54   ENE
26   5,4   8,8   00:00   3,2   23:53   8,5   0,0   0,0  ----  10,0   20:23     N
27   2,4   6,7   13:10   0,0   03:58   8,9   0,0   0,0  ----  17,0   09:58     N
28   0,7   2,7   15:53  -1,7   22:50   7,2   0,0   0,0  ----   7,0   14:44   NNE
29   2,7   7,4   13:22  -3,3   05:18  15,2   0,0   0,0  ----  29,0   22:39   ESE
----------------------------------------------------------------------------------
     3,6  13,7    17    -8,3     8   392,7   0,0   0,0   4,4  48,0    16     NNE

Max >=  27,0:  0
Max <=   0,0:  0
Min <=   0,0: 15
Min <= -18,0:  0
Max Rain: 0,0 on day 0
Days of Rain: 0 (>= 0,2 mm)  0 (>= 2,0 mm)  0 (>= 20,0 mm)
Heat Base: 18,3  Cool Base: 18,3  Method: Integration