NOAA-Style Climate Reports

Select a Year or Month report
2021: Sty Lut Mar Kwi Maj Cze Lip Sie Wrz Paź Lis Gru
2020: Sty Lut Mar Kwi Maj Cze Lip Sie Wrz Paź Lis Gru
2019: Sty Lut Mar Kwi Maj Cze Lip Sie Wrz Paź Lis Gru
2018: Sty Lut Mar Kwi Maj Cze Lip Sie Wrz Paź Lis Gru
2017: Sty Lut Mar Kwi Maj Cze Lip Sie Wrz Paź Lis Gru

Report for 2020
                   Annual Climatological Summary for 2020

Name: Meteo Cholowice   City: Cholowice   State: Cholowice
Elevation: 184 m  Lat: N 49° 45' 49"   Lon: E 022° 34' 57"

                  Temperature (°C), Heat Base: 18,3  Cool Base: 18,3
                          Dep.  Heat  Cool                       Max  Max  Min  Min
        Mean  Mean        From  Deg   Deg                        >=   <=   <=   <=
 YR MO  Max   Min   Mean  Norm  Days  Days  Hi  Date  Low  Date 27,0  0,0  0,0 -18,0
------------------------------------------------------------------------------------
 20  1   4,6  -1,8   1,3   0.0   513     0   9,2  15  -7,7    7    0    0   21    0
 20  2   7,1  -0,4   3,6   0.0   392     0  13,7  17  -8,3    8    0    0   15    0
 20  3  11,1  -1,3   4,6   0.0   388     0  19,3  19  -8,3   16    0    0   20    0
 20  4  18,9   0,0   9,2   0.0   273    10  27,9  23  -6,4    1    3    0   19    0
 20  5  19,3   5,8  12,4   0.0   186    14  29,6  11  -2,3   12    2    0    3    0
 20  6  25,6  15,2  19,4   0.0    33    63  32,1   7   6,8    2   13    0    0    0
 20  7  26,7  14,9  20,3   0.0    31    93  32,0   6  10,4    8   17    0    0    0
 20  8  27,7  14,5  20,8   0.0    25    98  33,2  30   0,0    4   19    0    1    0
 20  9  22,2  10,3  15,9   0.0   100    33  29,3  16   0,0    4    3    0    1    0
 20 10  15,8   7,1  11,2   0.0   213     2  25,3   6   0,0    5    0    0    1    0
 20 11  11,3   3,4   7,4   0.0   108     0  15,2   3   0,9    6    0    0    0    0
 20 12
------------------------------------------------------------------------------------
        17,3   6,2  11,5   0.0  2266   315  33,2 sie  -8,3  lut   57    0   81    0

                                Precipitation (mm)

              Dep.   Max        Days of Rain
              From   Obs.           >=
 YR MO Total  Norm   Day Date  0,2  2,0 20,0
---------------------------------------------
 20  1   0,0   0.0   0,0   0     0    0    0
 20  2   0,0   0.0   0,0   0     0    0    0
 20  3   0,0   0.0   0,0   0     0    0    0
 20  4   0,0   0.0   0,0   0     0    0    0
 20  5   0,0   0.0   0,0   0     0    0    0
 20  6   0,0   0.0   0,0   0     0    0    0
 20  7   0,0   0.0   0,0   0     0    0    0
 20  8   0,0   0.0   0,0   0     0    0    0
 20  9   0,0   0.0   0,0   0     0    0    0
 20 10   0,0   0.0   0,0   0     0    0    0
 20 11   0,0   0.0   0,0   0     0    0    0
 20 12
---------------------------------------------
         0,0   0.0   0,0  ---    0    0    0

                                Wind Speed (km/h)
                          Dom
 YR MO   Avg.  Hi   Date  Dir
------------------------------
 20  1   2,4  30,0   22     N
 20  2   4,4  48,0   16   NNE
 20  3   5,6  33,0    1    NE
 20  4   2,4  32,0   15   NNE
 20  5   1,8  31,0   11   NNE
 20  6   1,0  25,0    5    NE
 20  7   0,8  27,0   11   NNE
 20  8   0,4  31,0   26    NE
 20  9   0,4  20,0   17   NNE
 20 10   0,2  23,0   14    NE
 20 11   0,8  18,0    2   NNE
 20 12
------------------------------
         1,8  48,0  lut   NNE