NOAA-Style Climate Reports

Select a Year or Month report
2021: Sty Lut Mar Kwi Maj Cze Lip Sie Wrz Paź Lis Gru
2020: Sty Lut Mar Kwi Maj Cze Lip Sie Wrz Paź Lis Gru
2019: Sty Lut Mar Kwi Maj Cze Lip Sie Wrz Paź Lis Gru
2018: Sty Lut Mar Kwi Maj Cze Lip Sie Wrz Paź Lis Gru
2017: Sty Lut Mar Kwi Maj Cze Lip Sie Wrz Paź Lis Gru

Report for 2019 Grudzień
                   Monthly Climatological Summary for gru 2019

Name: Meteo Cholowice   City: Cholowice   State: Cholowice
Elevation: 184 m  Lat: N 49° 45' 49"   Lon: E 022° 34' 57"

                  Temperature (°C), Rain (mm), Wind Speed (km/h)

                                      Heat  Cool        Avg
    Mean                              Deg   Deg         Wind                 Dom
Day Temp  High   Time   Low    Time   Days  Days  Rain  Speed High   Time    Dir
----------------------------------------------------------------------------------
 1  -1,6   3,4   12:28  -5,0   20:52  19,9   0,0   0,0   0,2   9,0   12:50     N
 2  -0,5   1,4   13:25  -5,1   01:43  18,8   0,0   0,0   1,0  12,0   20:39     N
 3   0,3   2,9   12:05  -4,1   23:40  18,0   0,0   0,0   1,6  17,0   02:40     N
 4  -1,6   2,5   13:24  -6,5   05:12  19,9   0,0   0,0   0,8  16,0   12:30   NNE
 5   0,4   5,0   12:59  -4,1   03:16  17,9   0,0   0,0   0,7  15,0   19:27    NE
 6   1,7   5,3   12:03  -0,9   06:03  16,6   0,0   0,0   3,2  21,0   11:08    NE
 7   2,1   5,1   11:20  -1,4   02:23  16,2   0,0   0,0   6,2  31,0   12:28    NE
 8   4,0   5,8   11:46   1,1   07:37  14,3   0,0   0,0   5,9  37,0   20:16    NE
 9   7,2  12,2   11:33   3,2   23:46  11,1   0,0   0,0   3,4  31,0   01:44   ENE
10   2,3   5,3   11:10  -0,6   02:50  16,0   0,0   0,0   0,9  16,0   14:25     N
11   1,3   2,6   10:50  -3,3   23:58  17,0   0,0   0,0   0,2  11,0   01:35   NNE
12  -0,2   4,1   13:41  -4,7   06:20  18,5   0,0   0,0   0,2   9,0   19:11     E
13   3,3   5,4   12:55   0,7   23:59  14,9   0,0   0,0   1,1  16,0   09:24   ESE
14   2,9   5,2   22:08   0,6   00:03  15,4   0,0   0,0   0,7  20,0   20:56    NE
15   6,6   8,8   11:51   2,4   01:10  11,7   0,0   0,0   3,9  27,0   18:51   ENE
16   7,6  12,0   11:35   3,0   07:53  10,7   0,0   0,0   2,9  19,0   21:15    NE
17  12,3  14,2   11:47   8,9   00:44   6,0   0,0   0,0   6,9  34,0   22:37   ENE
18  10,8  15,4   12:00   4,1   23:45   7,3   0,0   0,0   4,5  30,0   00:10   ESE
19   3,8   8,9   12:44   1,1   23:49  14,1   0,0   0,0   0,1   6,0   00:08    SE
20   2,9  10,2   14:47   0,3   22:16  15,0   0,0   0,0   0,3  13,0   14:37     E
21   9,9  13,3   12:34   6,1   00:00   8,2   0,0   0,0   3,8  29,0   11:01     E
22   7,6  11,7   10:56   2,2   20:59  10,4   0,0   0,0   1,2  23,0   11:30     E
23   4,7   5,4   07:03   3,1   00:00  13,2   0,0   0,0   4,5  21,0   23:42     N
24   4,4   5,5   12:27   3,5   04:44  13,5   0,0   0,0   5,5  21,0   05:06     N
25   3,9   5,8   12:32   2,8   23:51  14,1   0,0   0,0   0,0   4,0   12:42     N
26   3,5   4,8   12:25   2,8   00:00  14,4   0,0   0,0   1,0  21,0   16:02     N
27   2,7   4,1   11:37   1,5   21:06  15,2   0,0   0,0   2,3  18,0   23:28     N
28   0,0   1,6   00:00  -1,3   23:35  17,8   0,0   0,0   3,4  25,0   12:16     N
29  -1,8  -1,3   00:00  -2,4   23:18  19,5   0,0   0,0   0,0   0,0   00:00   ---
30  -0,3   2,1   13:07  -3,0   06:35  18,1   0,0   0,0  ----  21,0   23:07   NNE
31   2,3   4,0   22:35   0,8   14:14  15,6   0,0   0,0  ----  40,0   09:45   NNE
----------------------------------------------------------------------------------
     3,3  15,4    18    -6,5     4   459,3   0,0   0,0   2,4  40,0    31      NE

Max >=  27,0:  0
Max <=   0,0:  1
Min <=   0,0: 13
Min <= -18,0:  0
Max Rain: 0,0 on day 0
Days of Rain: 0 (>= 0,2 mm)  0 (>= 2,0 mm)  0 (>= 20,0 mm)
Heat Base: 18,3  Cool Base: 18,3  Method: Integration