NOAA-Style Climate Reports

Select a Year or Month report
2021: Sty Lut Mar Kwi Maj Cze Lip Sie Wrz Paź Lis Gru
2020: Sty Lut Mar Kwi Maj Cze Lip Sie Wrz Paź Lis Gru
2019: Sty Lut Mar Kwi Maj Cze Lip Sie Wrz Paź Lis Gru
2018: Sty Lut Mar Kwi Maj Cze Lip Sie Wrz Paź Lis Gru
2017: Sty Lut Mar Kwi Maj Cze Lip Sie Wrz Paź Lis Gru

Report for 2019 Listopad
                   Monthly Climatological Summary for lis 2019

Name: Meteo Cholowice   City: Cholowice   State: Cholowice
Elevation: 184 m  Lat: N 49° 45' 49"   Lon: E 022° 34' 57"

                  Temperature (°C), Rain (mm), Wind Speed (km/h)

                                      Heat  Cool        Avg
    Mean                              Deg   Deg         Wind                 Dom
Day Temp  High   Time   Low    Time   Days  Days  Rain  Speed High   Time    Dir
----------------------------------------------------------------------------------
 1  -0,2   8,9   13:22  -5,7   06:25  18,5   0,0   0,0   0,9  12,0   13:44   ENE
 2   7,7  11,2   11:23  -1,9   00:00  10,6   0,0   0,0   5,6  24,0   15:46   ENE
 3  11,6  17,6   11:31   5,3   04:46   6,7   0,0   0,0   3,2  20,0   12:27     E
 4  13,4  19,2   10:22   8,9   02:37   4,9   0,0   0,0   4,1  21,0   09:55   ESE
 5  11,0  17,0   10:56   7,5   01:22   7,3   0,0   0,0   2,7  18,0   07:14     E
 6   8,5  11,7   00:00   3,7   23:51   9,8   0,0   0,0   1,7  21,0   09:44     N
 7   5,5   8,5   13:49   3,4   05:01  12,8   0,0   0,0   0,0   3,0   07:13   ESE
 8   6,6  10,0   13:35   2,3   03:57  11,7   0,0   0,0   0,4   7,0   10:34   ESE
15  10,0  18,0   12:04   6,4   03:10   5,1   0,0   0,0  ----  21,0   11:30   ESE
16   8,6  11,8   19:49   0,0   13:40   4,1   0,0   0,0   0,6  11,0   19:36     E
17   7,3  11,7   13:25   4,0   21:44  11,0   0,0   0,0   1,1  14,0   17:55   ESE
18   8,4  11,9   12:37   3,9   23:47   9,9   0,0   0,0   0,9  14,0   09:21   ESE
19   4,1  12,6   12:18   0,4   06:33  14,2   0,0   0,0   0,0   0,0   00:00   ---
20   7,7  11,8   13:01  -0,2   01:15  10,6   0,0   0,0   1,4  20,0   12:19     E
21   7,6  10,5   00:00   3,9   23:49  10,7   0,0   0,0   4,6  23,0   14:47     E
22   2,0   3,9   00:00  -0,5   23:59  16,3   0,0   0,0   5,2  16,0   07:55     E
23   0,9   3,0   12:42  -0,9   02:36  17,4   0,0   0,0   3,5  15,0   23:51     E
24   1,2   2,7   12:40   0,3   06:15  17,1   0,0   0,0   3,8  12,0   05:27   ESE
25   2,3   5,1   11:51   1,2   00:00  16,0   0,0   0,0   2,7  10,0   17:11   ESE
26   2,0   3,5   13:22   1,3   04:38  16,3   0,0   0,0   2,3  12,0   01:44   ESE
27   2,6   8,0   13:07  -1,0   07:10  15,7   0,0   0,0   1,5  10,0   10:49   ESE
28   6,9  12,1   12:23   3,0   06:55  11,4   0,0   0,0   0,4  10,0   09:19    NE
29   6,3  10,9   12:30   0,7   07:26  12,0   0,0   0,0   0,9  21,0   21:37    NE
30   2,0   4,4   03:05  -1,8   19:22  16,3   0,0   0,0   4,0  23,0   08:01     N
----------------------------------------------------------------------------------
     6,0  19,2     4    -5,7     1   286,4   0,0   0,0   2,3  24,0     2       E

Max >=  27,0:  0
Max <=   0,0:  0
Min <=   0,0:  8
Min <= -18,0:  0
Max Rain: 0,0 on day 0
Days of Rain: 0 (>= 0,2 mm)  0 (>= 2,0 mm)  0 (>= 20,0 mm)
Heat Base: 18,3  Cool Base: 18,3  Method: Integration