NOAA-Style Climate Reports

Select a Year or Month report
2021: Sty Lut Mar Kwi Maj Cze Lip Sie Wrz Paź Lis Gru
2020: Sty Lut Mar Kwi Maj Cze Lip Sie Wrz Paź Lis Gru
2019: Sty Lut Mar Kwi Maj Cze Lip Sie Wrz Paź Lis Gru
2018: Sty Lut Mar Kwi Maj Cze Lip Sie Wrz Paź Lis Gru
2017: Sty Lut Mar Kwi Maj Cze Lip Sie Wrz Paź Lis Gru

Report for 2019 Październik
                   Monthly Climatological Summary for paŸ 2019

Name: Meteo Cholowice   City: Cholowice   State: Cholowice
Elevation: 184 m  Lat: N 49° 45' 49"   Lon: E 022° 34' 57"

                  Temperature (°C), Rain (mm), Wind Speed (km/h)

                                      Heat  Cool        Avg
    Mean                              Deg   Deg         Wind                 Dom
Day Temp  High   Time   Low    Time   Days  Days  Rain  Speed High   Time    Dir
----------------------------------------------------------------------------------
 1  15,9  20,6   13:25  10,6   06:44   2,8   0,4   0,0   3,2  20,0   14:55   ENE
 2  18,6  24,6   14:41  14,7   21:50   1,4   1,7   0,0   3,5  21,0   04:59     E
 3   9,9  14,8   00:27   6,4   23:55   8,4   0,0   0,0   1,4  17,0   03:55     N
 4   9,2  13,5   14:30   5,7   01:41   9,1   0,0   0,0   0,0   6,0   10:43     N
 5   8,9  12,2   12:14   6,4   05:36   9,3   0,0   0,0   0,0   0,0   00:00   ---
 6   7,1   9,2   11:03   2,6   23:56  11,2   0,0   0,0   0,5  11,0   12:53     N
 7   4,4  10,8   12:21   1,4   06:02  13,9   0,0   0,0   0,0   5,0   11:06     N
 8   7,6  20,0   08:42   1,1   07:15  10,7   0,0   0,0   3,0  28,0   22:29     E
 9  11,4  14,8   12:21   9,7   08:17   6,9   0,0   0,0   2,4  21,0   02:35    NE
10  12,2  18,1   12:05   8,4   07:15   6,1   0,0   0,0   1,6  14,0   10:18   NNE
11  11,9  18,0   13:19   6,3   06:43   6,4   0,0   0,0   1,8  16,0   23:48   ENE
12  15,4  20,7   13:32  12,3   03:44   3,1   0,3   0,0   5,6  27,0   09:14   ENE
13  15,5  22,6   12:49   8,9   23:46   3,7   0,9   0,0   2,8  20,0   01:01   ENE
14  12,9  23,5   12:39   6,6   06:31   6,4   1,0   0,0   0,5  10,0   12:57   NNE
15  12,3  24,0   14:00   5,3   06:42   7,0   1,0   0,0   0,9  13,0   15:22   ESE
16  13,0  23,2   12:43   5,2   06:29   6,2   0,9   0,0   1,5  15,0   12:17     E
17  13,1  20,2   13:53   6,7   23:29   5,5   0,3   0,0   0,4   8,0   12:46   NNE
18  11,5  22,0   13:14   5,1   06:49   7,4   0,6   0,0   0,7  15,0   13:19   ENE
19  13,0  21,9   12:23   7,4   04:38   5,8   0,6   0,0   1,4  17,0   10:48   ESE
20  12,8  22,4   12:59   6,1   06:59   6,3   0,8   0,0   1,4  22,0   11:33   ENE
21  12,3  22,9   13:29   6,2   05:41   6,8   0,8   0,0   1,2  21,0   12:21   ENE
22  12,2  22,4   13:09   6,3   07:33   6,8   0,6   0,0   0,6  12,0   13:12     N
23  12,3  21,1   13:51   8,1   06:56   6,3   0,4   0,0   0,4   5,0   06:40   NNE
24  11,8  24,0   13:53   5,8   23:52   7,2   0,7   0,0   0,7  14,0   13:02   ESE
25  10,2  21,9   13:41   3,8   06:45   8,6   0,5   0,0   0,8  10,0   13:11   NNE
26   9,6  20,7   13:46   4,9   01:51   8,9   0,2   0,0   0,6  10,0   14:04   ENE
27  11,5  21,2   11:44   3,3   05:26   7,5   0,4   0,0   2,4  21,0   11:45    NE
28   7,5  11,2   13:30   3,0   20:40  10,8   0,0   0,0   1,5  14,0   05:46     N
29   6,2  11,7   12:11   2,1   04:01  12,1   0,0   0,0   1,1   9,0   21:34     N
30   4,4   9,9   11:51  -1,2   21:30  13,9   0,0   0,0   1,5  12,0   10:55     N
31   0,9   8,7   12:42  -3,0   23:56  17,4   0,0   0,0   0,8   9,0   14:40   NNE
----------------------------------------------------------------------------------
    10,8  24,6     2    -3,0    31   243,9  12,1   0,0   1,4  28,0     8      NE

Max >=  27,0:  0
Max <=   0,0:  0
Min <=   0,0:  2
Min <= -18,0:  0
Max Rain: 0,0 on day 0
Days of Rain: 0 (>= 0,2 mm)  0 (>= 2,0 mm)  0 (>= 20,0 mm)
Heat Base: 18,3  Cool Base: 18,3  Method: Integration