NOAA-Style Climate Reports

Select a Year or Month report
2019: Sty Lut Mar Kwi Maj Cze Lip Sie Wrz Paź Lis Gru
2018: Sty Lut Mar Kwi Maj Cze Lip Sie Wrz Paź Lis Gru
2017: Sty Lut Mar Kwi Maj Cze Lip Sie Wrz Paź Lis Gru

Report for 2019 Wrzesień
                   Monthly Climatological Summary for wrz 2019

Name: Meteo Cholowice   City: Cholowice   State: Cholowice
Elevation: 184 m  Lat: N 49° 45' 49"   Lon: E 022° 34' 57"

                  Temperature (°C), Rain (mm), Wind Speed (km/h)

                                      Heat  Cool        Avg
    Mean                              Deg   Deg         Wind                 Dom
Day Temp  High   Time   Low    Time   Days  Days  Rain  Speed High   Time    Dir
----------------------------------------------------------------------------------
 1  22,0  31,5   14:30  15,2   05:42   0,8   4,5   0,0   0,2   6,0   12:16    NE
 2  20,8  28,5   14:35  15,1   02:38   0,7   3,2   0,0   0,4  12,0   12:26     N
 3  15,7  18,7   00:06  13,7   23:50   2,6   0,0   0,0   0,2  14,0   02:21     N
 4  16,2  23,8   13:27  10,7   23:26   3,3   1,2   0,0   0,0   5,0   14:33     N
 5  16,0  24,2   13:46  10,3   06:14   3,8   1,5   0,0   0,0   7,0   14:30     N
 6  16,2  23,1   14:44  11,1   03:02   3,3   1,1   0,0   0,3  13,0   14:25     N
 7  17,5  25,0   15:14   9,7   05:38   2,6   1,9   0,0   0,3  12,0   11:19    NE
 8  19,4  26,1   13:15  15,2   01:44   1,1   2,2   0,0   0,0   1,0   13:09   ESE
 9  19,2  27,1   14:27  12,8   05:42   1,6   2,6   0,0   0,1  13,0   22:06     N
10  16,5  23,6   15:07  11,2   23:18   2,9   1,1   0,0   0,1   9,0   15:51     N
11  16,9  25,4   14:12  10,9   05:38   3,2   1,8   0,0   0,0   9,0   15:21     E
12  17,5  25,4   14:08  11,7   23:58   2,6   1,8   0,0   0,1  10,0   16:03     N
13  17,3  24,7   14:09  11,6   00:23   2,6   1,6   0,0   0,2  10,0   15:50     N
14  15,1  20,9   14:17   7,5   23:20   3,4   0,2   0,0   0,8  21,0   11:08     N
15  13,8  21,7   13:50   6,8   05:15   5,2   0,7   0,0   0,6  13,0   23:00    NE
16  17,1  24,4   11:32   9,7   06:04   2,6   1,4   0,0   1,5  16,0   10:56   NNE
17  12,9  14,0   00:00  10,9   23:58   2,1   0,0   0,0   0,3  28,0   23:49     N
18  10,7  15,4   14:35   5,9   23:59   7,6   0,0   0,0   2,5  20,0   13:38     N
19  10,0  17,3   12:43   3,8   04:12   8,3   0,0   0,0   1,4  21,0   12:58     N
20   7,1  10,2   17:57   4,8   23:29   2,4   0,0   0,0   0,0   4,0   19:04    SE
21  11,2  19,8   12:19   4,4   01:59   7,2   0,1   0,0   1,1  17,0   12:31     N
22  11,7  21,6   12:26   4,0   05:58   7,2   0,7   0,0   0,6  13,0   10:47    NE
23  12,4  21,6   14:19   4,3   06:15   6,3   0,4   0,0   0,8   9,0   21:46    NE
24  12,0  16,6   15:03   8,9   23:41   6,3   0,0   0,0   0,2   6,0   14:16   ENE
25  11,8  14,9   16:38   7,9   02:57   6,5   0,0   0,0   0,0   0,0   00:00   ---
26  14,6  20,7   12:28  10,4   22:58   4,0   0,3   0,0   0,4  18,0   11:09     N
27  15,5  22,0   13:55  10,9   00:00   3,4   0,6   0,0   0,1  10,0   23:43   NNE
28  17,4  23,5   12:25  10,9   23:54   1,8   1,0   0,0   1,2  18,0   10:33   ENE
29  15,1  21,0   12:39   9,1   02:56   3,6   0,4   0,0   2,1  27,0   22:12   ENE
30  17,1  23,3   13:39  12,3   23:18   2,0   0,7   0,0   3,7  27,0   16:27   ENE
----------------------------------------------------------------------------------
    15,2  31,5     1     3,8    19   111,0  31,0   0,0   0,7  28,0    17      NE

Max >=  27,0:  3
Max <=   0,0:  0
Min <=   0,0:  0
Min <= -18,0:  0
Max Rain: 0,0 on day 0
Days of Rain: 0 (>= 0,2 mm)  0 (>= 2,0 mm)  0 (>= 20,0 mm)
Heat Base: 18,3  Cool Base: 18,3  Method: Integration