NOAA-Style Climate Reports

Select a Year or Month report
2019: Sty Lut Mar Kwi Maj Cze Lip Sie Wrz Paź Lis Gru
2018: Sty Lut Mar Kwi Maj Cze Lip Sie Wrz Paź Lis Gru
2017: Sty Lut Mar Kwi Maj Cze Lip Sie Wrz Paź Lis Gru

Report for 2019 Sierpień
                   Monthly Climatological Summary for sie 2019

Name: Meteo Cholowice   City: Cholowice   State: Cholowice
Elevation: 184 m  Lat: N 49° 45' 49"   Lon: E 022° 34' 57"

                  Temperature (°C), Rain (mm), Wind Speed (km/h)

                                      Heat  Cool        Avg
    Mean                              Deg   Deg         Wind                 Dom
Day Temp  High   Time   Low    Time   Days  Days  Rain  Speed High   Time    Dir
----------------------------------------------------------------------------------
 1  21,7  27,8   13:09  17,7   23:16   0,0   3,4   0,0   0,3  12,0   14:39     N
 2  21,1  28,3   14:52  15,2   23:40   0,7   3,4   0,0   1,3  17,0   13:10     N
 3  19,1  26,7   10:53  13,8   23:44   1,4   2,2   0,0   0,0   0,0   00:00   ---
 4  18,3  25,9   14:59  12,3   05:00   1,8   1,9   0,0   1,0  17,0   16:10     N
 5  18,8  28,1   14:44  12,1   04:57   1,8   2,4   0,0   0,4  11,0   16:24   NNE
 6  20,7  29,8   13:57  12,8   03:23   1,5   4,0   0,0   1,1  14,0   14:01    NE
 7  23,4  33,3   13:41  17,3   00:28   0,1   5,2   0,0   1,3  18,0   17:12    NE
 8  20,7  27,4   15:30  14,2   23:57   0,4   2,8   0,0   1,2  18,0   14:39     N
 9  20,8  29,2   13:31  13,9   01:00   1,6   4,0   0,0   1,4  15,0   14:03     N
10  22,2  31,5   15:55  12,8   04:32   1,4   5,4   0,0   0,5  12,0   16:41    NE
11  22,5  29,2   15:32  16,8   23:54   0,1   3,9   0,0   0,4  10,0   09:50     N
12  24,8  34,8   12:52  15,6   04:46   0,6   7,1   0,0   0,9  12,0   13:10   ENE
13  20,5  24,7   13:48  17,8   23:01   0,0   2,2   0,0   0,3  10,0   05:35     N
14  16,5  19,0   09:25  12,8   23:57   1,9   0,0   0,0   1,0  20,0   13:11     N
15  16,9  24,3   14:54  11,6   23:55   2,9   1,5   0,0   0,2  12,0   13:27    NE
16  17,2  25,9   12:33  11,2   05:43   3,2   2,1   0,0   0,4   9,0   16:39   NNE
17  18,2  26,9   12:55  10,6   05:20   2,4   2,4   0,0   0,0   0,0   00:00   ---
18  20,8  29,2   12:33  12,5   04:16   1,5   4,1   0,0   1,5  14,0   09:05   ENE
19  24,0  32,9   13:33  15,4   05:40   0,4   6,1   0,0   1,3  17,0   00:15   ENE
20  23,9  31,3   13:43  17,4   01:55   0,1   5,7   0,0   0,4   7,0   12:29   NNE
21  21,4  29,2   10:45  17,5   23:43   0,0   3,1   0,0   2,0  20,0   13:27     N
22  19,4  24,7   14:00  14,8   05:00   0,7   1,8   0,0   0,0   0,0   00:00   ---
23  19,7  27,3   12:59  13,4   05:37   1,3   2,7   0,0   0,6  17,0   13:16    NE
24  20,1  28,0   13:33  13,2   04:51   1,5   3,3   0,0   1,3  12,0   15:30    NE
25  21,4  29,5   12:43  14,1   03:28   1,1   4,2   0,0   1,2  12,0   10:23     E
26  21,7  31,2   14:49  15,3   05:26   0,7   4,1   0,0   0,4   8,0   14:24   NNE
27  22,5  31,8   13:26  16,0   23:51   0,5   4,7   0,0   1,0  14,0   13:28     E
28  22,2  32,1   14:51  14,1   04:31   1,0   4,9   0,0   0,0   4,0   11:13    NE
29  23,1  33,2   12:43  16,3   05:46   0,5   5,2   0,0   0,1  15,0   16:52   ESE
30  22,6  32,0   13:55  16,1   05:00   0,5   4,7   0,0   0,8  18,0   15:30     N
31  22,2  30,4   13:58  16,1   02:10   0,5   4,4   0,0   0,5  10,0   12:37   ENE
----------------------------------------------------------------------------------
    20,9  34,8    12    10,6    17    32,1 112,9   0,0   0,7  20,0    14      NE

Max >=  27,0: 23
Max <=   0,0:  0
Min <=   0,0:  0
Min <= -18,0:  0
Max Rain: 0,0 on day 0
Days of Rain: 0 (>= 0,2 mm)  0 (>= 2,0 mm)  0 (>= 20,0 mm)
Heat Base: 18,3  Cool Base: 18,3  Method: Integration