NOAA-Style Climate Reports

Select a Year or Month report
2019: Sty Lut Mar Kwi Maj Cze Lip Sie Wrz Paź Lis Gru
2018: Sty Lut Mar Kwi Maj Cze Lip Sie Wrz Paź Lis Gru
2017: Sty Lut Mar Kwi Maj Cze Lip Sie Wrz Paź Lis Gru

Report for 2019 Lipiec
                   Monthly Climatological Summary for lip 2019

Name: Meteo Cholowice   City: Cholowice   State: Cholowice
Elevation: 184 m  Lat: N 49° 45' 49"   Lon: E 022° 34' 57"

                  Temperature (°C), Rain (mm), Wind Speed (km/h)

                                      Heat  Cool        Avg
    Mean                              Deg   Deg         Wind                 Dom
Day Temp  High   Time   Low    Time   Days  Days  Rain  Speed High   Time    Dir
----------------------------------------------------------------------------------
 1  29,0  35,4   12:49  22,8   03:53   0,0  10,7   0,0   4,5  18,0   15:12    NE
 2  23,1  30,9   14:28  14,9   23:55   0,2   4,5   0,0   1,3  13,0   14:05     N
 3  18,9  25,6   14:34  11,2   23:59   1,9   2,5   0,0   1,9  17,0   14:48     N
 4  18,2  26,7   13:04   8,9   04:42   2,9   2,8   0,0   1,7  17,0   13:10     N
 5  18,3  29,0   12:06   9,1   04:06   2,7   2,7   0,0   1,0  16,0   12:14   NNE
 6  20,5  28,5   15:59  13,8   04:53   1,2   3,4   0,0   0,9  14,0   09:37   NNE
 7  22,2  30,7   12:16  15,3   00:58   0,4   4,3   0,0   1,4  11,0   17:01   NNE
 8  17,0  23,2   14:20   9,5   23:53   2,3   1,1   0,0   2,8  24,0   12:29     N
 9  15,6  24,3   15:22   7,5   03:25   3,8   1,1   0,0   2,5  28,0   12:51     N
10  15,8  23,8   12:45   9,8   01:35   3,1   0,6   0,0   2,4  21,0   20:24     N
11  16,0  22,2   12:14  11,9   23:55   2,7   0,4   0,0   0,4  12,0   16:18     N
12  18,2  27,8   14:17  10,7   04:39   2,8   2,7   0,0   0,7  14,0   14:09     N
13  17,2  26,2   11:10  10,5   04:21   2,6   1,4   0,0   0,6  16,0   13:53   NNE
14  17,9  26,2   12:23  13,7   04:34   1,8   1,4   0,0   0,2  12,0   14:11     N
15  17,9  27,0   13:53  11,9   23:55   2,2   1,8   0,0   0,6  15,0   13:53     N
16  18,5  27,7   12:58   9,6   02:45   2,5   2,7   0,0   1,7  19,0   15:33     N
17  17,1  23,9   14:51   9,6   04:42   2,5   1,3   0,0   2,2  27,0   16:05     N
18  18,1  27,7   14:32   8,7   04:21   2,9   2,7   0,0   0,8  14,0   09:38     N
19  20,4  31,0   12:07   9,5   04:08   2,4   4,5   0,0   1,0  17,0   10:59    NE
20  22,0  29,7   15:32  16,1   04:58   0,5   4,2   0,0   1,1  13,0   14:54   NNE
21  21,9  33,7   14:34  15,0   04:07   0,7   4,4   0,0   1,3  39,0   17:20   NNE
22  21,8  28,7   15:22  15,8   04:37   0,4   3,9   0,0   1,4  15,0   14:29     N
23  19,6  23,7   15:19  16,7   23:50   0,3   1,5   0,0   0,2  11,0   17:14     N
24  19,8  25,7   14:53  15,1   02:02   0,8   2,3   0,0   0,3  10,0   15:49     N
27  19,1  28,3   11:01  16,0   00:00   0,5   0,9   0,0  ----   9,0   09:14     N
28  27,8  34,1   14:17   0,0   12:27   0,0   4,6   0,0   1,3  14,0   21:46    NE
29  25,1  35,1   15:03  17,3   04:56   0,1   6,9   0,0   0,7  12,0   13:10    NE
30  23,9  32,8   14:33  16,8   04:09   0,2   5,8   0,0   0,9  14,0   17:28     N
31  22,8  30,4   12:43  18,5   04:08   0,0   4,5   0,0   0,1  14,0   13:05   NNE
----------------------------------------------------------------------------------
    20,1  35,4     1     0,0    28    44,4  91,6   0,0   1,3  39,0    21     NNE

Max >=  27,0: 18
Max <=   0,0:  0
Min <=   0,0:  1
Min <= -18,0:  0
Max Rain: 0,0 on day 0
Days of Rain: 0 (>= 0,2 mm)  0 (>= 2,0 mm)  0 (>= 20,0 mm)
Heat Base: 18,3  Cool Base: 18,3  Method: Integration