NOAA-Style Climate Reports

Select a Year or Month report
2019: Sty Lut Mar Kwi Maj Cze Lip Sie Wrz Paź Lis Gru
2018: Sty Lut Mar Kwi Maj Cze Lip Sie Wrz Paź Lis Gru
2017: Sty Lut Mar Kwi Maj Cze Lip Sie Wrz Paź Lis Gru

Report for 2019 Maj
                   Monthly Climatological Summary for maj 2019

Name: Meteo Cholowice   City: Cholowice   State: Cholowice
Elevation: 184 m  Lat: N 49° 45' 49"   Lon: E 022° 34' 57"

                  Temperature (°C), Rain (mm), Wind Speed (km/h)

                                      Heat  Cool        Avg
    Mean                              Deg   Deg         Wind                 Dom
Day Temp  High   Time   Low    Time   Days  Days  Rain  Speed High   Time    Dir
----------------------------------------------------------------------------------
 1  12,9  20,4   13:52   7,5   22:13   5,6   0,2   0,0   3,5  22,0   15:28     N
 2  14,3  22,4   15:00   7,4   23:59   4,7   0,7   0,0   4,7  27,0   12:14     N
 3  11,8  20,2   09:59   6,4   01:46   6,6   0,1   0,0   1,7  13,0   08:38     N
 4  11,4  16,8   10:42   6,3   05:45   6,9   0,0   0,0   1,1   7,0   09:59   ENE
 5   9,2  10,8   09:35   6,8   23:44   9,1   0,0   0,0   3,1  19,0   14:48     N
 6   5,9   6,9   00:04   5,3   09:47  12,4   0,0   0,0   3,4  19,0   15:17     N
 7  10,0  16,5   15:00   5,3   04:27   8,3   0,0   0,0   2,6  23,0   11:02     N
 8  10,7  20,0   11:33   2,1   05:15   7,6   0,0   0,0   1,2   9,0   14:12   NNE
 9  11,9  22,0   13:49   1,1   05:06   6,8   0,4   0,0   1,8  13,0   13:33   ENE
10  13,4  20,1   15:01   9,5   04:14   5,0   0,1   0,0   1,0  10,0   12:43    NE
11  14,7  22,6   14:11   9,5   23:59   4,3   0,7   0,0   1,7  15,0   14:36     N
12  16,6  26,2   11:49   6,7   03:44   4,0   2,3   0,0   2,5  14,0   22:54    NE
13  10,4  13,5   00:00   8,8   23:28   7,9   0,0   0,0   5,3  18,0   01:47     N
14   8,2   9,4   22:30   6,4   06:35  10,1   0,0   0,0   1,7  14,0   00:01     N
15  12,5  16,6   16:48   9,2   02:08   5,8   0,0   0,0   0,3   6,0   03:15     N
16  15,2  20,4   11:36  11,5   04:25   3,2   0,1   0,0  ----  10,0   00:13     N
17  17,3  24,8   11:12  11,9   04:42   2,4   1,5   0,0  ----  15,0   16:59    NE
18  18,8  27,8   11:30  13,2   04:01   2,0   2,5   0,0  ----  10,0   14:10    NE
19  20,1  27,6   12:00  14,8   23:58   1,2   3,0   0,0  ----  12,0   13:29    NE
20  19,2  27,5   11:45  13,3   02:17   1,4   2,2   0,0  ----  10,0   13:57   ENE
21  14,6  15,6   11:23  13,2   23:28   3,7   0,0   0,0  ----  18,0   11:33    NE
22  16,4  21,7   15:28  12,9   04:28   2,4   0,5   0,0  ----  17,0   13:35     E
23  14,8  20,0   10:31  12,2   02:59   1,9   0,1   0,0  ----   5,0   10:34     E
24  17,2  23,9   13:10   0,0   12:33   0,8   0,2   0,0  ----  15,0   14:04     N
25  17,6  25,2   13:51  11,7   23:55   2,3   1,5   0,0  ----  20,0   15:38     N
26  16,9  25,8   12:54   9,0   04:36   3,2   1,8   0,0  ----  13,0   11:36     N
27  20,6  31,0   12:40  10,8   04:38   1,9   4,2   0,0  ----  14,0   12:15   ENE
28  21,3  27,5   13:50  15,7   05:23   0,6   3,6   0,0  ----  20,0   13:12   ESE
29  18,2  26,5   11:25  13,5   21:52   1,6   1,5   0,0  ----  21,0   14:46     N
30  13,6  14,5   17:27  12,9   11:49   4,7   0,0   0,0  ----  10,0   02:39     N
31  17,7  24,0   12:00  11,4   23:59   2,3   1,7   0,0  ----   9,0   11:53     N
----------------------------------------------------------------------------------
    14,6  31,0    27     0,0    24   140,7  28,9   0,0   2,4  27,0     2     NNE

Max >=  27,0:  5
Max <=   0,0:  0
Min <=   0,0:  1
Min <= -18,0:  0
Max Rain: 0,0 on day 0
Days of Rain: 0 (>= 0,2 mm)  0 (>= 2,0 mm)  0 (>= 20,0 mm)
Heat Base: 18,3  Cool Base: 18,3  Method: Integration