NOAA-Style Climate Reports

Select a Year or Month report
2019: Sty Lut Mar Kwi Maj Cze Lip Sie Wrz Paź Lis Gru
2018: Sty Lut Mar Kwi Maj Cze Lip Sie Wrz Paź Lis Gru
2017: Sty Lut Mar Kwi Maj Cze Lip Sie Wrz Paź Lis Gru

Report for 2019 Kwiecień
                   Monthly Climatological Summary for kwi 2019

Name: Meteo Cholowice   City: Cholowice   State: Cholowice
Elevation: 184 m  Lat: N 49° 45' 49"   Lon: E 022° 34' 57"

                  Temperature (°C), Rain (mm), Wind Speed (km/h)

                                      Heat  Cool        Avg
    Mean                              Deg   Deg         Wind                 Dom
Day Temp  High   Time   Low    Time   Days  Days  Rain  Speed High   Time    Dir
----------------------------------------------------------------------------------
 1   8,2  13,6   13:30   1,6   23:59  10,1   0,0   0,0   3,4  15,0   18:06     N
 2   6,0  14,3   14:09  -2,3   04:06  12,3   0,0   0,0   4,1  30,0   10:54   ESE
 3   8,4  17,2   14:15  -0,5   06:19   9,9   0,0   0,0   1,5  20,0   12:23     E
 4   9,4  19,8   14:41   1,1   06:04   9,0   0,1   0,0   1,7  14,0   13:14   ENE
 5  11,1  21,7   14:26   2,6   02:58   7,7   0,4   0,0   2,2  16,0   14:32     E
 6  10,3  18,8   12:43   3,7   05:36   8,0   0,0  13,7   2,9  17,0   10:34     E
 7  10,9  19,3   12:36   4,0   23:59   7,4   0,0   0,0   1,6  14,0   10:51   NNE
 8  11,5  21,0   14:14   3,1   02:02   7,3   0,5   0,0   2,0  16,0   12:38     N
 9  12,1  20,2   12:46   3,1   05:59   6,4   0,2   0,0   2,1  18,0   15:38   NNE
10   9,0  11,7   15:34   7,3   05:45   9,3   0,0   0,0   2,8  12,0   22:05   NNE
11   7,2  10,7   13:37   4,3   23:59  11,1   0,0   0,0   3,2  15,0   12:43     N
12   5,8   8,8   16:05   3,5   06:08  12,5   0,0   0,0   3,6  14,0   14:06     N
13   8,6  14,9   14:38   3,9   03:27   9,6   0,0   0,0   3,0  17,0   13:37   NNE
14   8,7  15,9   14:41   0,6   23:55   9,6   0,0   0,0   3,0  19,0   14:04   NNE
15   5,7  14,5   11:35  -3,1   05:52  12,6   0,0   0,0   2,3  17,0   15:07   NNE
16   5,0  15,5   14:15  -4,6   05:34  13,3   0,0   1,3   2,2  21,0   14:52     N
17   8,1  15,0   15:39   2,9   23:53  10,2   0,0   1,0   2,3  13,0   15:43   NNE
18  10,7  19,8   14:54   2,8   00:13   7,7   0,1   0,0   1,7  17,0   11:48    NE
19  10,3  20,3   14:25   0,3   05:16   8,2   0,3   0,0   2,4  17,0   16:14     N
20  11,3  22,6   13:35  -1,2   05:31   8,0   1,0   0,0   1,6  20,0   12:22     N
21  10,6  19,8   11:57   2,2   03:29   7,8   0,1   0,0   2,7  16,0   11:03     N
22  11,0  18,3   14:01   4,8   00:00   7,3   0,0   0,0   4,3  24,0   14:16     E
23  12,2  21,3   15:01   3,0   03:12   6,5   0,5   0,0   3,5  22,0   16:45     E
24  14,7  22,4   16:42   7,6   04:36   4,5   0,8   0,0   0,1   4,0   09:56   ESE
25  16,9  28,1   15:21   7,4   03:08   4,2   2,8   0,0   2,3  21,0   11:54   ESE
26  19,4  30,1   11:54   6,9   05:10   3,3   4,4   0,0   3,5  27,0   13:27   ENE
27  16,9  24,4   11:51   9,8   05:06   2,9   1,5   1,0   2,9  16,0   15:08     N
28  11,5  13,6   00:00  10,1   19:14   6,8   0,0   4,3   3,2  10,0   03:18     N
29  12,6  15,5   11:02  10,0   05:10   5,7   0,0  14,0   2,1  11,0   13:57     N
30  13,5  19,2   13:45  11,1   04:30   4,8   0,0   0,0   1,7  16,0   14:32     N
----------------------------------------------------------------------------------
    10,6  30,1    26    -4,6    16   244,0  12,7  35,3   2,5  30,0     2      NE

Max >=  27,0:  2
Max <=   0,0:  0
Min <=   0,0:  5
Min <= -18,0:  0
Max Rain: 14,0 on day 29
Days of Rain: 6 (>= 0,2 mm)  3 (>= 2,0 mm)  0 (>= 20,0 mm)
Heat Base: 18,3  Cool Base: 18,3  Method: Integration