NOAA-Style Climate Reports

Select a Year or Month report
2019: Sty Lut Mar Kwi Maj Cze Lip Sie Wrz Paź Lis Gru
2018: Sty Lut Mar Kwi Maj Cze Lip Sie Wrz Paź Lis Gru
2017: Sty Lut Mar Kwi Maj Cze Lip Sie Wrz Paź Lis Gru

Report for 2019 Marzec
                   Monthly Climatological Summary for mar 2019

Name: Meteo Cholowice   City: Cholowice   State: Cholowice
Elevation: 184 m  Lat: N 49° 45' 49"   Lon: E 022° 34' 57"

                  Temperature (°C), Rain (mm), Wind Speed (km/h)

                                      Heat  Cool        Avg
    Mean                              Deg   Deg         Wind                 Dom
Day Temp  High   Time   Low    Time   Days  Days  Rain  Speed High   Time    Dir
----------------------------------------------------------------------------------
 9   4,9   5,1   04:02   4,6   00:00   3,4   0,0   0,0  ----  23,0   02:36     N
10   8,7  12,8   12:15   0,0   04:31   7,8   0,0  15,0   9,6  29,0   05:55   NNE
11   5,5   9,3   12:42   1,3   22:24  11,4   0,0   3,0   9,5  44,0   04:53     N
12   2,0   6,5   12:12  -4,2   23:54  16,3   0,0   2,0  ----  27,0   15:08     N
13   2,2   9,1   12:45  -6,5   05:18  16,0   0,0   0,0  ----  28,0   14:00     E
14   6,1  13,3   10:52   0,7   20:28  12,2   0,0   0,0  ----  24,0   08:37   ESE
15   6,1  10,4   13:15   3,1   00:02  12,2   0,0   0,0  ----  28,0   07:51     E
16   5,4   8,6   15:34  -0,7   23:47  12,9   0,0   4,3  ----  39,0   06:45     N
17  10,5  17,7   13:48  -0,7   00:00   7,8   0,0   1,0  ----  27,0   21:57     E
18   6,8  11,4   00:06   4,3   23:53  11,5   0,0   1,0  ----  28,0   06:00     N
19   5,3  11,1   11:26   1,0   23:36  13,0   0,0   0,0  ----  17,0   13:50     N
20   3,3  12,8   13:25  -3,3   23:52  15,0   0,0   0,0  ----  10,0   14:07   NNE
21   4,6  10,7   14:05  -4,2   04:01  13,7   0,0   0,0  ----  25,0   16:50     N
22   7,9  14,7   12:26   2,1   23:53  10,4   0,0   0,0  ----  15,0   13:48     N
23   6,5  16,4   14:08  -0,9   23:48  11,8   0,0   0,0  ----  15,0   11:44     E
24   6,1  14,9   13:18  -1,4   02:32  12,2   0,0   0,0  ----  20,0   11:59     N
25   6,4  13,2   13:42   2,0   22:41  11,9   0,0   4,1  ----  19,0   15:41     N
26   4,6   9,1   14:10   0,7   23:59  13,7   0,0   0,0  ----  41,0   21:04     N
27   3,2  10,2   12:46  -2,6   22:40  15,1   0,0   0,0  ----  27,0   15:14     N
28   4,1  10,9   14:35  -1,7   00:00  14,2   0,0   0,0  ----  15,0   13:43     N
29   6,0  14,0   13:47  -0,5   00:00  12,3   0,0   0,0  ----  23,0   14:39     N
30   7,4  16,7   14:40  -0,3   01:29  10,9   0,0   0,0  ----  10,0   10:10     N
31   9,6  20,6   13:01   0,2   03:06   8,7   0,3   0,0  ----  21,0   16:52     N
----------------------------------------------------------------------------------
     5,8  20,6    31    -6,5    13   274,4   0,3  30,4   9,6  44,0    11       N

Max >=  27,0:  0
Max <=   0,0:  0
Min <=   0,0: 13
Min <= -18,0:  0
Max Rain: 15,0 on day 10
Days of Rain: 7 (>= 0,2 mm)  5 (>= 2,0 mm)  0 (>= 20,0 mm)
Heat Base: 18,3  Cool Base: 18,3  Method: Integration