NOAA-Style Climate Reports

Select a Year or Month report
2019: Sty Lut Mar Kwi Maj Cze Lip Sie Wrz Paź Lis Gru
2018: Sty Lut Mar Kwi Maj Cze Lip Sie Wrz Paź Lis Gru
2017: Sty Lut Mar Kwi Maj Cze Lip Sie Wrz Paź Lis Gru

Report for 2019 Styczeń
                   Monthly Climatological Summary for sty 2019

Name: Meteo Cholowice   City: Cholowice   State: Cholowice
Elevation: 184 m  Lat: N 49° 45' 49"   Lon: E 022° 34' 57"

                  Temperature (°C), Rain (mm), Wind Speed (km/h)

                                      Heat  Cool        Avg
    Mean                              Deg   Deg         Wind                 Dom
Day Temp  High   Time   Low    Time   Days  Days  Rain  Speed High   Time    Dir
----------------------------------------------------------------------------------
 1   1,4   3,2   11:06  -1,7   07:28  16,9   0,0   4,1   5,1  24,0   15:42    NE
 2   0,9   1,9   13:06  -0,7   23:37  17,4   0,0   5,3   8,1  31,0   19:23     N
 3  -2,4  -0,7   00:00  -4,3   22:41  20,7   0,0   0,0   8,5  28,0   03:06     N
 4  -4,0  -1,9   11:32  -5,1   16:13  22,3   0,0   0,0   5,4  21,0   12:33   NNE
 5  -2,4  -0,5   21:53  -4,5   00:00  20,7   0,0   0,0   6,9  35,0   08:11   NNE
 6  -4,0  -0,7   00:23  -5,6   18:31  22,3   0,0   0,0   5,8  20,0   11:13     N
 7  -6,1  -2,1   12:21 -13,3   23:56  24,4   0,0   0,0   2,3  10,0   00:30     N
 8  -6,9  -2,4   12:11 -13,8   02:51  25,2   0,0   0,0   4,5  21,0   11:10   ENE
 9  -2,8   0,9   13:39  -5,0   23:58  21,0   0,0   0,0   1,6  26,0   00:03    NE
10  -4,1   0,0   11:45  -6,0   04:25  22,4   0,0   0,0   0,8   8,0   14:49   NNE
11  -6,9  -3,4   13:21 -11,4   20:51  25,2   0,0   0,0   2,9  14,0   15:26     N
12  -1,5   1,7   12:04  -4,6   00:02  19,8   0,0   0,0   6,0  24,0   01:22   NNE
13   0,6   3,5   11:42  -1,4   00:00  17,7   0,0   1,0   6,9  39,0   23:36   ENE
14   1,0   3,1   11:12  -2,2   22:26  17,3   0,0   9,7   8,9  28,0   12:41   NNE
15  -0,6   2,0   11:41  -2,9   01:25  18,9   0,0   1,0   6,6  27,0   17:07     N
16   2,1   3,5   13:51  -0,1   00:08  16,2   0,0   4,3   4,9  28,0   05:26     N
17   3,2   7,5   11:42  -0,4   02:52  15,1   0,0   0,0   4,5  35,0   11:56    NE
18   2,4   4,4   03:33  -0,9   23:56  15,9   0,0   0,8   5,8  26,0   11:11   NNE
19  -3,8   0,5   12:51  -7,3   23:55  22,1   0,0   0,0   1,0  13,0   00:37     N
20  -4,5   0,2   13:13  -8,9   02:45  22,8   0,0   0,0   0,5   7,0   23:47   NNE
21  -4,9   0,2   13:32 -11,2   23:48  23,2   0,0   0,0   0,8   7,0   06:21     N
22  -7,2  -2,8   13:06 -13,1   06:44  25,5   0,0   0,0   1,5  13,0   13:43     E
23  -4,6  -3,8   00:00  -5,5   19:19  22,9   0,0   0,0   3,2  12,0   10:38   NNE
24  -5,5  -4,4   12:21  -6,0   08:50  23,8   0,0   0,0   4,8  20,0   09:12    NE
25  -4,3  -0,5   13:43  -6,1   02:54  22,6   0,0   0,0   3,1  14,0   16:43    NE
26  -3,9  -0,6   11:54  -5,6   06:33  22,2   0,0   0,0   1,2  14,0   04:19     N
27  -1,9   3,0   14:24  -6,3   22:48  20,2   0,0   0,0   1,8  17,0   10:41     E
28  -1,1   9,4   12:25  -8,1   06:44  19,4   0,0   5,3   1,9  18,0   12:18   ESE
29   1,0   6,0   12:34  -1,0   22:40  17,3   0,0   1,0   0,7  10,0   12:21     N
30   0,3   4,6   11:50  -3,8   03:51  18,0   0,0   1,3   1,1   8,0   18:36   ESE
31   1,1   2,8   10:26  -0,4   23:41  17,2   0,0   1,0   0,1   4,0   08:32   ESE
----------------------------------------------------------------------------------
    -2,2   9,4    28   -13,8     8   636,6   0,0  34,8   3,8  39,0    13     NNE

Max >=  27,0:  0
Max <=   0,0: 13
Min <=   0,0: 31
Min <= -18,0:  0
Max Rain: 9,7 on day 14
Days of Rain: 11 (>= 0,2 mm)  5 (>= 2,0 mm)  0 (>= 20,0 mm)
Heat Base: 18,3  Cool Base: 18,3  Method: Integration