NOAA-Style Climate Reports

Select a Year or Month report
2019: Sty Lut Mar Kwi Maj Cze Lip Sie Wrz Paź Lis Gru
2018: Sty Lut Mar Kwi Maj Cze Lip Sie Wrz Paź Lis Gru
2017: Sty Lut Mar Kwi Maj Cze Lip Sie Wrz Paź Lis Gru

Report for 2019
                   Annual Climatological Summary for 2019

Name: Meteo Cholowice   City: Cholowice   State: Cholowice
Elevation: 184 m  Lat: N 49° 45' 49"   Lon: E 022° 34' 57"

                  Temperature (°C), Heat Base: 18,3  Cool Base: 18,3
                          Dep.  Heat  Cool                       Max  Max  Min  Min
        Mean  Mean        From  Deg   Deg                        >=   <=   <=   <=
 YR MO  Max   Min   Mean  Norm  Days  Days  Hi  Date  Low  Date 27,0  0,0  0,0 -18,0
------------------------------------------------------------------------------------
 19  1   1,1  -5,4  -2,2   0.0   636     0   9,4  28 -13,8    8    0   13   31    0
 19  2   6,2  -2,3   1,6   0.0   217     0  10,4   2  -7,2    8    0    0    9    0
 19  3  12,2  -0,3   5,8   0.0   274     0  20,6  31  -6,5   13    0    0   13    0
 19  4  18,3   3,5  10,6   0.0   244    12  30,1  26  -4,6   16    2    0    5    0
 19  5  20,9   9,2  14,6   0.0   140    28  31,0  27   0,0   24    5    0    1    0
 19  6  31,0  14,8  22,9   0.0    18   155  36,0  26   0,0   17   25    0    1    0
 19  7  28,3  12,6  20,1   0.0    44    91  35,4   1   0,0   28   18    0    1    0
 19  8  28,9  14,5  20,9   0.0    32   112  34,8  12  10,6   17   23    0    0    0
 19  9  21,9   9,7  15,2   0.0   111    31  31,5   1   3,8   19    3    0    0    0
 19 10  18,5   5,7  10,8   0.0   243    12  24,6   2  -3,0   31    0    0    2    0
 19 11  13,4   3,0   8,3   0.0    91     0  19,2   4  -5,7    1    0    0    3    0
 19 12
------------------------------------------------------------------------------------
        18,2   5,9  11,7   0.0  2054   444  36,0 cze -13,8  sty   76   13   66    0

                                Precipitation (mm)

              Dep.   Max        Days of Rain
              From   Obs.           >=
 YR MO Total  Norm   Day Date  0,2  2,0 20,0
---------------------------------------------
 19  1  34,8   0.0   9,7  14    11    5    0
 19  2   5,1   0.0   5,1  11     1    1    0
 19  3  30,4   0.0  15,0  10     7    5    0
 19  4  35,3   0.0  14,0  29     6    3    0
 19  5   0,0   0.0   0,0   0     0    0    0
 19  6   0,0   0.0   0,0   0     0    0    0
 19  7   0,0   0.0   0,0   0     0    0    0
 19  8   0,0   0.0   0,0   0     0    0    0
 19  9   0,0   0.0   0,0   0     0    0    0
 19 10   0,0   0.0   0,0   0     0    0    0
 19 11   0,0   0.0   0,0   0     0    0    0
 19 12
---------------------------------------------
       105,6   0.0  15,0  mar   25   14    0

                                Wind Speed (km/h)
                          Dom
 YR MO   Avg.  Hi   Date  Dir
------------------------------
 19  1   3,8  39,0   13   NNE
 19  2   3,9  30,0    2   NNE
 19  3   9,6  44,0   11   NNE
 19  4   2,5  30,0    2   NNE
 19  5   2,4  27,0    2     N
 19  6   1,2  36,0   28   NNE
 19  7   1,3  39,0   21   NNE
 19  8   0,7  20,0   14   NNE
 19  9   0,7  28,0   17   NNE
 19 10   1,4  28,0    8    NE
 19 11   2,2  24,0    2     E
 19 12
------------------------------
         2,7  44,0  mar   NNE