NOAA-Style Climate Reports

Select a Year or Month report
2019: Sty Lut Mar Kwi Maj Cze Lip Sie Wrz Paź Lis Gru
2018: Sty Lut Mar Kwi Maj Cze Lip Sie Wrz Paź Lis Gru
2017: Sty Lut Mar Kwi Maj Cze Lip Sie Wrz Paź Lis Gru

Report for 2018 Grudzień
                   Monthly Climatological Summary for gru 2018

Name: Meteo Cholowice   City: Cholowice   State: Cholowice
Elevation: 184 m  Lat: N 49° 45' 49"   Lon: E 022° 34' 57"

                  Temperature (°C), Rain (mm), Wind Speed (km/h)

                                      Heat  Cool        Avg
    Mean                              Deg   Deg         Wind                 Dom
Day Temp  High   Time   Low    Time   Days  Days  Rain  Speed High   Time    Dir
----------------------------------------------------------------------------------
 1  -9,2  -3,0   23:52 -15,4   06:59  27,5   0,0   0,0   1,9  17,0   13:08    NE
 2  -0,1   3,6   23:51  -3,0   00:00  18,4   0,0   1,0   4,3  21,0   04:02   NNE
 3   5,4   8,3   12:59   3,4   01:05  12,9   0,0   0,0   5,5  27,0   18:57   ENE
 4   6,5  10,1   11:23   3,5   02:07  11,8   0,0   2,0   5,0  25,0   13:40   NNE
 5   1,2   3,6   00:00  -1,7   23:33  17,1   0,0   0,0   5,6  21,0   10:40     N
 6  -1,7   0,1   12:20  -4,7   06:22  20,0   0,0   0,0   0,7   8,0   12:43   ESE
 7   1,9   2,8   13:09  -1,3   00:00  16,4   0,0   1,0   4,9  28,0   23:24    NE
 8   3,5   4,7   14:02   1,4   23:58  14,8   0,0   3,3   4,8  28,0   03:57    NE
 9   2,9   7,0   12:09  -2,4   04:56  15,4   0,0   1,0   5,7  25,0   16:03     E
10   3,2   5,0   11:06   1,4   18:33  15,1   0,0   1,0   6,3  20,0   14:17   NNE
11   0,3   4,6   11:24  -5,3   23:50  18,0   0,0   0,0   1,7  12,0   12:52   ENE
12  -1,6   2,2   13:11  -5,6   01:29  19,9   0,0   0,0   1,3  12,0   20:18     N
13   0,3   1,6   12:01  -0,6   23:53  18,0   0,0   0,0   3,5  14,0   06:54     N
14  -0,3   0,7   10:41  -1,1   07:13  18,6   0,0   0,0   1,2   9,0   05:35   NNE
15  -1,4  -0,3   12:49  -2,0   04:15  19,7   0,0   0,0   4,6  21,0   10:53    NE
16  -1,1   1,3   11:16  -3,1   05:29  19,4   0,0   0,0   1,4  12,0   00:26     E
17  -1,5   1,6   11:36  -3,3   08:25  19,8   0,0   0,0   0,3   7,0   12:15   ESE
18  -1,8   1,4   13:12  -6,0   04:20  20,1   0,0   0,0   0,2   6,0   21:14   ESE
19  -4,3   0,1   11:48  -9,4   21:22  22,6   0,0   0,0   2,5  14,0   06:25   ESE
20  -3,4   0,8   23:28  -7,7   02:13  21,7   0,0   0,0   2,1  22,0   23:12   ENE
21   2,3   5,1   12:26   0,1   06:51  16,0   0,0   4,3   5,8  21,0   13:37     E
22   4,4   6,3   12:15   2,6   01:27  13,9   0,0   3,0   8,2  31,0   02:10    NE
23   3,6   4,6   11:19   3,0   22:16  14,7   0,0   1,0   6,6  28,0   03:20     N
24   1,5   3,3   01:19  -0,6   22:43  16,8   0,0   3,3   5,8  24,0   16:13     N
25   0,0   1,3   23:42  -1,5   07:16  18,3   0,0   0,0   6,9  23,0   01:11     N
26   2,6   3,5   20:33   1,2   00:00  15,7   0,0   5,1   7,7  21,0   21:24     N
27   4,1   5,0   21:32   3,3   01:43  14,2   0,0   4,3   6,1  23,0   00:29     N
28   4,3   5,8   13:25   3,4   21:35  14,0   0,0   4,3   6,1  19,0   05:05     N
29   3,5   4,5   10:48   2,2   22:01  14,8   0,0   1,0   4,2  15,0   05:15     N
30   3,1   5,1   13:22   2,2   18:07  15,2   0,0   2,0   2,8  23,0   14:31   ENE
31   2,0   2,7   06:24   1,2   23:12  16,3   0,0   5,3   4,2  20,0   12:39     N
----------------------------------------------------------------------------------
     1,0  10,1     4   -15,4     1   537,1   0,0  42,9   4,1  31,0    22     NNE

Max >=  27,0:  0
Max <=   0,0:  2
Min <=   0,0: 18
Min <= -18,0:  0
Max Rain: 5,3 on day 31
Days of Rain: 16 (>= 0,2 mm)  10 (>= 2,0 mm)  0 (>= 20,0 mm)
Heat Base: 18,3  Cool Base: 18,3  Method: Integration