NOAA-Style Climate Reports

Select a Year or Month report
2019: Sty Lut Mar Kwi Maj Cze Lip Sie Wrz Paź Lis Gru
2018: Sty Lut Mar Kwi Maj Cze Lip Sie Wrz Paź Lis Gru
2017: Sty Lut Mar Kwi Maj Cze Lip Sie Wrz Paź Lis Gru

Report for 2018 Listopad
                   Monthly Climatological Summary for lis 2018

Name: Meteo Cholowice   City: Cholowice   State: Cholowice
Elevation: 184 m  Lat: N 49° 45' 49"   Lon: E 022° 34' 57"

                  Temperature (°C), Rain (mm), Wind Speed (km/h)

                                      Heat  Cool        Avg
    Mean                              Deg   Deg         Wind                 Dom
Day Temp  High   Time   Low    Time   Days  Days  Rain  Speed High   Time    Dir
----------------------------------------------------------------------------------
 1   9,8  19,5   13:41   2,0   06:25   8,5   0,1   0,0   1,0  10,0   13:06     E
 2  13,8  20,7   12:45  10,1   23:56   4,8   0,2   0,0   1,6  15,0   11:27    SE
 3  13,8  18,7   13:42   9,8   00:12   4,6   0,0   0,0   0,4   9,0   18:49     N
 4  13,3  14,7   12:47  11,9   04:43   5,0   0,0   0,0   1,7  10,0   11:45     E
 5  11,4  17,7   13:17   6,0   23:44   6,9   0,0   0,0   1,6   9,0   11:16   ESE
 6   8,8  14,0   13:07   3,6   05:24   9,5   0,0   0,0   2,1  10,0   20:25     E
 7   9,1  13,7   13:31   4,5   21:23   9,2   0,0   0,0   2,2  13,0   00:48     E
 8   7,0  15,2   12:53   3,3   06:21  11,3   0,0   0,0   0,5   6,0   11:52    NE
 9   6,3  13,7   13:32   3,4   05:26  12,0   0,0   0,0   0,6   6,0   08:08   NNE
10   5,9  13,9   13:17   1,2   23:51  12,4   0,0   1,0   0,5   7,0   12:22   NNE
11   5,3  16,0   12:50  -0,8   06:09  13,0   0,0   0,0   1,5  14,0   13:24   ESE
12   5,2  13,7   12:42  -0,1   06:35  13,1   0,0   0,0   0,8  10,0   10:55   ESE
13   6,5  12,0   12:40   1,8   04:20  11,8   0,0   0,0   2,0  18,0   23:37   ESE
14   9,2  11,4   11:20   7,7   23:42   9,1   0,0   2,0   6,3  21,0   13:52     N
15   7,2  10,3   12:35   4,0   23:56  11,1   0,0   4,1   2,8  16,0   13:55     N
16   2,7   5,5   13:15  -2,6   23:55  15,6   0,0   1,3   2,2  14,0   15:01   NNE
17  -0,8   1,9   14:26  -3,4   07:15  19,1   0,0   0,0   1,6   9,0   10:42    NE
18  -1,2   1,9   12:09  -4,6   04:35  19,5   0,0   0,0   0,7  13,0   12:51     N
19  -0,2   1,0   12:14  -2,0   00:00  18,5   0,0   0,0   2,7  13,0   11:48    NE
20   0,0   0,9   14:18  -0,9   07:37  18,3   0,0   0,0   4,5  16,0   21:39     E
21   0,5   0,9   13:18  -0,1   00:00  17,8   0,0   0,0   4,7  17,0   23:04   ENE
22   0,6   1,1   10:18   0,0   23:25  17,7   0,0   0,0   2,7  19,0   00:12   ENE
23   0,5   1,7   13:49  -0,2   03:45  17,8   0,0   0,0   1,0   6,0   13:29   ENE
24   3,0   6,7   20:40  -1,1   06:11  15,3   0,0   7,1   2,5  21,0   19:36   ENE
25   6,2   8,6   13:05   5,0   01:34  12,1   0,0   2,3   0,6  13,0   10:07   NNE
26   3,0   5,4   00:00  -0,2   23:37  15,3   0,0   6,3   3,7  21,0   18:04   NNE
27  -2,9  -0,1   00:33  -6,8   21:58  21,2   0,0   0,0   1,9  10,0   08:36     N
28  -3,2  -1,1   09:09  -5,1   00:00   8,3   0,0   0,0   0,2   4,0   08:56   NNE
29  -6,3   0,0   12:42  -9,4   23:54  11,6   0,0   1,0   3,5  17,0   12:56     E
30 -10,1  -5,2   12:47 -13,3   23:37  28,4   0,0   0,0   1,9  12,0   11:09   ESE
----------------------------------------------------------------------------------
     4,1  20,7     2   -13,3    30   398,8   0,3  25,1   2,0  21,0    14     ENE

Max >=  27,0:  0
Max <=   0,0:  4
Min <=   0,0: 16
Min <= -18,0:  0
Max Rain: 7,1 on day 24
Days of Rain: 8 (>= 0,2 mm)  5 (>= 2,0 mm)  0 (>= 20,0 mm)
Heat Base: 18,3  Cool Base: 18,3  Method: Integration