NOAA-Style Climate Reports

Select a Year or Month report
2019: Sty Lut Mar Kwi Maj Cze Lip Sie Wrz Paź Lis Gru
2018: Sty Lut Mar Kwi Maj Cze Lip Sie Wrz Paź Lis Gru
2017: Sty Lut Mar Kwi Maj Cze Lip Sie Wrz Paź Lis Gru

Report for 2018 Październik
                   Monthly Climatological Summary for paŸ 2018

Name: Meteo Cholowice   City: Cholowice   State: Cholowice
Elevation: 184 m  Lat: N 49° 45' 49"   Lon: E 022° 34' 57"

                  Temperature (°C), Rain (mm), Wind Speed (km/h)

                                      Heat  Cool        Avg
    Mean                              Deg   Deg         Wind                 Dom
Day Temp  High   Time   Low    Time   Days  Days  Rain  Speed High   Time    Dir
----------------------------------------------------------------------------------
 1  10,7  19,3   12:07   3,0   03:58   7,6   0,0   0,0   0,4  13,0   12:04    NE
 2  10,4  14,2   13:04   6,3   23:56   7,9   0,0   3,0   1,5  11,0   07:08     N
 3   8,9  18,0   08:24   5,0   02:27   9,3   0,0   4,3   4,2  28,0   12:26    NE
 4   8,7  14,2   12:41   2,8   23:49   9,6   0,0   0,0   3,2  20,0   12:53     N
 5   8,2  18,7   13:43   2,0   06:15  10,1   0,0   0,0   1,1  14,0   12:46   ENE
 6  10,0  22,5   13:06   1,2   06:04   8,7   0,5   0,0   2,0  21,0   12:59   ENE
 7  12,8  22,3   13:10   5,5   06:36   6,0   0,6   0,0   1,2  14,0   10:51     E
 8  12,3  16,0   14:41   9,5   00:56   6,0   0,0   0,0   0,9   9,0   06:35     N
 9  12,6  18,8   13:56   8,6   21:05   5,7   0,0   0,0   0,7   8,0   14:46   ENE
10  11,6  19,1   13:29   8,1   06:29   6,7   0,0   0,0   1,2   9,0   14:24     E
11  12,9  21,3   14:39   7,3   23:29   5,8   0,4   0,0   1,6  10,0   11:54     E
12  11,4  22,0   13:40   5,2   06:34   7,5   0,6   0,0   0,5  10,0   14:04   NNE
13  10,5  20,4   14:26   4,7   04:36   8,1   0,3   0,0   0,5   7,0   14:31   NNE
14  10,4  21,1   14:25   4,3   06:36   8,2   0,3   0,0   0,9  10,0   11:12     E
15   9,2  21,3   13:57   2,3   07:00   9,4   0,4   0,0   0,7   9,0   15:12   ENE
16   9,3  22,0   13:49   2,3   06:55   9,5   0,5   0,0   0,8  12,0   11:55     E
17   8,5  21,7   14:33   0,9   06:13  10,2   0,4   0,0   0,6   9,0   13:18     N
18   8,8  20,4   13:51   2,0   06:13   9,7   0,2   0,0   0,7   9,0   14:25     N
19  10,8  17,1   14:01   4,6   00:44   7,5   0,0   0,0   0,9  11,0   13:51     N
20  11,2  13,4   13:51  10,2   23:18   7,1   0,0   5,3   1,3  10,0   00:45     N
21   8,4  11,5   14:14   4,3   21:29   9,9   0,0   6,1   1,1  17,0   00:08     N
22   5,8  12,7   14:33   2,6   20:15  12,5   0,0   0,0   0,8   6,0   12:02   NNE
23   8,0  10,9   12:24   4,7   00:00  10,3   0,0   6,3   4,5  26,0   12:38     N
24   6,8   8,3   05:22   4,6   10:07  11,5   0,0   3,3   9,2  31,0   16:40     N
25   5,8   8,5   20:58   3,1   04:59  12,5   0,0   8,4   6,8  27,0   22:30     N
26   8,8  12,5   15:08   5,8   02:31   9,5   0,0   0,0   4,1  18,0   06:50   NNE
27  11,8  18,2   11:53   4,5   01:42   6,5   0,0   7,4   2,7  17,0   04:12    NE
28  10,1  11,9   14:56   8,9   05:54   8,5   0,0   3,3   0,7   8,0   08:40   ENE
29  13,6  19,3   11:05   8,6   22:47   4,8   0,1   0,0   1,8  16,0   13:59   ESE
30  14,6  23,1   13:46   7,0   06:07   4,6   0,9   0,0   2,8  24,0   11:45   ESE
31   9,7  20,4   12:18   3,2   23:31   8,8   0,2   0,0   1,6  21,0   11:54   ENE
----------------------------------------------------------------------------------
    10,1  23,1    30     0,9    17   260,0   5,4  47,4   2,0  31,0    24     NNE

Max >=  27,0:  0
Max <=   0,0:  0
Min <=   0,0:  0
Min <= -18,0:  0
Max Rain: 8,4 on day 25
Days of Rain: 9 (>= 0,2 mm)  9 (>= 2,0 mm)  0 (>= 20,0 mm)
Heat Base: 18,3  Cool Base: 18,3  Method: Integration