NOAA-Style Climate Reports

Select a Year or Month report
2019: Sty Lut Mar Kwi Maj Cze Lip Sie Wrz Paź Lis Gru
2018: Sty Lut Mar Kwi Maj Cze Lip Sie Wrz Paź Lis Gru
2017: Sty Lut Mar Kwi Maj Cze Lip Sie Wrz Paź Lis Gru

Report for 2018 Wrzesień
                   Monthly Climatological Summary for wrz 2018

Name: Meteo Bielsko   City: Bielsko-Biala   State: Stare Bielsko
Elevation: 184 m  Lat: N 49° 45' 49"   Lon: E 022° 34' 57"

                  Temperature (°C), Rain (mm), Wind Speed (km/h)

                                      Heat  Cool        Avg
    Mean                              Deg   Deg         Wind                 Dom
Day Temp  High   Time   Low    Time   Days  Days  Rain  Speed High   Time    Dir
----------------------------------------------------------------------------------
 1  20,1  27,9   14:51  15,2   05:56   1,1   2,9   0,0   1,5  13,0   11:29    NE
 2  20,2  28,0   13:07  13,9   05:46   1,5   3,4   0,0   1,7  14,0   14:27    NE
 3  20,3  28,8   14:17  13,3   05:54   1,4   3,4   0,0   0,9  13,0   11:53    NE
 4  19,3  26,0   15:06  16,3   23:54   0,7   1,7   4,1   0,8  12,0   13:31   NNE
 5  18,9  24,9   16:23  15,4   06:29   1,0   1,6   1,3   0,6   9,0   10:40     N
 6  19,2  25,2   13:41  16,5   09:11   0,6   1,5   9,4   1,1  10,0   06:30   NNE
 7  18,8  23,6   13:37  15,4   04:51   1,1   1,6   0,0   0,7   6,0   03:27   NNE
 8  18,0  25,3   14:25  14,3   06:31   1,7   1,4   7,4   0,8  12,0   15:06     N
 9  16,4  18,9   12:34  12,9   23:54   2,1   0,1   0,0   0,7   8,0   08:23     N
10  16,8  24,9   13:22  11,6   06:09   3,1   1,6   0,0   2,2  14,0   13:30     N
11  17,6  26,1   13:38  10,9   05:53   2,8   2,1   0,0   1,3  15,0   15:47     N
12  19,8  29,0   13:22  13,0   05:39   1,8   3,3   0,0   0,7   8,0   13:29   NNE
13  19,6  29,0   13:29  11,7   05:48   2,2   3,5   0,0   0,5   9,0   14:15     N
14  19,9  28,0   12:25  14,6   06:14   1,2   2,8   7,6   1,1  10,0   15:42     N
15  17,5  20,3   12:25  13,7   22:16   1,1   0,3   0,0   1,4  15,0   15:36     N
16  15,9  22,5   12:52  10,5   23:55   3,2   0,8   0,0   1,1  14,0   13:23     N
17  16,2  25,5   14:08   9,6   06:41   3,8   1,7   0,0   0,8  10,0   14:41   NNE
18  17,7  27,4   14:53  10,5   05:12   3,1   2,5   0,0   0,7  10,0   13:39   ENE
19  17,5  27,7   14:30  10,1   06:29   3,4   2,6   0,0   1,1  13,0   12:32   ENE
20  17,3  27,5   14:32  10,7   06:46   3,5   2,4   4,3   0,6  10,0   12:39     N
21  17,3  27,7   13:19  10,2   05:50   3,5   2,5   0,0   0,7  12,0   12:44   ENE
22  11,6  16,6   06:47   7,1   22:13   6,7   0,0   5,1   1,3  36,0   06:51   NNE
23  13,9  20,0   12:32   8,0   05:15   4,6   0,2  20,1   3,5  31,0   21:37     E
24  11,3  15,8   00:13   7,9   23:27   7,0   0,0   7,1   6,7  41,0   05:32   NNE
25   8,2  12,8   14:47   3,9   23:47  10,1   0,0   0,0   5,0  25,0   13:55     N
26   7,7  13,3   12:16   1,6   06:04  10,6   0,0   0,0   1,9  14,0   12:00    NE
27  13,3  18,8   13:37  10,7   00:00   5,0   0,0   0,0   4,4  21,0   17:05    NE
28  15,5  22,2   14:10   8,3   04:52   3,5   0,8   0,0   3,3  21,0   11:22    NE
29  10,6  15,8   13:52   3,0   22:59   7,7   0,0   2,3   2,2  16,0   10:50     N
30   8,0  17,3   14:27   1,5   06:49  10,3   0,0   0,0   1,4  12,0   13:08    NE
----------------------------------------------------------------------------------
    16,1  29,0    12     1,5    30   109,4  44,7  68,7   1,7  41,0    24     NNE

Max >=  27,0: 10
Max <=   0,0:  0
Min <=   0,0:  0
Min <= -18,0:  0
Max Rain: 20,1 on day 23
Days of Rain: 10 (>= 0,2 mm)  9 (>= 2,0 mm)  1 (>= 20,0 mm)
Heat Base: 18,3  Cool Base: 18,3  Method: Integration