NOAA-Style Climate Reports

Select a Year or Month report
2019: Sty Lut Mar Kwi Maj Cze Lip Sie Wrz Paź Lis Gru
2018: Sty Lut Mar Kwi Maj Cze Lip Sie Wrz Paź Lis Gru
2017: Sty Lut Mar Kwi Maj Cze Lip Sie Wrz Paź Lis Gru

Report for 2018 Sierpień
                   Monthly Climatological Summary for sie 2018

Name: Meteo Bielsko   City: Bielsko-Biala   State: Stare Bielsko
Elevation: 184 m  Lat: N 49° 45' 49"   Lon: E 022° 34' 57"

                  Temperature (°C), Rain (mm), Wind Speed (km/h)

                                      Heat  Cool        Avg
    Mean                              Deg   Deg         Wind                 Dom
Day Temp  High   Time   Low    Time   Days  Days  Rain  Speed High   Time    Dir
----------------------------------------------------------------------------------
 1  24,9  32,5   13:25  19,0   01:33   0,0   6,6   0,0   1,4  12,0   15:28   ENE
 2  23,6  33,2   13:54  17,9   05:18   0,0   5,4   0,0   1,0  10,0   14:11     E
 3  24,0  32,8   14:34  16,9   23:56   0,0   5,3   0,0   1,1  12,0   11:55   ENE
 4  24,3  34,7   15:33  14,8   04:54   0,8   6,5   0,0   0,6   9,0   12:29   NNE
 5  22,8  32,0   13:28  16,6   02:57   0,2   4,7  22,1   0,9  20,0   14:29     N
 6  21,6  29,9   11:51  16,2   23:43   0,3   3,6   4,3   0,9  12,0   12:23     N
 7  22,1  30,8   15:55  15,5   23:58   0,8   4,6   0,0   1,0   9,0   14:40   NNE
 8  23,0  32,5   13:44  14,0   05:21   1,1   5,8   0,0   1,5  10,0   14:43    NE
 9  24,8  34,2   13:42  16,4   05:35   0,3   6,9   0,0   2,0  13,0   16:38     E
10  25,2  34,4   13:20  17,9   05:36   0,0   6,9   0,0   1,8  17,0   17:19     E
11  21,8  31,0   10:30  18,0   04:20   0,0   3,5  21,1   1,0  14,0   12:56     N
12  21,4  28,6   14:20  15,6   23:59   0,4   3,5  21,1   0,8   9,0   13:07   NNE
13  23,1  32,6   12:42  14,4   05:40   1,0   5,8   0,0   1,2  13,0   13:43    NE
14  24,4  34,3   13:56  16,2   05:17   0,4   6,5  15,0   2,3  18,0   22:05    NE
15  20,7  24,7   16:03  18,7   05:37   0,0   2,4   9,4   0,3   8,0   00:14   NNE
16  22,0  29,8   15:06  16,8   23:56   0,1   3,8   1,0   1,3  10,0   13:18   NNE
17  21,3  29,6   15:05  16,0   03:30   0,5   3,5   0,0   1,4  12,0   14:53   ENE
18  23,1  31,9   13:26  17,0   06:02   0,2   5,0   0,0   0,9   9,0   15:02     N
19  23,5  32,3   16:17  17,4   05:34   0,1   5,4   0,0   1,0   9,0   17:15   NNE
20  23,4  33,0   14:36  16,2   03:21   0,5   5,7   0,0   0,5   8,0   12:25   NNE
21  22,5  29,5   13:37  16,7   05:33   0,3   4,5   0,0   1,5  13,0   11:53     N
22  20,8  28,4   13:42  14,3   23:55   0,9   3,5   0,0   1,3  10,0   10:38   NNE
23  21,5  31,5   14:25  13,7   04:23   1,4   4,6   0,0   0,9   7,0   12:13   NNE
24  23,9  32,8   13:40  15,6   05:13   0,6   6,2   0,0   1,4  17,0   10:33    NE
25  21,6  29,3   13:16  18,0   02:08   0,0   3,3   7,4   0,9  13,0   12:46    NE
26  16,7  19,8   10:22  12,8   23:08   1,9   0,2  25,4   1,5  15,0   14:26     N
27  16,0  21,2   14:36  12,4   04:30   2,6   0,3   0,0   0,7   9,0   00:43     N
28  19,4  25,8   13:09  15,1   06:19   1,3   2,4   0,0   0,0   0,0   00:00   ---
29  18,1  27,0   13:42  12,5   23:49   2,4   2,2   0,0   0,0   1,0   11:51    NE
30  18,7  29,0   14:38  11,3   05:30   2,7   3,1   0,0   0,0   1,0   15:06     E
31  18,6  25,2   16:15  13,2   04:03   1,7   2,0 507,7   0,0   6,0   16:01     N
----------------------------------------------------------------------------------
    21,9  34,7     4    11,3    30    22,5 133,7 634,5   1,0  20,0     5      NE

Max >=  27,0: 26
Max <=   0,0:  0
Min <=   0,0:  0
Min <= -18,0:  0
Max Rain: 507,7 on day 31
Days of Rain: 10 (>= 0,2 mm)  9 (>= 2,0 mm)  5 (>= 20,0 mm)
Heat Base: 18,3  Cool Base: 18,3  Method: Integration