NOAA-Style Climate Reports

Select a Year or Month report
2019: Sty Lut Mar Kwi Maj Cze Lip Sie Wrz Paź Lis Gru
2018: Sty Lut Mar Kwi Maj Cze Lip Sie Wrz Paź Lis Gru
2017: Sty Lut Mar Kwi Maj Cze Lip Sie Wrz Paź Lis Gru

Report for 2018 Lipiec
                   Monthly Climatological Summary for lip 2018

Name: Meteo Bielsko   City: Bielsko-Biala   State: Stare Bielsko
Elevation: 184 m  Lat: N 49° 45' 49"   Lon: E 022° 34' 57"

                  Temperature (°C), Rain (mm), Wind Speed (km/h)

                                      Heat  Cool        Avg
    Mean                              Deg   Deg         Wind                 Dom
Day Temp  High   Time   Low    Time   Days  Days  Rain  Speed High   Time    Dir
----------------------------------------------------------------------------------
11  15,0  22,2   14:19   9,3   00:00   3,0   0,3  10,7  ----  14,0   13:07   NNE
12  17,9  19,7   19:30   0,0   19:26   0,1   0,1  40,1   0,5  10,0   23:04   NNE
13  19,2  25,8   14:29  14,9   04:36   0,9   1,8   2,3   1,1  15,0   11:22     N
14  18,8  23,2   16:18  16,9   03:51   0,4   1,0  14,7   2,8  21,0   15:42     N
15  18,4  22,6   16:02  16,7   03:19   0,6   0,7  42,7   2,7  16,0   16:16     N
16  18,7  21,4   17:47  16,8   00:38   0,4   0,8  23,1   1,1  10,0   07:01     N
17  20,7  26,2   16:06  17,2   02:50   0,2   2,5   2,3   1,6  16,0   16:44     N
18  21,3  26,1   14:18  18,7   01:48   0,0   3,0  14,7   0,8  10,0   10:02     N
19  21,4  27,1   14:04  19,5   23:49   0,0   3,1   4,3   3,2  16,0   13:27     N
20  22,6  29,1   14:57  18,8   23:52   0,0   4,3   0,0   2,9  18,0   15:03     N
21  23,2  31,2   13:54  16,0   05:16   0,4   5,3   0,0   1,7  13,0   08:49     N
22  23,6  32,9   14:08  14,4   02:43   0,9   6,2   0,0   0,9   9,0   15:21     N
23  21,8  31,7   12:15  16,4   05:08   0,3   3,9   3,0   1,5  19,0   13:28     N
24  21,6  27,6   15:38  18,3   23:58   0,0   3,3   1,0   1,9  17,0   13:40     N
25  22,4  30,6   15:20  17,3   02:10   0,1   4,2   3,3   1,1  12,0   14:46     N
26  21,5  30,5   15:49  17,6   23:28   0,0   3,2  15,7   0,5  12,0   15:56   NNE
27  23,1  31,5   13:28  17,8   00:00   0,0   4,8   0,0   0,4   8,0   12:16   ENE
28  24,4  33,3   13:44  18,1   01:55   0,0   6,1   0,0   0,5   9,0   14:17     N
29  24,7  32,8   12:20  19,0   01:20   0,0   6,4   0,0   0,7  10,0   17:57   NNE
30  24,2  32,7   14:15  19,0   04:34   0,0   5,9  27,4   1,4  17,0   22:59     N
31  23,0  29,9   17:27  18,2   05:19   0,0   4,7   0,0   0,6  10,0   16:30   ENE
----------------------------------------------------------------------------------
    21,3  33,3    28     0,0    12     7,3  71,6 205,3   1,4  21,0    14       N

Max >=  27,0: 13
Max <=   0,0:  0
Min <=   0,0:  1
Min <= -18,0:  0
Max Rain: 42,7 on day 15
Days of Rain: 14 (>= 0,2 mm)  13 (>= 2,0 mm)  4 (>= 20,0 mm)
Heat Base: 18,3  Cool Base: 18,3  Method: Integration