NOAA-Style Climate Reports

Select a Year or Month report
2019: Sty Lut Mar Kwi Maj Cze Lip Sie Wrz Paź Lis Gru
2018: Sty Lut Mar Kwi Maj Cze Lip Sie Wrz Paź Lis Gru
2017: Sty Lut Mar Kwi Maj Cze Lip Sie Wrz Paź Lis Gru

Report for 2018 Czerwiec
                   Monthly Climatological Summary for cze 2018

Name: Meteo Bielsko   City: Bielsko-Biala   State: Stare Bielsko
Elevation: 184 m  Lat: N 49° 45' 49"   Lon: E 022° 34' 57"

                  Temperature (°C), Rain (mm), Wind Speed (km/h)

                                      Heat  Cool        Avg
    Mean                              Deg   Deg         Wind                 Dom
Day Temp  High   Time   Low    Time   Days  Days  Rain  Speed High   Time    Dir
----------------------------------------------------------------------------------
 1  23,5  33,7   14:06  13,0   04:37   1,2   6,4   0,0   1,6  12,0   11:10    NE
 2  21,5  32,2   14:02  13,8   04:47   1,0   4,2   0,0   1,4  17,0   15:55    NE
 3  21,8  30,4   14:04  14,7   23:54   0,7   4,3   0,0   1,6  16,0   10:52     N
 4  21,4  30,4   15:46  12,6   04:49   1,5   4,6   0,0   1,2  11,0   17:23     N
 5  21,2  30,3   13:47  13,2   04:45   1,3   4,1   2,3   1,5  21,0   13:35     N
 6  18,4  24,8   13:27  10,5   23:52   1,8   1,9   2,0   2,1  12,0   16:09   NNE
 7  18,9  29,2   15:26   6,9   04:34   3,2   3,7   0,0   2,2  17,0   13:59   ENE
 8  21,9  31,8   16:11  11,5   03:00   1,6   5,2   0,0   0,8  12,0   10:51    NE
 9  23,9  33,6   12:31  15,1   02:38   0,8   6,5   0,0   1,6  10,0   12:55    NE
10  24,0  34,6   13:42  13,9   04:50   1,0   6,7   0,0   1,8  18,0   15:52   ENE
11  21,4  30,4   13:08  16,0   03:16   0,4   3,5   0,0   1,3  15,0   10:23    NE
12  21,3  31,2   13:53  16,6   01:05   0,4   3,4  21,3   1,4  15,0   19:26   NNE
13  19,9  25,8   14:48  16,0   03:44   0,6   2,1   0,0   1,5  13,0   19:12   NNE
14  16,5  18,2   00:02  15,5   06:44   1,8   0,0  33,8   0,8   9,0   10:53     N
15  19,6  25,5   11:53  15,3   23:53   1,0   2,2   2,3   0,7  13,0   09:54     N
16  21,8  30,1   13:59  14,7   04:33   1,1   4,5   0,0   1,9  14,0   14:36    NE
17  20,3  27,9   16:05  14,3   03:10   1,1   3,1   0,0   1,0  10,0   15:47   NNE
18  20,0  24,8   16:00  16,7   04:50   0,3   2,0   2,0   0,9  11,0   17:02     N
19  23,3  30,5   12:09  16,6   23:55   0,1   5,0   0,0   1,1  12,0   15:53     N
20  23,2  31,8   11:26  14,2   04:10   0,9   5,9   0,0   1,1  10,0   13:10     N
21  25,7  36,0   13:01  14,8   02:47   0,7   8,1   0,0   2,7  19,0   17:33   ENE
22  15,8  24,3   00:00  12,7   23:59   2,6   0,1  25,4   2,2  25,0   00:00     N
23  13,7  20,6   10:32   9,0   23:42   4,7   0,1  18,3   1,3  22,0   12:18   NNE
----------------------------------------------------------------------------------
    20,8  36,0    21     6,9     7    29,8  87,6 107,4   1,5  25,0    22     NNE

Max >=  27,0: 16
Max <=   0,0:  0
Min <=   0,0:  0
Min <= -18,0:  0
Max Rain: 33,8 on day 14
Days of Rain: 8 (>= 0,2 mm)  8 (>= 2,0 mm)  3 (>= 20,0 mm)
Heat Base: 18,3  Cool Base: 18,3  Method: Integration