NOAA-Style Climate Reports

Select a Year or Month report
2019: Sty Lut Mar Kwi Maj Cze Lip Sie Wrz Paź Lis Gru
2018: Sty Lut Mar Kwi Maj Cze Lip Sie Wrz Paź Lis Gru
2017: Sty Lut Mar Kwi Maj Cze Lip Sie Wrz Paź Lis Gru

Report for 2018 Maj
                   Monthly Climatological Summary for maj 2018

Name: Meteo Bielsko   City: Bielsko-Biala   State: Stare Bielsko
Elevation: 184 m  Lat: N 49° 45' 49"   Lon: E 022° 34' 57"

                  Temperature (°C), Rain (mm), Wind Speed (km/h)

                                      Heat  Cool        Avg
    Mean                              Deg   Deg         Wind                 Dom
Day Temp  High   Time   Low    Time   Days  Days  Rain  Speed High   Time    Dir
----------------------------------------------------------------------------------
 1  20,3  30,1   12:58  10,7   05:22   2,4   4,4   2,3   3,3  24,0   11:23     E
 2  20,6  30,8   14:26   9,4   05:15   2,4   4,6   0,0   1,6  12,0   14:05    NE
 3  21,4  32,0   15:34  10,7   05:05   2,0   5,1   0,0   1,7  12,0   13:14    NE
 4  17,1  28,1   14:41   9,0   05:03   2,6   1,8   0,0   1,3  14,0   16:14     N
 5  18,0  26,5   14:28  10,8   23:56   2,5   2,2   0,0   2,3  14,0   12:40     N
 6  15,9  25,6   13:41   6,0   05:04   4,4   2,0   0,0   2,0  13,0   11:45     N
 7  15,9  25,8   12:16   3,5   05:32   4,5   2,2   3,0   1,9  16,0   15:30     N
 8  17,2  24,6   15:09  12,2   05:26   2,4   1,3   0,0   0,9  16,0   20:45   NNE
 9  14,8  21,7   17:35  13,0   03:59   3,7   0,2   0,0   1,5  14,0   13:36    NE
10  19,4  28,8   13:59  11,9   05:02   2,1   3,2   0,0   1,7  15,0   19:44     E
14  20,8  30,3   13:27  11,0   04:10   1,8   3,9   0,0  ----  12,0   13:27   NNE
15   0,0   0,0   19:58   0,0   19:58   0,0   0,0   2,3  ----   3,0   21:28   ---
16  13,4  17,5   18:06   0,0   00:00   4,4   0,0   6,4   1,8  16,0   14:22   NNE
17  17,7  26,8   09:52  12,0   04:26   2,1   1,5   4,3   3,9  25,0   14:06   ENE
18  15,4  22,5   10:01  13,5   03:38   3,0   0,1   6,4   3,7  21,0   14:42     N
19  16,1  19,8   15:31  13,7   00:00   2,4   0,2   0,0   2,9  17,0   06:07     N
20  17,1  25,0   11:32   8,4   23:57   2,5   1,3   0,0   1,3  12,0   13:27     N
21  16,2  27,5   10:21   6,4   05:14   4,1   2,0   0,0   2,0  14,0   12:49    NE
22  19,4  29,0   09:35  10,8   00:44   2,4   3,5   2,0   1,4  14,0   12:51   ENE
23  20,7  32,6   10:41  10,8   04:51   2,1   4,5   0,0   0,7   8,0   10:23   NNE
24  20,2  29,2   10:19  12,7   23:56   1,6   3,5   0,0   1,0  10,0   13:14   NNE
25  20,1  31,0   10:33  12,0   00:49   1,7   3,6   0,0   1,4  13,0   12:08     E
26  20,5  30,6   11:06  12,9   04:04   1,4   3,6   2,3   0,6  12,0   14:01   NNE
27  22,0  30,7   10:51  12,6   04:13   1,4   5,1  25,4   1,7  13,0   17:35    NE
28  20,9  32,3   10:49  11,3   23:50   2,1   4,7   0,0   2,1  14,0   12:22    NE
29  20,9  32,2   11:26   8,3   04:29   2,8   5,4   0,0   2,2  14,0   12:22   ENE
30  22,8  33,1   13:10   9,9   04:04   2,0   6,5   0,0   1,5  10,0   14:48   NNE
31  23,4  34,3   15:23  11,7   04:11   1,6   6,7   0,0   1,0   9,0   15:04   ENE
----------------------------------------------------------------------------------
    18,1  34,3    31     0,0    15    68,4  83,1  54,4   1,8  25,0    17      NE

Max >=  27,0: 17
Max <=   0,0:  1
Min <=   0,0:  2
Min <= -18,0:  0
Max Rain: 25,4 on day 27
Days of Rain: 9 (>= 0,2 mm)  9 (>= 2,0 mm)  1 (>= 20,0 mm)
Heat Base: 18,3  Cool Base: 18,3  Method: Integration