NOAA-Style Climate Reports

Select a Year or Month report
2019: Sty Lut Mar Kwi Maj Cze Lip Sie Wrz Paź Lis Gru
2018: Sty Lut Mar Kwi Maj Cze Lip Sie Wrz Paź Lis Gru
2017: Sty Lut Mar Kwi Maj Cze Lip Sie Wrz Paź Lis Gru

Report for 2018 Kwiecień
                   Monthly Climatological Summary for kwi 2018

Name: Meteo Bielsko   City: Bielsko-Biala   State: Stare Bielsko
Elevation: 184 m  Lat: N 49° 45' 49"   Lon: E 022° 34' 57"

                  Temperature (°C), Rain (mm), Wind Speed (km/h)

                                      Heat  Cool        Avg
    Mean                              Deg   Deg         Wind                 Dom
Day Temp  High   Time   Low    Time   Days  Days  Rain  Speed High   Time    Dir
----------------------------------------------------------------------------------
 1   6,1   9,5   10:21   2,6   19:08  12,2   0,0  19,0   0,0   0,0   00:00   ---
 2   3,4   7,8   17:22  -1,5   23:50  14,9   0,0   0,0   0,0   0,0   00:00   ---
 3   8,0  17,4   15:35  -3,6   05:11  10,3   0,0   0,0   0,0   0,0   00:00   ---
 4  15,2  22,6   14:54   4,9   06:38   4,0   0,9   0,0   0,0   0,0   00:00   ---
 5  15,5  23,3   14:53   5,5   06:37   4,0   1,2   0,0   0,0   0,0   00:00   ---
 6   9,4  12,3   00:00   1,6   23:59   8,9   0,0   7,4   0,0   0,0   00:00   ---
 7   9,1  18,2   14:35   0,5   06:47   9,2   0,0   0,0   0,0   0,0   00:00   ---
 8  13,4  24,3   13:55   2,6   05:47   6,5   1,5   0,0   0,0   0,0   00:00   ---
 9  15,1  26,9   14:29   3,6   06:11   5,7   2,6   0,0   0,0   0,0   00:00   ---
26  15,0  25,9   12:56   4,6   05:49   4,7   1,8   0,0  ----   0,0   00:00   ---
27   9,5  16,8   19:29   0,0   19:22   1,7   0,0   8,4   0,0   0,0   19:22   ---
28  15,7  27,6   14:12   3,3   05:27   5,4   2,8   0,0   1,5  14,0   12:29     E
29  16,9  27,7   16:14   6,8   05:09   3,9   2,5   0,0   1,7  18,0   11:02   ESE
30  20,8  31,1   13:21  10,6   05:07   2,2   4,7   0,0   2,6  25,0   16:10   ESE
----------------------------------------------------------------------------------
    12,4  31,1    30    -3,6     3    93,6  18,0  34,8   0,5  25,0    30     ESE

Max >=  27,0:  3
Max <=   0,0:  0
Min <=   0,0:  3
Min <= -18,0:  0
Max Rain: 19,0 on day 1
Days of Rain: 3 (>= 0,2 mm)  3 (>= 2,0 mm)  0 (>= 20,0 mm)
Heat Base: 18,3  Cool Base: 18,3  Method: Integration