NOAA-Style Climate Reports

Select a Year or Month report
2019: Sty Lut Mar Kwi Maj Cze Lip Sie Wrz Paź Lis Gru
2018: Sty Lut Mar Kwi Maj Cze Lip Sie Wrz Paź Lis Gru
2017: Sty Lut Mar Kwi Maj Cze Lip Sie Wrz Paź Lis Gru

Report for 2018 Marzec
                   Monthly Climatological Summary for mar 2018

Name: Meteo Bielsko   City: Bielsko-Biala   State: Stare Bielsko
Elevation: 184 m  Lat: N 49° 45' 49"   Lon: E 022° 34' 57"

                  Temperature (°C), Rain (mm), Wind Speed (km/h)

                                      Heat  Cool        Avg
    Mean                              Deg   Deg         Wind                 Dom
Day Temp  High   Time   Low    Time   Days  Days  Rain  Speed High   Time    Dir
----------------------------------------------------------------------------------
 1 -13,2  -5,3   10:45 -18,7   04:31  31,5   0,0   0,0   0,0   0,0   00:00   ---
 2 -12,3  -6,1   14:36 -20,9   06:21  30,6   0,0   0,0   0,0   0,0   00:00   ---
 3  -9,4  -3,2   14:02 -14,1   06:00  27,7   0,0   0,0   0,0   0,0   00:00   ---
 4 -10,0  -2,5   15:23 -17,4   06:07  28,3   0,0   2,0   0,0   0,0   00:00   ---
 5  -5,4   4,9   13:42 -17,2   06:03  23,7   0,0   1,0   0,0   0,0   00:00   ---
 6  -0,9   2,6   12:27  -4,7   05:21  19,2   0,0   6,4   0,0   0,0   00:00   ---
 7   2,3   5,7   14:15  -1,2   04:08  16,0   0,0   1,3   0,0   0,0   00:00   ---
 8   4,4  11,0   11:18   0,0   06:16  13,9   0,0   3,0   0,0   0,0   00:00   ---
 9   3,1   9,8   10:26  -1,6   06:28  15,2   0,0   0,0   0,0   0,0   00:00   ---
10   2,9  10,7   14:09  -2,3   02:32  15,4   0,0   0,0   0,0   0,0   00:00   ---
11   6,0  13,4   11:56   0,1   03:16  12,2   0,0   0,0   0,0   0,0   00:00   ---
12   7,5  15,5   13:30   1,5   00:48  10,8   0,0   0,0   0,0   0,0   00:00   ---
13   6,9  15,3   12:07   1,1   05:14  11,4   0,0   1,0   0,0   0,0   00:00   ---
14   6,8  13,3   11:23   1,1   04:54  11,5   0,0   0,0   0,0   0,0   00:00   ---
15   5,3   7,9   15:10   3,1   23:53  13,0   0,0   0,0   0,0   0,0   00:00   ---
16   5,1   7,8   13:08   2,3   23:56  13,2   0,0  35,8   0,0   0,0   00:00   ---
17  -3,2   2,3   00:00  -6,5   23:31  21,5   0,0   0,0   0,0   0,0   00:00   ---
18  -6,9  -5,3   12:25  -8,0   06:50  25,2   0,0   0,0   0,0   0,0   00:00   ---
19  -5,2  -2,1   12:00  -8,0   05:05  23,5   0,0   0,0   0,0   0,0   00:00   ---
20  -2,6   1,6   11:52  -5,2   03:58  20,9   0,0   0,0   0,0   0,0   00:00   ---
21  -3,4   3,4   11:52 -11,3   23:58  21,7   0,0   1,0   0,0   0,0   00:00   ---
22  -4,1   6,7   11:28 -14,8   05:46  22,4   0,0   5,3   0,0   0,0   00:00   ---
23  -3,2   6,1   10:28 -12,4   05:03  21,5   0,0   0,0   0,0   0,0   00:00   ---
24  -1,8   5,4   09:39  -9,7   05:24  20,1   0,0   0,0   0,0   0,0   00:00   ---
25   1,5  11,8   13:34  -8,1   06:40  16,1   0,0   0,0   0,0   0,0   00:00   ---
26   2,4  11,1   13:41  -6,0   06:14  15,9   0,0   0,0   0,0   0,0   00:00   ---
27   3,4   9,7   11:24  -2,5   06:29  14,9   0,0   8,4   0,0   0,0   00:00   ---
28   3,7   9,5   15:47  -0,3   23:54  14,6   0,0   0,0   0,0   0,0   00:00   ---
29   5,3  11,8   15:03  -1,0   00:42  13,0   0,0   1,0   0,0   0,0   00:00   ---
30   7,6  14,3   14:14   3,4   06:08  10,7   0,0   0,0   0,0   0,0   00:00   ---
31   9,2  15,3   16:08   3,2   01:25   9,1   0,0   7,4   0,0   0,0   00:00   ---
----------------------------------------------------------------------------------
     0,1  15,5    12   -20,9     2   564,7   0,0  73,6   0,0   0,0     0     ---

Max >=  27,0:  0
Max <=   0,0:  6
Min <=   0,0: 23
Min <= -18,0:  2
Max Rain: 35,8 on day 16
Days of Rain: 12 (>= 0,2 mm)  7 (>= 2,0 mm)  1 (>= 20,0 mm)
Heat Base: 18,3  Cool Base: 18,3  Method: Integration