NOAA-Style Climate Reports

Select a Year or Month report
2019: Sty Lut Mar Kwi Maj Cze Lip Sie Wrz Paź Lis Gru
2018: Sty Lut Mar Kwi Maj Cze Lip Sie Wrz Paź Lis Gru
2017: Sty Lut Mar Kwi Maj Cze Lip Sie Wrz Paź Lis Gru

Report for 2018 Luty
                   Monthly Climatological Summary for lut 2018

Name: Meteo Bielsko   City: Bielsko-Biala   State: Stare Bielsko
Elevation: 184 m  Lat: N 49° 45' 49"   Lon: E 022° 34' 57"

                  Temperature (°C), Rain (mm), Wind Speed (km/h)

                                      Heat  Cool        Avg
    Mean                              Deg   Deg         Wind                 Dom
Day Temp  High   Time   Low    Time   Days  Days  Rain  Speed High   Time    Dir
----------------------------------------------------------------------------------
 1   6,5   9,9   11:51   2,8   00:37  11,8   0,0   0,0   0,0   0,0   00:00   ---
 2   4,4   8,1   01:34   0,9   21:55  13,9   0,0   5,1   0,0   0,0   00:00   ---
 3   1,1   2,5   11:19   0,2   22:51  17,2   0,0   3,3   0,0   0,0   00:00   ---
 4   0,7   2,8   13:18  -0,4   22:22  14,1   0,0   2,0   0,0   0,0   00:00   ---
 5  -1,9   2,1   11:05  -9,7   23:59  20,2   0,0   1,3  ----   0,0   00:00   ---
 6 -10,1  -3,3   13:16 -15,7   07:03  28,4   0,0   5,1  ----   0,0   00:00   ---
 7  -5,8  -0,6   13:47 -13,4   06:15  24,1   0,0   0,0  ----   0,0   00:00   ---
 8  -0,1   1,8   10:49  -2,1   00:00  18,4   0,0   1,0  ----   0,0   00:00   ---
 9  -0,5   1,3   11:28  -1,5   22:16  18,8   0,0   0,0  ----   0,0   00:00   ---
10  -0,8   1,3   13:14  -2,3   05:12  19,1   0,0   0,0  ----   0,0   00:00   ---
11  -1,0   1,4   12:32  -4,1   23:56  19,3   0,0   0,0  ----   0,0   00:00   ---
12  -0,2   3,9   12:23  -4,3   00:19  18,5   0,0   2,3  ----   0,0   00:00   ---
13   1,7   5,6   11:58   0,4   23:25  16,6   0,0  10,4  ----   0,0   00:00   ---
14   0,3   2,0   10:51  -1,2   23:39  18,0   0,0   1,0  ----   0,0   00:00   ---
15  -1,0   1,8   12:15  -5,1   23:58  19,3   0,0   0,0  ----   0,0   00:00   ---
16  -1,1   4,8   12:21  -6,3   06:24  18,3   0,0   3,3  ----   0,0   00:00   ---
17  -0,5   6,3   12:38  -5,6   07:18  18,8   0,0   1,0  ----   0,0   00:00   ---
18  -1,0   3,0   12:58  -4,8   06:05  19,3   0,0   1,0  ----   0,0   00:00   ---
19  -2,9   1,9   10:35  -7,5   23:55  21,1   0,0   0,0  ----   0,0   00:00   ---
20  -4,5   0,3   13:20  -9,9   06:06  22,8   0,0   0,0  ----   0,0   00:00   ---
21  -1,6   1,1   10:41  -3,6   06:30  19,9   0,0   0,0  ----   0,0   00:00   ---
22  -1,2   1,4   12:15  -2,1   21:37  19,5   0,0   0,0  ----   0,0   00:00   ---
23  -3,2  -0,6   12:29  -6,3   20:15  21,5   0,0   0,0  ----   0,0   00:00   ---
24  -5,7  -2,1   09:06  -9,2   21:08  24,0   0,0   0,0  ----   0,0   00:00   ---
25  -8,9  -5,1   12:56 -11,6   07:32  27,2   0,0   0,0  ----   0,0   00:00   ---
26 -10,3  -5,6   10:30 -14,2   05:50  28,6   0,0   0,0  ----   0,0   00:00   ---
27 -11,3  -7,2   12:13 -14,8   04:57  29,6   0,0   0,0  ----   0,0   00:00   ---
28 -10,8  -5,1   12:15 -16,8   23:42  29,1   0,0   0,0  ----   0,0   00:00   ---
----------------------------------------------------------------------------------
    -2,5   9,9     1   -16,8    28   577,4   0,0  36,8   0,0   0,0     0     ---

Max >=  27,0:  0
Max <=   0,0:  8
Min <=   0,0: 24
Min <= -18,0:  0
Max Rain: 10,4 on day 13
Days of Rain: 12 (>= 0,2 mm)  7 (>= 2,0 mm)  0 (>= 20,0 mm)
Heat Base: 18,3  Cool Base: 18,3  Method: Integration