NOAA-Style Climate Reports

Select a Year or Month report
2019: Sty Lut Mar Kwi Maj Cze Lip Sie Wrz Paź Lis Gru
2018: Sty Lut Mar Kwi Maj Cze Lip Sie Wrz Paź Lis Gru
2017: Sty Lut Mar Kwi Maj Cze Lip Sie Wrz Paź Lis Gru

Report for 2018 Styczeń
                   Monthly Climatological Summary for sty 2018

Name: Meteo Bielsko   City: Bielsko-Biala   State: Stare Bielsko
Elevation: 184 m  Lat: N 49° 45' 49"   Lon: E 022° 34' 57"

                  Temperature (°C), Rain (mm), Wind Speed (km/h)

                                      Heat  Cool        Avg
    Mean                              Deg   Deg         Wind                 Dom
Day Temp  High   Time   Low    Time   Days  Days  Rain  Speed High   Time    Dir
----------------------------------------------------------------------------------
 1   5,5   9,4   13:41   0,5   07:35  12,8   0,0   0,0   0,0   0,0   00:00   ---
 2   4,1   6,5   14:09   1,6   07:39  14,2   0,0   1,0   0,0   0,0   00:00   ---
 3   4,1   6,3   12:21   2,7   18:00  14,2   0,0   3,0   0,0   0,0   00:00   ---
 4   2,8   6,1   12:19  -0,7   21:25  15,5   0,0   1,3   0,0   0,0   00:00   ---
 5   4,2   8,0   13:08  -1,7   01:32  14,1   0,0   0,0   0,0   0,0   00:00   ---
 6   7,4  12,6   12:55   2,8   21:17  10,9   0,0   0,0   0,0   0,0   00:00   ---
 7   4,6   7,1   12:35   2,4   07:47  13,7   0,0   2,0   0,0   0,0   00:00   ---
 8   1,7   3,0   00:00   0,1   22:48  16,7   0,0   1,0   0,0   0,0   00:00   ---
 9  -0,5   1,4   11:40  -2,2   07:49  18,8   0,0   1,0   0,0   0,0   00:00   ---
10   0,3   1,8   12:23  -1,3   04:19  18,0   0,0   0,0   0,0   0,0   00:00   ---
11   0,9   1,5   21:41   0,3   06:31  17,4   0,0   1,3   0,0   0,0   00:00   ---
12   0,8   1,6   01:00  -0,5   22:47  17,5   0,0   1,0   0,0   0,0   00:00   ---
13  -0,9   0,6   13:37  -3,3   23:29  19,2   0,0   0,0   0,0   0,0   00:00   ---
14  -3,7  -2,6   12:57  -6,3   23:50  22,0   0,0   0,0   0,0   0,0   00:00   ---
15  -7,6  -3,9   13:24 -11,0   23:37  25,9   0,0   0,0   0,0   0,0   00:00   ---
16  -6,0  -0,5   14:59 -12,2   05:36  24,3   0,0   0,0   0,0   0,0   00:00   ---
17  -0,6   4,0   12:08  -4,6   19:40  18,9   0,0   1,0   0,0   0,0   00:00   ---
18   1,1   3,4   12:56  -0,7   08:18  17,2   0,0   0,0   0,0   0,0   00:00   ---
19   1,7   4,3   09:53  -3,2   23:59  16,6   0,0   0,0   0,0   0,0   00:00   ---
20  -1,6   2,6   12:23  -6,4   05:13  19,9   0,0   0,0   0,0   0,0   00:00   ---
21  -1,1   2,0   13:10  -5,6   04:20  19,4   0,0   0,0   0,0   0,0   00:00   ---
22  -1,4   1,1   12:10  -2,3   23:39  19,7   0,0   0,0   0,0   0,0   00:00   ---
23  -3,4  -1,0   11:59  -5,1   23:49  21,7   0,0   0,0   0,0   0,0   00:00   ---
24  -1,9   3,0   12:07 -10,0   06:42  20,2   0,0   1,0   0,0   0,0   00:00   ---
25   2,6   6,3   12:54  -2,3   23:55  15,7   0,0   3,0   0,0   0,0   00:00   ---
26  -0,8   3,6   12:01  -5,5   06:52  19,1   0,0   0,0   0,0   0,0   00:00   ---
27  -0,5   5,4   13:27  -6,3   07:15  18,8   0,0   0,0   0,0   0,0   00:00   ---
28   3,0   7,0   11:31   0,1   07:45  15,3   0,0   0,0   0,0   0,0   00:00   ---
29   5,1   7,7   13:12   3,3   01:04  13,2   0,0   3,3   0,0   0,0   00:00   ---
30   4,8   6,3   05:46   3,5   21:36  13,5   0,0   1,0   0,0   0,0   00:00   ---
31   3,6   7,3   12:15   0,8   07:35  14,7   0,0   0,0   0,0   0,0   00:00   ---
----------------------------------------------------------------------------------
     0,9  12,6     6   -12,2    16   539,1   0,0  20,9   0,0   0,0     0     ---

Max >=  27,0:  0
Max <=   0,0:  4
Min <=   0,0: 20
Min <= -18,0:  0
Max Rain: 3,3 on day 29
Days of Rain: 13 (>= 0,2 mm)  4 (>= 2,0 mm)  0 (>= 20,0 mm)
Heat Base: 18,3  Cool Base: 18,3  Method: Integration