NOAA-Style Climate Reports

Select a Year or Month report
2019: Sty Lut Mar Kwi Maj Cze Lip Sie Wrz Paź Lis Gru
2018: Sty Lut Mar Kwi Maj Cze Lip Sie Wrz Paź Lis Gru
2017: Sty Lut Mar Kwi Maj Cze Lip Sie Wrz Paź Lis Gru

Report for 2018
                   Annual Climatological Summary for 2018

Name: Meteo Cholowice   City: Cholowice   State: Cholowice
Elevation: 184 m  Lat: N 49° 45' 49"   Lon: E 022° 34' 57"

                  Temperature (°C), Heat Base: 18,3  Cool Base: 18,3
                          Dep.  Heat  Cool                       Max  Max  Min  Min
        Mean  Mean        From  Deg   Deg                        >=   <=   <=   <=
 YR MO  Max   Min   Mean  Norm  Days  Days  Hi  Date  Low  Date 27,0  0,0  0,0 -18,0
------------------------------------------------------------------------------------
 18  1   3,9  -2,4   0,9   0.0   539     0  12,6   6 -12,2   16    0    4   20    0
 18  2   1,2  -6,0  -2,5   0.0   577     0   9,9   1 -16,8   28    0    8   24    0
 18  3   6,5  -5,7   0,1   0.0   564     0  15,5  12 -20,9    2    0    6   23    2
 18  4  20,8   3,0  12,4   0.0    93    18  31,1  30  -3,6    3    3    0    3    0
 18  5  27,1   9,8  18,1   0.0    68    83  34,3  31   0,0   15   17    1    2    0
 18  6  29,0  13,8  20,8   0.0    29    87  36,0  21   6,9    7   16    0    0    0
 18  7  28,0  16,2  21,3   0.0     7    71  33,3  28   0,0   12   13    0    1    0
 18  8  30,1  15,7  21,9   0.0    22   133  34,7   4  11,3   30   26    0    0    0
 18  9  23,2  10,7  16,1   0.0   109    44  29,0  12   1,5   30   10    0    0    0
 18 10  17,5   4,9  10,1   0.0   260     5  23,1  30   0,9   17    0    0    0    0
 18 11   8,5   0,8   4,1   0.0   398     0  20,7   2 -13,3   30    0    4   16    0
 18 12   3,3  -1,5   1,0   0.0   537     0  10,1   4 -15,4    1    0    2   18    0
------------------------------------------------------------------------------------
        16,6   5,0  10,4   0.0  3208   444  36,0 cze -20,9  mar   85   25  107    2

                                Precipitation (mm)

              Dep.   Max        Days of Rain
              From   Obs.           >=
 YR MO Total  Norm   Day Date  0,2  2,0 20,0
---------------------------------------------
 18  1  20,9   0.0   3,3  29    13    4    0
 18  2  36,8   0.0  10,4  13    12    7    0
 18  3  73,6   0.0  35,8  16    12    7    1
 18  4  34,8   0.0  19,0   1     3    3    0
 18  5  54,4   0.0  25,4  27     9    9    1
 18  6 107,4   0.0  33,8  14     8    8    3
 18  7 205,3   0.0  42,7  15    14   13    4
 18  8 634,5   0.0 507,7  31    10    9    5
 18  9  68,7   0.0  20,1  23    10    9    1
 18 10  47,4   0.0   8,4  25     9    9    0
 18 11  25,1   0.0   7,1  24     8    5    0
 18 12  42,9   0.0   5,3  31    16   10    0
---------------------------------------------
      1351,8   0.0 507,7  sie  124   93   15

                                Wind Speed (km/h)
                          Dom
 YR MO   Avg.  Hi   Date  Dir
------------------------------
 18  1   0,0   0,0    0   ---
 18  2   0,0   0,0    0   ---
 18  3   0,0   0,0    0   ---
 18  4   0,4  25,0   30   ESE
 18  5   1,8  25,0   17    NE
 18  6   1,5  25,0   22   NNE
 18  7   1,4  21,0   14     N
 18  8   1,0  20,0    5    NE
 18  9   1,7  41,0   24   NNE
 18 10   2,0  31,0   24   NNE
 18 11   2,0  21,0   14   ENE
 18 12   4,1  31,0   22   NNE
------------------------------
         1,3  41,0  wrz   NNE