NOAA-Style Climate Reports

Select a Year or Month report
2019: Sty Lut Mar Kwi Maj Cze Lip Sie Wrz Paź Lis Gru
2018: Sty Lut Mar Kwi Maj Cze Lip Sie Wrz Paź Lis Gru
2017: Sty Lut Mar Kwi Maj Cze Lip Sie Wrz Paź Lis Gru

Report for 2017 Grudzień
                   Monthly Climatological Summary for gru 2017

Name: Meteo Bielsko   City: Bielsko-Biala   State: Stare Bielsko
Elevation: 184 m  Lat: N 49° 45' 49"   Lon: E 022° 34' 57"

                  Temperature (°C), Rain (mm), Wind Speed (km/h)

                                      Heat  Cool        Avg
    Mean                              Deg   Deg         Wind                 Dom
Day Temp  High   Time   Low    Time   Days  Days  Rain  Speed High   Time    Dir
----------------------------------------------------------------------------------
 1   2,1   5,1   11:02  -2,8   23:56  16,2   0,0   0,0   0,0   0,0   00:00   ---
 2  -0,5   0,8   13:34  -3,0   00:18  18,8   0,0   0,0   0,0   0,0   00:00   ---
 3   0,5   0,9   11:01  -0,2   23:58  17,8   0,0   0,0   0,0   0,0   00:00   ---
 4   0,1   2,5   10:42  -2,2   05:05  18,2   0,0   0,0   0,0   0,0   00:00   ---
 5   1,3   2,3   12:43   0,8   00:00  17,0   0,0  25,1   0,0   0,0   00:00   ---
 6   3,3   4,5   14:04   1,4   00:00  15,0   0,0  44,2   0,0   0,0   00:00   ---
 7   3,4   5,9   12:15   1,9   16:30  14,9   0,0   3,3   0,0   0,0   00:00   ---
 8   4,4   7,1   11:19   2,4   00:21  13,9   0,0   0,0   0,0   0,0   00:00   ---
 9   1,5   3,9   00:00   0,0   23:37  16,8   0,0   4,3   0,0   0,0   00:00   ---
10   0,2   3,1   12:05  -1,4   20:24  18,1   0,0   6,1   0,0   0,0   00:00   ---
11   5,2   9,5   23:56   0,9   00:01  13,1   0,0   2,3   0,0   0,0   00:00   ---
12  10,2  12,7   12:29   6,4   23:55   8,1   0,0   1,0   0,0   0,0   00:00   ---
13   2,1   6,4   00:00  -2,9   23:48  16,2   0,0   5,1   0,0   0,0   00:00   ---
14   1,6   5,1   11:54  -4,6   03:05  16,7   0,0   1,3   0,0   0,0   00:00   ---
15   3,5   8,0   13:50   0,4   00:49  14,8   0,0   1,0   0,0   0,0   00:00   ---
16   1,4   3,0   00:00   0,7   16:15  16,9   0,0   6,1   0,0   0,0   00:00   ---
17   0,8   2,3   12:25  -0,6   08:33  13,8   0,0   5,3   0,0   0,0   00:00   ---
18  -0,3   1,6   12:44  -1,5   21:45   9,1   0,0   2,3   0,0   0,0   12:11   ---
19  -1,6  -0,3   10:42  -2,5   22:20  19,9   0,0   0,0   0,0   0,0   00:00   ---
20  -1,3  -0,3   12:34  -2,5   00:00  19,5   0,0   0,0   0,0   0,0   00:00   ---
21  -0,3   2,0   11:31  -2,2   06:08  18,6   0,0   0,0   0,0   0,0   00:00   ---
22   1,3   2,0   10:33   0,1   00:00  17,0   0,0   7,4   0,0   0,0   00:00   ---
23   2,3   4,1   23:49   1,3   07:50  16,0   0,0  13,7   0,0   0,0   00:00   ---
24   7,4   8,8   12:43   4,1   00:00  10,9   0,0   1,0   0,0   0,0   00:00   ---
25   5,8   8,8   11:31   0,0   21:32  12,5   0,0   0,0   0,0   0,0   00:00   ---
26   5,4   9,2   12:15   0,4   07:18  12,9   0,0   0,0   0,0   0,0   00:00   ---
27   4,0   9,5   12:58  -0,4   23:09  14,3   0,0   0,0   0,0   0,0   00:00   ---
28   3,8   8,6   14:43  -0,9   01:58  14,5   0,0   0,0   0,0   0,0   00:00   ---
29   3,3   8,0   00:07   1,3   19:27  15,0   0,0   1,0   0,0   0,0   00:00   ---
30   0,6   2,9   12:32  -2,9   18:27  17,7   0,0   0,0   0,0   0,0   00:00   ---
31   3,2   5,0   13:16   1,0   00:24  15,1   0,0   1,0   0,0   0,0   00:00   ---
----------------------------------------------------------------------------------
     2,4  12,7    12    -4,6    14   479,3   0,0 131,5   0,0   0,0     0     ---

Max >=  27,0:  0
Max <=   0,0:  2
Min <=   0,0: 17
Min <= -18,0:  0
Max Rain: 44,2 on day 6
Days of Rain: 18 (>= 0,2 mm)  12 (>= 2,0 mm)  2 (>= 20,0 mm)
Heat Base: 18,3  Cool Base: 18,3  Method: Integration