NOAA-Style Climate Reports

Select a Year or Month report
2019: Sty Lut Mar Kwi Maj Cze Lip Sie Wrz Paź Lis Gru
2018: Sty Lut Mar Kwi Maj Cze Lip Sie Wrz Paź Lis Gru
2017: Sty Lut Mar Kwi Maj Cze Lip Sie Wrz Paź Lis Gru

Report for 2017 Listopad
                   Monthly Climatological Summary for lis 2017

Name: Meteo Bielsko   City: Bielsko-Biala   State: Stare Bielsko
Elevation: 184 m  Lat: N 49° 45' 49"   Lon: E 022° 34' 57"

                  Temperature (°C), Rain (mm), Wind Speed (km/h)

                                      Heat  Cool        Avg
    Mean                              Deg   Deg         Wind                 Dom
Day Temp  High   Time   Low    Time   Days  Days  Rain  Speed High   Time    Dir
----------------------------------------------------------------------------------
 1   5,7   7,9   12:09   1,9   00:42  12,6   0,0   0,0  10,0  10,0   00:00   WSW
 2   9,0  12,5   11:15   6,7   00:26   9,3   0,0   7,4  10,0  10,0   00:00   WSW
 3   8,8  11,3   12:22   7,8   00:16   9,5   0,0   1,0  10,0  10,0   00:00   WSW
 4   7,2  13,4   12:32   0,8   23:42  11,0   0,0   0,0   3,2  10,0   00:00   WSW
 5   5,4  14,6   13:22  -0,5   05:43  12,9   0,0   0,0   0,0   0,0   00:00   ---
 6   4,5  13,5   12:01   0,2   06:45  13,8   0,0   0,0   0,0   0,0   00:00   ---
 7   5,0   6,9   15:05   1,7   00:00  13,3   0,0   0,0   0,0   0,0   00:00   ---
 8   5,8   7,3   14:07   4,4   06:08  12,5   0,0   0,0   0,0   0,0   00:00   ---
 9   7,5   9,9   13:05   6,1   04:44  10,7   0,0   0,0   0,0   0,0   00:00   ---
10   8,4  10,7   11:46   7,3   07:19   9,9   0,0   0,0   0,0   0,0   00:00   ---
11   5,7   8,6   11:55   1,2   20:33  12,6   0,0   1,0   0,0   0,0   00:00   ---
12   4,3   7,8   12:40   1,7   17:40  14,0   0,0  13,7   0,0   0,0   00:00   ---
13   5,2   9,3   10:46   2,9   22:49  13,1   0,0   7,4   0,0   0,0   00:00   ---
14   3,8   5,6   10:38   0,0   23:54  14,5   0,0   0,0   0,0   0,0   00:00   ---
15   0,5   5,8   12:31  -1,8   20:46  17,8   0,0   0,0   0,0   0,0   00:00   ---
16   1,0   7,0   13:07  -2,1   21:34  17,3   0,0   0,0   0,0   0,0   00:00   ---
17   2,7   4,4   13:15   0,0   00:00  15,6   0,0   5,3   0,0   0,0   00:00   ---
18   4,3   6,0   12:25   3,0   23:56  14,0   0,0  12,7   0,0   0,0   00:00   ---
19   2,4   6,0   11:14  -1,9   23:25  15,9   0,0   0,0   0,0   0,0   00:00   ---
20   1,8   3,6   11:00  -1,6   00:00  16,5   0,0   1,0   0,0   0,0   00:00   ---
21   2,4   5,7   13:11   0,8   23:59  15,9   0,0   2,0   0,0   0,0   00:00   ---
22   3,2   4,6   12:10   0,7   00:10  15,1   0,0   5,3   0,0   0,0   00:00   ---
23   5,0   9,8   13:11   1,8   19:10  13,3   0,0   0,0   0,0   0,0   00:00   ---
24   6,8  11,7   13:13   2,4   07:34  11,5   0,0   0,0   0,0   0,0   00:00   ---
25   9,2  12,7   12:17   6,0   18:41   9,1   0,0   0,0   0,0   0,0   00:00   ---
26   5,4   9,3   00:00   1,9   23:21  12,9   0,0   8,6   0,0   0,0   00:00   ---
27   1,8   4,3   12:29  -0,8   23:14  16,5   0,0   2,0   0,0   0,0   00:00   ---
28  -1,5   2,8   13:10  -4,9   07:32  19,8   0,0   0,0   0,0   0,0   00:00   ---
29  -1,2   2,8   14:20  -3,3   05:37  19,3   0,0   0,0   0,0   0,0   00:00   ---
30   1,0   4,0   22:45  -1,5   00:00  17,3   0,0   0,0   0,0   0,0   00:00   ---
----------------------------------------------------------------------------------
     4,4  14,6     5    -4,9    28   417,5   0,0  67,4   1,1  10,0     1     WSW

Max >=  27,0:  0
Max <=   0,0:  0
Min <=   0,0: 11
Min <= -18,0:  0
Max Rain: 13,7 on day 12
Days of Rain: 12 (>= 0,2 mm)  9 (>= 2,0 mm)  0 (>= 20,0 mm)
Heat Base: 18,3  Cool Base: 18,3  Method: Integration