NOAA-Style Climate Reports

Select a Year or Month report
2019: Sty Lut Mar Kwi Maj Cze Lip Sie Wrz Paź Lis Gru
2018: Sty Lut Mar Kwi Maj Cze Lip Sie Wrz Paź Lis Gru
2017: Sty Lut Mar Kwi Maj Cze Lip Sie Wrz Paź Lis Gru

Report for 2017 Październik
                   Monthly Climatological Summary for paŸ 2017

Name: Meteo Bielsko   City: Bielsko-Biala   State: Stare Bielsko
Elevation: 184 m  Lat: N 49° 45' 49"   Lon: E 022° 34' 57"

                  Temperature (°C), Rain (mm), Wind Speed (km/h)

                                      Heat  Cool        Avg
    Mean                              Deg   Deg         Wind                 Dom
Day Temp  High   Time   Low    Time   Days  Days  Rain  Speed High   Time    Dir
----------------------------------------------------------------------------------
 6  10,1  14,5   13:05   8,0   20:57   3,4   0,0   1,0   1,6  12,0   21:56    SW
 7   9,5  14,4   13:11   5,5   23:51   8,7   0,0   1,0   1,1  13,0   13:34   WNW
 8   8,3  12,8   14:05   2,6   07:01  10,0   0,0   1,3   0,8  13,0   17:10   WSW
 9   7,8  12,1   13:56   5,0   20:33  10,5   0,0   0,0   2,9  23,0   15:48     W
10   9,2  14,9   13:14   4,9   05:33   9,1   0,0   0,0   3,7  18,0   10:32   SSW
11  12,7  16,3   14:19  10,0   00:39   5,6   0,0   0,0   4,0  17,0   05:02   SSW
12  14,8  20,1   14:09  10,2   06:42   3,7   0,2   2,0   2,7  17,0   13:36   SSW
13  11,8  14,8   11:46   8,8   23:54   6,5   0,0   0,0   4,7  24,0   12:07   WNW
14  12,3  16,8   12:31   6,5   06:22   6,0   0,0   0,0   2,8  25,0   21:58     W
15  16,3  19,8   13:31  13,6   23:44   2,2   0,2   0,0   3,0  21,0   13:37     W
16  15,4  22,7   14:11   9,8   07:37   3,7   0,8   0,0   2,2  20,0   19:10   SSW
17  13,8  22,4   14:55   8,0   07:33   5,2   0,7   0,0   1,1  12,0   11:21    SW
18  13,0  23,5   14:24   5,6   07:04   6,2   0,9   0,0   1,1  13,0   10:28     S
19  12,1  21,0   13:53   6,5   06:52   6,6   0,4   0,0   0,9  18,0   11:23     W
20  11,3  14,9   14:24   7,7   00:24   6,6   0,0   0,0   0,5  10,0   22:44   ENE
21  11,0  13,9   15:59   8,3   06:21   7,3   0,0   0,0   0,9  10,0   22:19    SW
22  11,7  15,0   13:47   9,8   03:03   6,6   0,0   1,0   1,0  10,0   15:26    NE
23   9,2  10,9   00:00   6,5   23:46   9,1   0,0  15,7   1,3  10,0   23:34   NNE
24   5,2   6,6   00:00   4,4   08:18  13,1   0,0   0,0   2,2  12,0   02:05     N
25   8,4  12,3   14:57   5,0   01:15   9,9   0,0   0,0   1,2  16,0   21:30   SSE
26  11,9  15,0   11:53  10,1   05:35   6,4   0,0   1,0   4,4  20,0   04:17    SW
27  10,0  11,5   14:01   8,3   23:00   8,3   0,0  11,7   3,1  17,0   00:18   WSW
28   7,7   9,3   13:11   5,6   07:44  10,6   0,0  13,0   4,3  16,0   01:38   WSW
29   6,3   8,1   12:53   4,3   22:36  12,5   0,0  36,8   8,0  29,0   09:06    SW
30   4,1   6,4   10:37   1,9   23:58  14,2   0,0   0,0  10,0  10,0   00:00   WSW
31   3,1   6,3   12:25   0,9   06:10  15,2   0,0   0,0  10,0  10,0   00:00   WSW
----------------------------------------------------------------------------------
    10,3  23,5    18     0,9    31   207,2   3,2  84,5   3,1  29,0    29     WSW

Max >=  27,0:  0
Max <=   0,0:  0
Min <=   0,0:  0
Min <= -18,0:  0
Max Rain: 36,8 on day 29
Days of Rain: 10 (>= 0,2 mm)  5 (>= 2,0 mm)  1 (>= 20,0 mm)
Heat Base: 18,3  Cool Base: 18,3  Method: Integration