NOAA-Style Climate Reports

Select a Year or Month report
2020: Sty Lut Mar Kwi Maj Cze Lip Sie Wrz Paź Lis Gru
2019: Sty Lut Mar Kwi Maj Cze Lip Sie Wrz Paź Lis Gru
2018: Sty Lut Mar Kwi Maj Cze Lip Sie Wrz Paź Lis Gru
2017: Sty Lut Mar Kwi Maj Cze Lip Sie Wrz Paź Lis Gru

Report for 2020 Styczeń
                   Monthly Climatological Summary for sty 2020

Name: Meteo Cholowice   City: Cholowice   State: Cholowice
Elevation: 184 m  Lat: N 49° 45' 49"   Lon: E 022° 34' 57"

                  Temperature (°C), Rain (mm), Wind Speed (km/h)

                                      Heat  Cool        Avg
    Mean                              Deg   Deg         Wind                 Dom
Day Temp  High   Time   Low    Time   Days  Days  Rain  Speed High   Time    Dir
----------------------------------------------------------------------------------
 1   2,0   3,9   00:00  -1,2   22:25  15,7   0,0   0,0   3,8  22,0   01:57     N
 2   1,1   6,3   13:42  -3,1   23:48  16,6   0,0   0,0   1,2  13,0   04:46     N
 3  -1,8   3,8   12:30  -4,9   07:31  19,6   0,0   0,0   0,0  13,0   13:32     N
 4   1,1   2,7   12:42  -1,7   00:01  16,8   0,0   0,0  ----  24,0   05:43   NNE
 5   0,6   1,8   13:23  -1,4   20:17  17,3   0,0   0,0  ----  23,0   10:06     N
 6  -1,3   1,7   12:01  -4,8   03:49  19,0   0,0   0,0  ----   7,0   11:50    NE
 7  -3,5   1,7   13:09  -7,7   07:24  21,2   0,0   0,0  ----   8,0   13:22     E
 8   0,5   3,4   13:18  -1,4   17:30  17,3   0,0   0,0  ----  15,0   12:27    NE
 9   1,7   2,8   13:01   0,5   01:07  16,2   0,0   0,0  ----  20,0   01:59   NNE
10   4,2   7,1   13:24   2,2   05:25  13,7   0,0   0,0  ----  21,0   14:08   NNE
11   4,7   6,0   10:19   3,3   23:57  13,3   0,0   0,0  ----  23,0   16:17     N
12   3,6   6,5   12:12   2,5   06:15  14,3   0,0   0,0  ----  18,0   21:58    NE
13   2,0   5,0   12:15  -2,0   23:53  15,8   0,0   0,0  ----  21,0   10:27   NNE
14   1,2   5,5   12:06  -2,7   01:49  16,6   0,0   0,0  ----  17,0   12:27   ENE
15   5,1   9,2   12:43   1,0   02:33  12,8   0,0   0,0  ----  22,0   11:45   ENE
16   3,8   8,1   11:49  -1,9   23:42  14,1   0,0   0,0  ----  18,0   04:23   NNE
17   1,0   5,4   12:50  -2,9   01:30  16,8   0,0   0,0  ----  10,0   12:41   ESE
18   0,1   3,5   13:38  -3,1   06:29  17,7   0,0   0,0  ----   9,0   17:57    SE
19  -0,1   1,0   12:13  -0,9   03:39  17,7   0,0   0,0  ----   6,0   16:30     N
20   1,3   2,6   14:09   0,2   00:00  16,5   0,0   0,0  ----  12,0   15:20     N
21   2,2   5,4   12:57   0,4   22:08  15,6   0,0   0,0  ----  21,0   21:07     N
22   1,2   3,5   11:35  -0,8   06:05  16,7   0,0   0,0  ----  30,0   06:42     N
23   0,9   3,1   11:56  -4,1   23:44  17,0   0,0   0,0  ----  17,0   11:13     N
24   0,5   5,4   13:45  -5,0   01:44  17,3   0,0   0,0  ----  21,0   13:14    NE
25  -0,8   4,4   12:47  -4,2   23:39  18,6   0,0   0,0  ----  17,0   14:21     N
26  -2,3   3,6   13:29  -5,6   07:09  20,1   0,0   0,0  ----   7,0   12:18   ENE
27  -1,2   6,0   13:41  -5,5   04:46  19,0   0,0   0,0  ----   4,0   12:33    SE
28   1,0   5,1   11:42  -5,1   06:58  16,8   0,0   0,0  ----  21,0   11:12     E
----------------------------------------------------------------------------------
     1,0   9,2    15    -7,7     7   470,1   0,0   0,0   2,4  30,0    22       N

Max >=  27,0:  0
Max <=   0,0:  0
Min <=   0,0: 21
Min <= -18,0:  0
Max Rain: 0,0 on day 0
Days of Rain: 0 (>= 0,2 mm)  0 (>= 2,0 mm)  0 (>= 20,0 mm)
Heat Base: 18,3  Cool Base: 18,3  Method: Integration