NOAA-Style Climate Reports

Select a Year or Month report
2019: Sty Lut Mar Kwi Maj Cze Lip Sie Wrz Paź Lis Gru
2018: Sty Lut Mar Kwi Maj Cze Lip Sie Wrz Paź Lis Gru
2017: Sty Lut Mar Kwi Maj Cze Lip Sie Wrz Paź Lis Gru

Report for 2019 Luty
                   Monthly Climatological Summary for lut 2019

Name: Meteo Cholowice   City: Cholowice   State: Cholowice
Elevation: 184 m  Lat: N 49° 45' 49"   Lon: E 022° 34' 57"

                  Temperature (°C), Rain (mm), Wind Speed (km/h)

                                      Heat  Cool        Avg
    Mean                              Deg   Deg         Wind                 Dom
Day Temp  High   Time   Low    Time   Days  Days  Rain  Speed High   Time    Dir
----------------------------------------------------------------------------------
 1   0,5   5,3   13:18  -3,5   07:31  17,8   0,0   0,0   2,1  20,0   11:48   ESE
 2   5,6  10,4   12:34   0,1   01:30  12,7   0,0   0,0   4,0  30,0   22:49   ESE
 3   3,9   9,8   14:52   0,4   21:36  14,4   0,0   0,0   1,3  12,0   00:43     E
 4   1,6   3,3   04:01  -0,5   02:04  16,6   0,0   0,0   5,1  27,0   05:00     N
 5   0,0   3,5   14:21  -4,9   22:18  18,3   0,0   0,0   0,5   6,0   15:47    NE
 6  -0,3   4,6   12:28  -5,2   00:57  18,6   0,0   0,0   1,3   9,0   12:30     N
 7  -1,5   8,0   13:11  -7,0   06:55  19,8   0,0   0,0   1,6  14,0   12:41    SE
 8  -1,1   6,8   12:35  -7,2   06:39  19,4   0,0   0,0   1,5  11,0   14:45    NE
 9   0,6   5,8   11:41  -5,9   04:57  17,7   0,0   0,0   4,7  24,0   11:52   ENE
10   4,0   8,4   12:23   1,0   01:20  14,3   0,0   0,0   6,0  23,0   22:44     E
11   4,2   6,4   13:14   3,0   20:25  14,1   0,0   5,1   4,8  25,0   18:09   NNE
12   1,4   3,2   00:00  -0,2   17:04  16,9   0,0   0,0   8,8  27,0   11:41     N
13   1,9   4,6   23:26  -0,5   06:35  16,4   0,0   0,0   7,7  21,0   00:38     N
----------------------------------------------------------------------------------
     1,6  10,4     2    -7,2     8   217,0   0,0   5,1   3,8  30,0     2      NE

Max >=  27,0:  0
Max <=   0,0:  0
Min <=   0,0:  9
Min <= -18,0:  0
Max Rain: 5,1 on day 11
Days of Rain: 1 (>= 0,2 mm)  1 (>= 2,0 mm)  0 (>= 20,0 mm)
Heat Base: 18,3  Cool Base: 18,3  Method: Integration