NOAA-Style Climate Reports

Select a Year or Month report
2020: Sty Lut Mar Kwi Maj Cze Lip Sie Wrz Paź Lis Gru
2019: Sty Lut Mar Kwi Maj Cze Lip Sie Wrz Paź Lis Gru
2018: Sty Lut Mar Kwi Maj Cze Lip Sie Wrz Paź Lis Gru
2017: Sty Lut Mar Kwi Maj Cze Lip Sie Wrz Paź Lis Gru

Report for 2020 Październik
                   Monthly Climatological Summary for paŸ 2020

Name: Meteo Cholowice   City: Cholowice   State: Cholowice
Elevation: 184 m  Lat: N 49° 45' 49"   Lon: E 022° 34' 57"

                  Temperature (°C), Rain (mm), Wind Speed (km/h)

                                      Heat  Cool        Avg
    Mean                              Deg   Deg         Wind                 Dom
Day Temp  High   Time   Low    Time   Days  Days  Rain  Speed High   Time    Dir
----------------------------------------------------------------------------------
 1  13,0  14,4   12:22  12,4   23:28   5,1   0,0   0,0   0,3   7,0   05:38     N
 2  13,1  16,7   14:26  10,6   21:23   5,0   0,0   0,0   0,1   7,0   17:08     E
 3  15,6  22,5   14:37   9,6   06:12   3,4   0,8   0,0   0,3  10,0   12:38     E
 4  13,5  14,4   00:00  12,3   06:19   1,6   0,0   0,0   0,0   5,0   07:53    SE
 5  19,9  23,6   20:26   0,0   08:42   0,5   1,5   0,0   0,4   9,0   14:54     E
 6  14,8  25,3   12:11   8,7   23:47   3,7   0,2   0,0   0,0  10,0   14:16   ENE
 7  12,8  17,0   09:52   6,9   06:32   5,1   0,0   0,0  ----  12,0   10:41    NE
 8  12,5  22,4   12:23   8,0   23:50   4,9   0,0   0,0  ----  17,0   13:07     N
 9  12,0  18,2   12:23   8,1   00:00   6,1   0,0   0,0  ----   6,0   04:09     N
10  12,2  18,2   13:58   8,6   06:46   6,0   0,0   0,0  ----   5,0   13:04   NNE
11  11,5  12,9   05:28  10,6   18:48   6,6   0,0   0,0  ----  13,0   06:53     N
12  11,8  14,4   15:10   8,8   23:54   5,9   0,0   0,0  ----  14,0   23:51    NE
13   8,9   9,9   14:29   7,6   06:19   9,2   0,0   0,0  ----  10,0   03:57     N
14   7,8   9,8   14:14   4,1   07:05  10,2   0,0   0,0  ----  23,0   12:24   ESE
15  10,2  16,5   12:14   7,4   00:10   7,8   0,0   0,0  ----  18,0   02:43    NE
16   8,7   9,1   17:20   8,1   07:05   9,4   0,0   0,0  ----   6,0   14:11    NE
17   9,1  12,4   12:24   7,3   20:42   9,0   0,0   0,0  ----  12,0   17:31   NNE
18   8,3  11,3   12:00   6,5   06:54   9,7   0,0   0,0  ----  14,0   20:52     N
19   8,4  13,5   11:44   7,1   22:27   9,7   0,0   0,0  ----  10,0   12:00   NNE
20   7,4  14,7   12:04   2,3   06:51  10,7   0,0   0,0  ----  10,0   12:25     E
21  11,1  14,2   12:20   3,2   00:00   7,0   0,0   0,0  ----  21,0   07:25   ENE
----------------------------------------------------------------------------------
    11,6  25,3     6     0,0     5   136,6   2,5   0,0   0,2  23,0    14     ENE

Max >=  27,0:  0
Max <=   0,0:  0
Min <=   0,0:  1
Min <= -18,0:  0
Max Rain: 0,0 on day 0
Days of Rain: 0 (>= 0,2 mm)  0 (>= 2,0 mm)  0 (>= 20,0 mm)
Heat Base: 18,3  Cool Base: 18,3  Method: Integration