NOAA-Style Climate Reports

Select a Year or Month report
2019: Sty Lut Mar Kwi Maj Cze Lip Sie Wrz Paź Lis Gru
2018: Sty Lut Mar Kwi Maj Cze Lip Sie Wrz Paź Lis Gru
2017: Sty Lut Mar Kwi Maj Cze Lip Sie Wrz Paź Lis Gru

Report for 2019 Czerwiec
                   Monthly Climatological Summary for cze 2019

Name: Meteo Cholowice   City: Cholowice   State: Cholowice
Elevation: 184 m  Lat: N 49° 45' 49"   Lon: E 022° 34' 57"

                  Temperature (°C), Rain (mm), Wind Speed (km/h)

                                      Heat  Cool        Avg
    Mean                              Deg   Deg         Wind                 Dom
Day Temp  High   Time   Low    Time   Days  Days  Rain  Speed High   Time    Dir
----------------------------------------------------------------------------------
 1  19,6  28,3   11:02  10,2   04:49   2,5   3,8   0,0   0,0   2,0   11:01     N
 2  21,4  31,2   14:13  13,1   04:05   1,6   4,7   0,0   0,7   9,0   15:11   NNE
 3  22,0  31,5   13:42  12,5   02:55   1,6   5,3   0,0   1,1  10,0   10:10     N
 4  21,7  30,0   15:59  13,6   04:07   1,2   4,6   0,0   1,7  13,0   09:51   ENE
 5  21,3  29,2   14:08  13,6   04:37   1,1   4,0   0,0   2,5  26,0   16:08     E
 6  21,4  29,8   12:08  13,2   04:57   1,2   4,3   0,0   1,3  14,0   15:34    NE
 7  21,5  30,5   11:03  14,7   05:13   0,8   4,1   0,0   0,8  14,0   16:11   ENE
 8  24,3  33,1   15:38  16,4   05:31   0,4   6,4   0,0   0,1  14,0   22:02   NNE
 9  21,4  27,8   13:25  17,1   23:54   0,1   3,1   0,0   0,0   1,0   09:08     N
10  24,7  33,7   14:50  16,3   04:03   0,5   6,9   0,0   2,1  15,0   11:34   ENE
11  25,3  35,1   14:06  16,4   04:25   0,3   7,2   0,0   1,4  14,0   15:02    NE
12  24,0  35,0   12:57  15,0   04:32   0,6   6,2   0,0   1,2  18,0   13:58    NE
13  25,1  34,6   13:48  14,9   04:15   0,7   7,5   0,0   1,4  13,0   16:31     E
14  25,5  34,6   12:33  16,1   04:29   0,3   7,5   0,0   0,8  10,0   10:02   NNE
15  26,1  35,0   12:50  16,6   04:26   0,2   8,0   0,0   1,2  10,0   15:36    NE
16  26,0  33,8   13:33  17,0   04:30   0,1   6,8   0,0   1,6  27,0   20:32     N
17  20,9  25,0   14:42   0,0   09:07   0,0   1,6   0,0   1,5  13,0   15:40     N
18  21,5  27,6   14:25  16,9   03:15   0,3   3,5   0,0   1,1  13,0   13:20    NE
19  22,0  30,8   10:13  16,1   04:15   0,3   4,0   0,0   0,3  14,0   11:54   NNE
20  24,6  33,5   15:16  17,3   04:50   0,1   6,4   0,0   1,0  12,0   11:07    NE
21  22,7  31,2   12:28  18,2   23:49   0,0   4,4   0,0   0,5  17,0   19:59     N
22  21,6  26,7   10:19  17,3   04:35   0,1   3,4   0,0   0,6  10,0   10:42     N
23  23,0  30,3   13:48  18,1   02:10   0,0   4,7   0,0   1,0   9,0   11:15   NNE
24  21,1  24,4   19:31  17,2   23:40   0,0   2,9   0,0   0,2   8,0   07:09   NNE
25  24,6  32,9   15:16  17,1   04:30   0,2   6,5   0,0   1,4  11,0   15:34   ENE
----------------------------------------------------------------------------------
    22,9  35,1    11     0,0    17    14,2 127,8   0,0   1,0  27,0    16      NE

Max >=  27,0: 22
Max <=   0,0:  0
Min <=   0,0:  1
Min <= -18,0:  0
Max Rain: 0,0 on day 0
Days of Rain: 0 (>= 0,2 mm)  0 (>= 2,0 mm)  0 (>= 20,0 mm)
Heat Base: 18,3  Cool Base: 18,3  Method: Integration